{"id":172,"date":"2024-10-23T15:52:31","date_gmt":"2024-10-23T13:52:31","guid":{"rendered":"https:\/\/o-seznam.cz\/napoveda\/prohlizece\/?page_id=172"},"modified":"2024-11-25T16:01:20","modified_gmt":"2024-11-25T15:01:20","slug":"anonymni-prohlizeni","status":"publish","type":"page","link":"https:\/\/o-seznam.cz\/napoveda\/prohlizece\/seznam-prohlizec\/anonymni-prohlizeni\/","title":{"rendered":"Anonymn\u00ed proch\u00e1zen\u00ed"},"content":{"rendered":"\n<div class=\"wp-block-group is-layout-constrained wp-block-group-is-layout-constrained\">\n<p>Funkce anonymn\u00edho prohl\u00ed\u017een\u00ed je v aplikaci Seznam.cz nazv\u00e1na &#8222;<strong>Anonymn\u00ed okno<\/strong>&#8220; a aktivujete ji n\u00e1sleduj\u00edc\u00edm postupem.<\/p>\n\n\n<div class=\"mediaText is-position-left is-orientation-landscape\">\n\t\n\t<div class=\"mediaText__media\">\n\t\t<img loading=\"lazy\" decoding=\"async\" width=\"405\" height=\"384\" src=\"https:\/\/o-seznam.cz\/napoveda\/prohlizece\/wp-content\/uploads\/sites\/17\/2024\/10\/seznam-anonym1.png\" class=\"border border-neutral-20 border-solid\" alt=\"\" srcset=\"https:\/\/o-seznam.cz\/napoveda\/prohlizece\/wp-content\/uploads\/sites\/17\/2024\/10\/seznam-anonym1.png 405w, https:\/\/o-seznam.cz\/napoveda\/prohlizece\/wp-content\/uploads\/sites\/17\/2024\/10\/seznam-anonym1-320x303.png 320w\" sizes=\"auto, (max-width: 405px) 100vw, 405px\" \/>\t<\/div>\n\n\t<div class=\"mediaText__content is-layout-flow\">\n\n<div class=\"wp-block-group is-layout-constrained wp-container-core-group-is-layout-beff7c7e wp-block-group-is-layout-constrained\">\n<ol class=\"wp-block-list is-style-circle\">\n<li>Spus\u0165te prohl\u00ed\u017ee\u010d, v prav\u00e9 horn\u00ed \u010d\u00e1sti obrazovky klikn\u011bte na tla\u010d\u00edtko <strong>Nab\u00eddka&nbsp;<\/strong><img loading=\"lazy\" decoding=\"async\" width=\"15\" height=\"15\" class=\"inline-image wp-image-405\" src=\"https:\/\/o-seznam.cz\/napoveda\/prohlizece\/wp-content\/uploads\/sites\/17\/2024\/10\/seznam-nastaveni.png\" alt=\"\"> a vyberte mo\u017enost &#8222;<strong>Nov\u00e9 anonymn\u00ed okno<\/strong>&#8222;.<\/li>\n<\/ol>\n<\/div>\n\n<\/div>\t\n<\/div>\n\n\n<div class=\"mediaText is-position-right is-orientation-landscape\">\n\t\n\t<div class=\"mediaText__media\">\n\t\t<img loading=\"lazy\" decoding=\"async\" width=\"700\" height=\"383\" src=\"https:\/\/o-seznam.cz\/napoveda\/prohlizece\/wp-content\/uploads\/sites\/17\/2024\/10\/seznam-anonym2.png\" class=\"border border-neutral-20 border-solid\" alt=\"\" srcset=\"https:\/\/o-seznam.cz\/napoveda\/prohlizece\/wp-content\/uploads\/sites\/17\/2024\/10\/seznam-anonym2.png 700w, https:\/\/o-seznam.cz\/napoveda\/prohlizece\/wp-content\/uploads\/sites\/17\/2024\/10\/seznam-anonym2-320x175.png 320w\" sizes=\"auto, (max-width: 700px) 100vw, 700px\" \/>\t<\/div>\n\n\t<div class=\"mediaText__content is-layout-flow\">\n\n<div class=\"wp-block-group is-layout-constrained wp-container-core-group-is-layout-beff7c7e wp-block-group-is-layout-constrained\">\n<ol start=\"2\" class=\"wp-block-list is-style-circle\">\n<li>Otev\u0159e se nov\u00e9 okno prohl\u00ed\u017ee\u010de ji\u017e v anonymn\u00edm re\u017eimu.<\/li>\n\n\n\n<li>Anonymn\u00ed okno je v\u017edy ozna\u010deno tmavou barvou cel\u00e9ho okna prohl\u00ed\u017ee\u010de.&nbsp;<\/li>\n\n\n\n<li>Re\u017eim Anonymn\u00edho okna ukon\u010d\u00edte zav\u0159en\u00edm tohoto okna prohl\u00ed\u017ee\u010de.<\/li>\n<\/ol>\n<\/div>\n\n<\/div>\t\n<\/div>\n\n\n\n<p>V anonymn\u00edm re\u017eimu je mo\u017en\u00e9 m\u00edt spu\u0161t\u011bno i v\u00edce oken prohl\u00ed\u017ee\u010de, nicm\u00e9n\u011b v jednu chv\u00edli m\u016f\u017eete b\u00fdt p\u0159ihl\u00e1\u0161en\u00ed v anonymn\u00edm re\u017eimu pouze k jednomu \u00fa\u010dtu na Seznamu a ke druh\u00e9mu \u00fa\u010dtu v b\u011b\u017en\u00e9m okn\u011b prohl\u00ed\u017ee\u010de..<br><em>Ukon\u010den\u00edm anonymn\u00edho re\u017eimu prohl\u00ed\u017een\u00ed se ve\u0161ker\u00e9 do\u010dasn\u011b zapamatovan\u00e9 informace o p\u0159ihl\u00e1\u0161en\u00ed odstran\u00ed. Z tohoto d\u016fvodu nen\u00ed mo\u017en\u00e9 vyu\u017e\u00edt p\u0159i anonymn\u00edm prohl\u00ed\u017een\u00ed nap\u0159. funkci trval\u00e9ho p\u0159ihl\u00e1\u0161en\u00ed ke schr\u00e1nce!<\/em><\/p>\n<\/div>\n","protected":false},"excerpt":{"rendered":"<p>Funkce anonymn\u00edho prohl\u00ed\u017een\u00ed je v aplikaci Seznam.cz nazv\u00e1na &#8222;Anonymn\u00ed okno&#8220; a aktivujete ji n\u00e1sleduj\u00edc\u00edm postupem. V anonymn\u00edm re\u017eimu je mo\u017en\u00e9 m\u00edt spu\u0161t\u011bno i v\u00edce oken prohl\u00ed\u017ee\u010de, nicm\u00e9n\u011b v jednu chv\u00edli m\u016f\u017eete b\u00fdt p\u0159ihl\u00e1\u0161en\u00ed v anonymn\u00edm re\u017eimu pouze k jednomu \u00fa\u010dtu na Seznamu a ke druh\u00e9mu \u00fa\u010dtu v b\u011b\u017en\u00e9m okn\u011b prohl\u00ed\u017ee\u010de..Ukon\u010den\u00edm anonymn\u00edho re\u017eimu prohl\u00ed\u017een\u00ed se ve\u0161ker\u00e9 [&hellip;]<\/p>\n","protected":false},"author":12,"featured_media":0,"parent":113,"menu_order":0,"comment_status":"closed","ping_status":"closed","template":"page-sidemenu","meta":{"_acf_changed":false,"_relevanssi_hide_post":"","_relevanssi_hide_content":"","_relevanssi_pin_for_all":"","_relevanssi_pin_keywords":"","_relevanssi_unpin_keywords":"","_relevanssi_related_keywords":"","_relevanssi_related_include_ids":"","_relevanssi_related_exclude_ids":"","_relevanssi_related_no_append":"","_relevanssi_related_not_related":"","_relevanssi_related_posts":"","_relevanssi_noindex_reason":"","footnotes":""},"page_category":[24],"page_tag":[],"service_status_category":[],"class_list":["post-172","page","type-page","status-publish","hentry"],"acf":[],"_links":{"self":[{"href":"https:\/\/o-seznam.cz\/napoveda\/prohlizece\/wp-json\/wp\/v2\/pages\/172","targetHints":{"allow":["GET"]}}],"collection":[{"href":"https:\/\/o-seznam.cz\/napoveda\/prohlizece\/wp-json\/wp\/v2\/pages"}],"about":[{"href":"https:\/\/o-seznam.cz\/napoveda\/prohlizece\/wp-json\/wp\/v2\/types\/page"}],"author":[{"embeddable":true,"href":"https:\/\/o-seznam.cz\/napoveda\/prohlizece\/wp-json\/wp\/v2\/users\/12"}],"replies":[{"embeddable":true,"href":"https:\/\/o-seznam.cz\/napoveda\/prohlizece\/wp-json\/wp\/v2\/comments?post=172"}],"version-history":[{"count":7,"href":"https:\/\/o-seznam.cz\/napoveda\/prohlizece\/wp-json\/wp\/v2\/pages\/172\/revisions"}],"predecessor-version":[{"id":981,"href":"https:\/\/o-seznam.cz\/napoveda\/prohlizece\/wp-json\/wp\/v2\/pages\/172\/revisions\/981"}],"up":[{"embeddable":true,"href":"https:\/\/o-seznam.cz\/napoveda\/prohlizece\/wp-json\/wp\/v2\/pages\/113"}],"wp:attachment":[{"href":"https:\/\/o-seznam.cz\/napoveda\/prohlizece\/wp-json\/wp\/v2\/media?parent=172"}],"wp:term":[{"taxonomy":"page_category","embeddable":true,"href":"https:\/\/o-seznam.cz\/napoveda\/prohlizece\/wp-json\/wp\/v2\/page_category?post=172"},{"taxonomy":"page_tag","embeddable":true,"href":"https:\/\/o-seznam.cz\/napoveda\/prohlizece\/wp-json\/wp\/v2\/page_tag?post=172"},{"taxonomy":"service_status_category","embeddable":true,"href":"https:\/\/o-seznam.cz\/napoveda\/prohlizece\/wp-json\/wp\/v2\/service_status_category?post=172"}],"curies":[{"name":"wp","href":"https:\/\/api.w.org\/{rel}","templated":true}]}}

Anonymní procházení

<div class="wp-block-group is-layout-constrained wp-block-group-is-layout-constrained">
<p>Funkce anonymního prohlížení je v aplikaci Seznam.cz nazvána &#8222;<strong>Anonymní okno</strong>&#8220; a aktivujete ji následujícím postupem.</p>


<div class="mediaText is-position-left is-orientation-landscape">
	
	<div class="mediaText__media">
		<img loading="lazy" decoding="async" width="405" height="384" src="https://o-seznam.cz/napoveda/prohlizece/wp-content/uploads/sites/17/2024/10/seznam-anonym1.png" class="border border-neutral-20 border-solid" alt="" srcset="https://o-seznam.cz/napoveda/prohlizece/wp-content/uploads/sites/17/2024/10/seznam-anonym1.png 405w, https://o-seznam.cz/napoveda/prohlizece/wp-content/uploads/sites/17/2024/10/seznam-anonym1-320x303.png 320w" sizes="auto, (max-width: 405px) 100vw, 405px" />	</div>

	<div class="mediaText__content is-layout-flow">

<div class="wp-block-group is-layout-constrained wp-container-core-group-is-layout-beff7c7e wp-block-group-is-layout-constrained">
<ol class="wp-block-list is-style-circle">
<li>Spusťte prohlížeč, v pravé horní části obrazovky klikněte na tlačítko <strong>Nabídka&nbsp;</strong><img loading="lazy" decoding="async" width="15" height="15" class="inline-image wp-image-405" src="https://o-seznam.cz/napoveda/prohlizece/wp-content/uploads/sites/17/2024/10/seznam-nastaveni.png" alt=""> a vyberte možnost &#8222;<strong>Nové anonymní okno</strong>&#8222;.</li>
</ol>
</div>

</div>	
</div>


<div class="mediaText is-position-right is-orientation-landscape">
	
	<div class="mediaText__media">
		<img loading="lazy" decoding="async" width="700" height="383" src="https://o-seznam.cz/napoveda/prohlizece/wp-content/uploads/sites/17/2024/10/seznam-anonym2.png" class="border border-neutral-20 border-solid" alt="" srcset="https://o-seznam.cz/napoveda/prohlizece/wp-content/uploads/sites/17/2024/10/seznam-anonym2.png 700w, https://o-seznam.cz/napoveda/prohlizece/wp-content/uploads/sites/17/2024/10/seznam-anonym2-320x175.png 320w" sizes="auto, (max-width: 700px) 100vw, 700px" />	</div>

	<div class="mediaText__content is-layout-flow">

<div class="wp-block-group is-layout-constrained wp-container-core-group-is-layout-beff7c7e wp-block-group-is-layout-constrained">
<ol start="2" class="wp-block-list is-style-circle">
<li>Otevře se nové okno prohlížeče již v anonymním režimu.</li>



<li>Anonymní okno je vždy označeno tmavou barvou celého okna prohlížeče.&nbsp;</li>



<li>Režim Anonymního okna ukončíte zavřením tohoto okna prohlížeče.</li>
</ol>
</div>

</div>	
</div>



<p>V anonymním režimu je možné mít spuštěno i více oken prohlížeče, nicméně v jednu chvíli můžete být přihlášení v anonymním režimu pouze k jednomu účtu na Seznamu a ke druhému účtu v běžném okně prohlížeče..<br><em>Ukončením anonymního režimu prohlížení se veškeré dočasně zapamatované informace o přihlášení odstraní. Z tohoto důvodu není možné využít při anonymním prohlížení např. funkci trvalého přihlášení ke schránce!</em></p>
</div>

<p>Funkce anonymního prohlížení je v aplikaci Seznam.cz nazvána &#8222;Anonymní okno&#8220; a aktivujete ji následujícím postupem. V anonymním režimu je možné mít spuštěno i více oken prohlížeče, nicméně v jednu chvíli můžete být přihlášení v anonymním režimu pouze k jednomu účtu na Seznamu a ke druhému účtu v běžném okně prohlížeče..Ukončením anonymního režimu prohlížení se veškeré [&hellip;]</p>
