{"id":159,"date":"2024-10-23T15:18:37","date_gmt":"2024-10-23T13:18:37","guid":{"rendered":"https:\/\/o-seznam.cz\/napoveda\/prohlizece\/?page_id=159"},"modified":"2025-08-15T15:12:22","modified_gmt":"2025-08-15T13:12:22","slug":"jak-zobrazit-heslo","status":"publish","type":"page","link":"https:\/\/o-seznam.cz\/napoveda\/prohlizece\/safari-pro-macos\/jak-zobrazit-heslo\/","title":{"rendered":"Jak zobrazit heslo"},"content":{"rendered":"\n<div class=\"wp-block-group is-layout-constrained wp-block-group-is-layout-constrained\">\n<p>P\u0159i p\u0159ihla\u0161ov\u00e1n\u00ed na str\u00e1nky slu\u017eeb, zabezpe\u010den\u00fdch heslem, je mo\u017en\u00e9 si jm\u00e9no a heslo ulo\u017eit do prohl\u00ed\u017ee\u010de. Ulo\u017een\u00e1 hesla si m\u016f\u017eete v prohl\u00ed\u017ee\u010di Apple Safari zobrazit pomoc\u00ed n\u00e1sleduj\u00edc\u00edho postupu:<\/p>\n\n\n\n<ul class=\"wp-block-list\">\n<li>V lev\u00e9 horn\u00ed nab\u00eddce klikn\u011bte na <strong>Safari<\/strong> a v menu vyberte <strong>P\u0159edvolby<\/strong>.<\/li>\n\n\n\n<li>V \u010d\u00e1sti <strong>Hesla<\/strong> zatrhn\u011bte v lev\u00e9m doln\u00edm rohu &#8222;<strong>Zobrazit hesla k vybran\u00fdm webov\u00fdm str\u00e1nk\u00e1m<\/strong>&#8222;.<\/li>\n\n\n\n<li>N\u00e1sledn\u011b m\u016f\u017eete b\u00fdt po\u017e\u00e1d\u00e1ni o zad\u00e1n\u00ed hesla k va\u0161emu u\u017eivatelsk\u00e9mu \u00fa\u010dtu MacOS. Pokud ano, zadejte jej a potvr\u010fte. Pot\u00e9 dojde k zobrazen\u00ed ulo\u017een\u00e9ho hesla v ozna\u010den\u00e9m \u0159\u00e1dku seznamu.<\/li>\n<\/ul>\n\n\n\n<div class=\"accordion\">\n\t<div class=\"accordion__items\">\n\n<details class=\"expander is-style-default\">\n\t<summary data-datalayer-name=\"\" data-datalayer-text=\"Je n\u00e1vod p\u0159\u00edli\u0161 stru\u010dn\u00fd? Zobrazte si podrobnou obr\u00e1zkovou n\u00e1pov\u011bdu.\">\n\t\t\t\t<strong>Je n\u00e1vod p\u0159\u00edli\u0161 stru\u010dn\u00fd? Zobrazte si podrobnou obr\u00e1zkovou n\u00e1pov\u011bdu.<\/strong>\n\t\t\t<\/summary>\n\t<div class=\"inner-blocks\">\n\n<p>V lev\u00e9 horn\u00ed \u010d\u00e1sti okna klikn\u011bte na volbu &#8222;<strong>Safari<\/strong>&#8220;\u00a0a v menu klikn\u011bte na polo\u017eku &#8222;<strong>P\u0159edvolby<\/strong>&#8222;.<\/p>\n\n\n\n<figure class=\"wp-block-image size-full\"><img loading=\"lazy\" decoding=\"async\" width=\"862\" height=\"865\" src=\"https:\/\/o-seznam.cz\/napoveda\/prohlizece\/wp-content\/uploads\/sites\/17\/2025\/08\/zobrazit-heslo-01.png\" alt=\"\" class=\"wp-image-1329\" srcset=\"https:\/\/o-seznam.cz\/napoveda\/prohlizece\/wp-content\/uploads\/sites\/17\/2025\/08\/zobrazit-heslo-01.png 862w, https:\/\/o-seznam.cz\/napoveda\/prohlizece\/wp-content\/uploads\/sites\/17\/2025\/08\/zobrazit-heslo-01-320x320.png 320w, https:\/\/o-seznam.cz\/napoveda\/prohlizece\/wp-content\/uploads\/sites\/17\/2025\/08\/zobrazit-heslo-01-768x771.png 768w, https:\/\/o-seznam.cz\/napoveda\/prohlizece\/wp-content\/uploads\/sites\/17\/2025\/08\/zobrazit-heslo-01-256x256.png 256w\" sizes=\"auto, (max-width: 862px) 100vw, 862px\" \/><\/figure>\n\n\n\n<p>Vyberte z\u00e1lo\u017eku &#8222;<strong>Hesla<\/strong>&#8222;.\u00a0Pokud m\u00e1te na sv\u00e9m u\u017eivatelsk\u00e9m \u00fa\u010dtu v syst\u00e9mu MacOS nastaveno heslo, syst\u00e9m po\u017e\u00e1d\u00e1 o jeho zad\u00e1n\u00ed.<\/p>\n\n\n\n<figure class=\"wp-block-image size-full\"><img loading=\"lazy\" decoding=\"async\" width=\"1716\" height=\"450\" src=\"https:\/\/o-seznam.cz\/napoveda\/prohlizece\/wp-content\/uploads\/sites\/17\/2025\/08\/zobrazit-heslo-02.png\" alt=\"\" class=\"wp-image-1330\" srcset=\"https:\/\/o-seznam.cz\/napoveda\/prohlizece\/wp-content\/uploads\/sites\/17\/2025\/08\/zobrazit-heslo-02.png 1716w, https:\/\/o-seznam.cz\/napoveda\/prohlizece\/wp-content\/uploads\/sites\/17\/2025\/08\/zobrazit-heslo-02-992x260.png 992w, https:\/\/o-seznam.cz\/napoveda\/prohlizece\/wp-content\/uploads\/sites\/17\/2025\/08\/zobrazit-heslo-02-320x84.png 320w, https:\/\/o-seznam.cz\/napoveda\/prohlizece\/wp-content\/uploads\/sites\/17\/2025\/08\/zobrazit-heslo-02-768x201.png 768w, https:\/\/o-seznam.cz\/napoveda\/prohlizece\/wp-content\/uploads\/sites\/17\/2025\/08\/zobrazit-heslo-02-1536x403.png 1536w\" sizes=\"auto, (max-width: 1716px) 100vw, 1716px\" \/><\/figure>\n\n\n\n<p>Na z\u00e1lo\u017ece &#8222;<strong>Hesla<\/strong>&#8220; se nach\u00e1z\u00ed v\u0161echna v prohl\u00ed\u017ee\u010di ulo\u017een\u00e1 hesla. Nad ka\u017ed\u00e9 heslo sta\u010d\u00ed najet kurzorem my\u0161i.<\/p>\n\n\n\n<figure class=\"wp-block-image size-full\"><img loading=\"lazy\" decoding=\"async\" width=\"1778\" height=\"1042\" src=\"https:\/\/o-seznam.cz\/napoveda\/prohlizece\/wp-content\/uploads\/sites\/17\/2025\/08\/zobrazit-heslo-03.png\" alt=\"\" class=\"wp-image-1331\" srcset=\"https:\/\/o-seznam.cz\/napoveda\/prohlizece\/wp-content\/uploads\/sites\/17\/2025\/08\/zobrazit-heslo-03.png 1778w, https:\/\/o-seznam.cz\/napoveda\/prohlizece\/wp-content\/uploads\/sites\/17\/2025\/08\/zobrazit-heslo-03-992x581.png 992w, https:\/\/o-seznam.cz\/napoveda\/prohlizece\/wp-content\/uploads\/sites\/17\/2025\/08\/zobrazit-heslo-03-320x188.png 320w, https:\/\/o-seznam.cz\/napoveda\/prohlizece\/wp-content\/uploads\/sites\/17\/2025\/08\/zobrazit-heslo-03-768x450.png 768w, https:\/\/o-seznam.cz\/napoveda\/prohlizece\/wp-content\/uploads\/sites\/17\/2025\/08\/zobrazit-heslo-03-1536x900.png 1536w\" sizes=\"auto, (max-width: 1778px) 100vw, 1778px\" \/><\/figure>\n\n\n\n<p>Po najet\u00ed kurzorem my\u0161i se zobraz\u00ed p\u016fvodn\u011b skryt\u00e9 ulo\u017een\u00e9 heslo.<\/p>\n\n\n\n<figure class=\"wp-block-image size-full\"><img loading=\"lazy\" decoding=\"async\" width=\"682\" height=\"421\" src=\"https:\/\/o-seznam.cz\/napoveda\/prohlizece\/wp-content\/uploads\/sites\/17\/2025\/08\/zobrazit-heslo-04.png\" alt=\"\" class=\"wp-image-1332\" srcset=\"https:\/\/o-seznam.cz\/napoveda\/prohlizece\/wp-content\/uploads\/sites\/17\/2025\/08\/zobrazit-heslo-04.png 682w, https:\/\/o-seznam.cz\/napoveda\/prohlizece\/wp-content\/uploads\/sites\/17\/2025\/08\/zobrazit-heslo-04-320x198.png 320w\" sizes=\"auto, (max-width: 682px) 100vw, 682px\" \/><\/figure>\n\n<\/div><\/details>\n\n<\/div><\/div>\n\n<\/div>\n","protected":false},"excerpt":{"rendered":"<p>P\u0159i p\u0159ihla\u0161ov\u00e1n\u00ed na str\u00e1nky slu\u017eeb, zabezpe\u010den\u00fdch heslem, je mo\u017en\u00e9 si jm\u00e9no a heslo ulo\u017eit do prohl\u00ed\u017ee\u010de. Ulo\u017een\u00e1 hesla si m\u016f\u017eete v prohl\u00ed\u017ee\u010di Apple Safari zobrazit pomoc\u00ed n\u00e1sleduj\u00edc\u00edho postupu:<\/p>\n","protected":false},"author":12,"featured_media":0,"parent":29,"menu_order":0,"comment_status":"closed","ping_status":"closed","template":"page-sidemenu","meta":{"_acf_changed":false,"_relevanssi_hide_post":"","_relevanssi_hide_content":"","_relevanssi_pin_for_all":"","_relevanssi_pin_keywords":"","_relevanssi_unpin_keywords":"","_relevanssi_related_keywords":"","_relevanssi_related_include_ids":"","_relevanssi_related_exclude_ids":"","_relevanssi_related_no_append":"","_relevanssi_related_not_related":"","_relevanssi_related_posts":"","_relevanssi_noindex_reason":"","footnotes":""},"page_category":[25],"page_tag":[],"service_status_category":[],"class_list":["post-159","page","type-page","status-publish","hentry"],"acf":[],"_links":{"self":[{"href":"https:\/\/o-seznam.cz\/napoveda\/prohlizece\/wp-json\/wp\/v2\/pages\/159","targetHints":{"allow":["GET"]}}],"collection":[{"href":"https:\/\/o-seznam.cz\/napoveda\/prohlizece\/wp-json\/wp\/v2\/pages"}],"about":[{"href":"https:\/\/o-seznam.cz\/napoveda\/prohlizece\/wp-json\/wp\/v2\/types\/page"}],"author":[{"embeddable":true,"href":"https:\/\/o-seznam.cz\/napoveda\/prohlizece\/wp-json\/wp\/v2\/users\/12"}],"replies":[{"embeddable":true,"href":"https:\/\/o-seznam.cz\/napoveda\/prohlizece\/wp-json\/wp\/v2\/comments?post=159"}],"version-history":[{"count":5,"href":"https:\/\/o-seznam.cz\/napoveda\/prohlizece\/wp-json\/wp\/v2\/pages\/159\/revisions"}],"predecessor-version":[{"id":1333,"href":"https:\/\/o-seznam.cz\/napoveda\/prohlizece\/wp-json\/wp\/v2\/pages\/159\/revisions\/1333"}],"up":[{"embeddable":true,"href":"https:\/\/o-seznam.cz\/napoveda\/prohlizece\/wp-json\/wp\/v2\/pages\/29"}],"wp:attachment":[{"href":"https:\/\/o-seznam.cz\/napoveda\/prohlizece\/wp-json\/wp\/v2\/media?parent=159"}],"wp:term":[{"taxonomy":"page_category","embeddable":true,"href":"https:\/\/o-seznam.cz\/napoveda\/prohlizece\/wp-json\/wp\/v2\/page_category?post=159"},{"taxonomy":"page_tag","embeddable":true,"href":"https:\/\/o-seznam.cz\/napoveda\/prohlizece\/wp-json\/wp\/v2\/page_tag?post=159"},{"taxonomy":"service_status_category","embeddable":true,"href":"https:\/\/o-seznam.cz\/napoveda\/prohlizece\/wp-json\/wp\/v2\/service_status_category?post=159"}],"curies":[{"name":"wp","href":"https:\/\/api.w.org\/{rel}","templated":true}]}}