{"id":101,"date":"2024-10-23T14:13:36","date_gmt":"2024-10-23T12:13:36","guid":{"rendered":"https:\/\/o-seznam.cz\/napoveda\/prohlizece\/?page_id=101"},"modified":"2024-11-25T13:52:08","modified_gmt":"2024-11-25T12:52:08","slug":"anonymni-prohlizeni","status":"publish","type":"page","link":"https:\/\/o-seznam.cz\/napoveda\/prohlizece\/microsoft-edge\/anonymni-prohlizeni\/","title":{"rendered":"Anonymn\u00ed prohl\u00ed\u017eeni"},"content":{"rendered":"\n<p>Funkce anonymn\u00edho prohl\u00ed\u017een\u00ed je v prohl\u00ed\u017ee\u010di Microsoft Edge nazv\u00e1na &#8222;<strong>InPrivate<\/strong>&#8220; a aktivujete ji t\u00edmto zp\u016fsobem:<\/p>\n\n\n\n<div class=\"wp-block-group is-layout-constrained wp-block-group-is-layout-constrained\"><div class=\"mediaText is-position-left is-orientation-landscape\">\n\t\n\t<div class=\"mediaText__media\">\n\t\t<img loading=\"lazy\" decoding=\"async\" width=\"311\" height=\"274\" src=\"https:\/\/o-seznam.cz\/napoveda\/prohlizece\/wp-content\/uploads\/sites\/17\/2024\/10\/an-rezim-edge-1.png\" class=\"\" alt=\"\" \/>\t<\/div>\n\n\t<div class=\"mediaText__content is-layout-flow\">\n\n<ol class=\"wp-block-list is-style-circle\">\n<li>Spus\u0165te prohl\u00ed\u017ee\u010d, v prav\u00e9 horn\u00ed \u010d\u00e1sti prohl\u00ed\u017ee\u010de klikn\u011bte na ikonku <img loading=\"lazy\" decoding=\"async\" width=\"41\" height=\"28\" class=\"inline-image wp-image-241\" src=\"https:\/\/o-seznam.cz\/napoveda\/prohlizece\/wp-content\/uploads\/sites\/17\/2024\/10\/edge-menu.png\" alt=\"\"> a z menu vyberte &#8222;<strong>Nov\u00e9 okno InPrivate<\/strong>&#8222;<\/li>\n<\/ol>\n\n<\/div>\t\n<\/div>\n\n\n<div class=\"mediaText is-position-right is-orientation-landscape\">\n\t\n\t<div class=\"mediaText__media\">\n\t\t<img loading=\"lazy\" decoding=\"async\" width=\"695\" height=\"489\" src=\"https:\/\/o-seznam.cz\/napoveda\/prohlizece\/wp-content\/uploads\/sites\/17\/2024\/10\/an-rezim-edge-2png.png\" class=\"\" alt=\"\" srcset=\"https:\/\/o-seznam.cz\/napoveda\/prohlizece\/wp-content\/uploads\/sites\/17\/2024\/10\/an-rezim-edge-2png.png 695w, https:\/\/o-seznam.cz\/napoveda\/prohlizece\/wp-content\/uploads\/sites\/17\/2024\/10\/an-rezim-edge-2png-320x225.png 320w\" sizes=\"auto, (max-width: 695px) 100vw, 695px\" \/>\t<\/div>\n\n\t<div class=\"mediaText__content is-layout-flow\">\n\n<ol start=\"2\" class=\"wp-block-list is-style-circle\">\n<li>Otev\u0159e se nov\u00e9 okno prohl\u00ed\u017ee\u010de ji\u017e v anonymn\u00edm re\u017eimu a s vysv\u011btluj\u00edc\u00edmi popisky. V n\u011bm m\u016f\u017eete otev\u00edrat str\u00e1nky anonymn\u011b.<\/li>\n<\/ol>\n\n<\/div>\t\n<\/div>\n\n\n<div class=\"mediaText is-position-left is-orientation-landscape\">\n\t\n\t<div class=\"mediaText__media\">\n\t\t<img loading=\"lazy\" decoding=\"async\" width=\"240\" height=\"111\" src=\"https:\/\/o-seznam.cz\/napoveda\/prohlizece\/wp-content\/uploads\/sites\/17\/2024\/10\/an-rezim-edge-3.png\" class=\"\" alt=\"\" \/>\t<\/div>\n\n\t<div class=\"mediaText__content is-layout-flow\">\n\n<ol start=\"3\" class=\"wp-block-list is-style-circle\">\n<li>Anonymn\u00ed okno je v\u017edy ozna\u010deno v lev\u00e9m horn\u00edm rohu zna\u010dkou \u201eInPrivate\u201d<\/li>\n\n\n\n<li>Re\u017eim Anonymn\u00edho okna ukon\u010d\u00edte zav\u0159en\u00edm tohoto okna prohl\u00ed\u017ee\u010de<\/li>\n<\/ol>\n\n<\/div>\t\n<\/div>\n<\/div>\n\n\n\n<p>V anonymn\u00edm re\u017eimu je mo\u017en\u00e9 m\u00edt spu\u0161t\u011bnou pouze jedno okno prohl\u00ed\u017ee\u010de. V jednu chv\u00edli tedy m\u016f\u017eete b\u00fdt p\u0159ihl\u00e1\u0161en\u00ed v jednom prohl\u00ed\u017ee\u010di pouze ke dv\u011b r\u016fzn\u00fdm \u00fa\u010dt\u016fm na Seznamu.<br><br><em>Ukon\u010den\u00edm anonymn\u00edho re\u017eimu prohl\u00ed\u017een\u00ed se ve\u0161ker\u00e9 do\u010dasn\u011b zapamatovan\u00e9 informace o p\u0159ihl\u00e1\u0161en\u00ed odstran\u00ed. Z tohoto d\u016fvodu nen\u00ed mo\u017en\u00e9 vyu\u017e\u00edt p\u0159i anonymn\u00edm prohl\u00ed\u017een\u00ed nap\u0159. funkci trval\u00e9ho p\u0159ihl\u00e1\u0161en\u00ed ke schr\u00e1nce!<\/em><\/p>\n","protected":false},"excerpt":{"rendered":"<p>Funkce anonymn\u00edho prohl\u00ed\u017een\u00ed je v prohl\u00ed\u017ee\u010di Microsoft Edge nazv\u00e1na &#8222;InPrivate&#8220; a aktivujete ji t\u00edmto zp\u016fsobem: V anonymn\u00edm re\u017eimu je mo\u017en\u00e9 m\u00edt spu\u0161t\u011bnou pouze jedno okno prohl\u00ed\u017ee\u010de. V jednu chv\u00edli tedy m\u016f\u017eete b\u00fdt p\u0159ihl\u00e1\u0161en\u00ed v jednom prohl\u00ed\u017ee\u010di pouze ke dv\u011b r\u016fzn\u00fdm \u00fa\u010dt\u016fm na Seznamu. Ukon\u010den\u00edm anonymn\u00edho re\u017eimu prohl\u00ed\u017een\u00ed se ve\u0161ker\u00e9 do\u010dasn\u011b zapamatovan\u00e9 informace o p\u0159ihl\u00e1\u0161en\u00ed odstran\u00ed. [&hellip;]<\/p>\n","protected":false},"author":12,"featured_media":0,"parent":563,"menu_order":1,"comment_status":"closed","ping_status":"closed","template":"page-sidemenu","meta":{"_acf_changed":false,"_relevanssi_hide_post":"","_relevanssi_hide_content":"","_relevanssi_pin_for_all":"","_relevanssi_pin_keywords":"","_relevanssi_unpin_keywords":"","_relevanssi_related_keywords":"","_relevanssi_related_include_ids":"","_relevanssi_related_exclude_ids":"","_relevanssi_related_no_append":"","_relevanssi_related_not_related":"","_relevanssi_related_posts":"","_relevanssi_noindex_reason":"","footnotes":""},"page_category":[21],"page_tag":[],"service_status_category":[],"class_list":["post-101","page","type-page","status-publish","hentry"],"acf":[],"_links":{"self":[{"href":"https:\/\/o-seznam.cz\/napoveda\/prohlizece\/wp-json\/wp\/v2\/pages\/101","targetHints":{"allow":["GET"]}}],"collection":[{"href":"https:\/\/o-seznam.cz\/napoveda\/prohlizece\/wp-json\/wp\/v2\/pages"}],"about":[{"href":"https:\/\/o-seznam.cz\/napoveda\/prohlizece\/wp-json\/wp\/v2\/types\/page"}],"author":[{"embeddable":true,"href":"https:\/\/o-seznam.cz\/napoveda\/prohlizece\/wp-json\/wp\/v2\/users\/12"}],"replies":[{"embeddable":true,"href":"https:\/\/o-seznam.cz\/napoveda\/prohlizece\/wp-json\/wp\/v2\/comments?post=101"}],"version-history":[{"count":6,"href":"https:\/\/o-seznam.cz\/napoveda\/prohlizece\/wp-json\/wp\/v2\/pages\/101\/revisions"}],"predecessor-version":[{"id":936,"href":"https:\/\/o-seznam.cz\/napoveda\/prohlizece\/wp-json\/wp\/v2\/pages\/101\/revisions\/936"}],"up":[{"embeddable":true,"href":"https:\/\/o-seznam.cz\/napoveda\/prohlizece\/wp-json\/wp\/v2\/pages\/563"}],"wp:attachment":[{"href":"https:\/\/o-seznam.cz\/napoveda\/prohlizece\/wp-json\/wp\/v2\/media?parent=101"}],"wp:term":[{"taxonomy":"page_category","embeddable":true,"href":"https:\/\/o-seznam.cz\/napoveda\/prohlizece\/wp-json\/wp\/v2\/page_category?post=101"},{"taxonomy":"page_tag","embeddable":true,"href":"https:\/\/o-seznam.cz\/napoveda\/prohlizece\/wp-json\/wp\/v2\/page_tag?post=101"},{"taxonomy":"service_status_category","embeddable":true,"href":"https:\/\/o-seznam.cz\/napoveda\/prohlizece\/wp-json\/wp\/v2\/service_status_category?post=101"}],"curies":[{"name":"wp","href":"https:\/\/api.w.org\/{rel}","templated":true}]}}