{"id":62,"date":"2025-10-14T10:58:31","date_gmt":"2025-10-14T08:58:31","guid":{"rendered":"https:\/\/o-seznam.cz\/napoveda\/podcasty\/?page_id=62"},"modified":"2026-01-06T12:45:33","modified_gmt":"2026-01-06T11:45:33","slug":"epizody","status":"publish","type":"page","link":"https:\/\/o-seznam.cz\/napoveda\/podcasty\/epizody\/","title":{"rendered":"Epizody"},"content":{"rendered":"\n<div class=\"wp-block-group is-layout-constrained wp-block-group-is-layout-constrained\">\n<h2 class=\"wp-block-heading\"><strong>Vytvo\u0159en\u00ed epizody&nbsp;<\/strong><\/h2>\n\n\n\n<ul start=\"1\" class=\"wp-block-list is-style-circle\">\n<li>V\u202fp\u0159ehledu epizod podcastu klidn\u011bte na tla\u010d\u00edtko \u201eP\u0159idat\u201c&nbsp;<\/li>\n\n\n\n<li>Vypl\u0148te n\u00e1zev, popis a dal\u0161\u00ed voliteln\u00e1 pole&nbsp;<\/li>\n\n\n\n<li>Nahrajte audio soubor epizody \u2013 prob\u00edh\u00e1 ve dvou kroc\u00edch&nbsp;\n<ul class=\"wp-block-list\">\n<li>Nejprve dojde k\u202fnahr\u00e1n\u00ed souboru&nbsp;<\/li>\n\n\n\n<li>N\u00e1sledn\u011b dojde ke zpracov\u00e1n\u00ed souboru. Tento krok m\u016f\u017ee v\u202fz\u00e1vislosti na velikosti trvat n\u011bkolik minut.\u00a0<\/li>\n<\/ul>\n<\/li>\n<\/ul>\n\n\n\n<figure class=\"wp-block-image size-full\"><img loading=\"lazy\" decoding=\"async\" width=\"1737\" height=\"207\" src=\"https:\/\/o-seznam.cz\/napoveda\/podcasty\/wp-content\/uploads\/sites\/29\/2025\/10\/epizoda-zdroj-krok1.jpg\" alt=\"\" class=\"wp-image-84\" srcset=\"https:\/\/o-seznam.cz\/napoveda\/podcasty\/wp-content\/uploads\/sites\/29\/2025\/10\/epizoda-zdroj-krok1.jpg 1737w, https:\/\/o-seznam.cz\/napoveda\/podcasty\/wp-content\/uploads\/sites\/29\/2025\/10\/epizoda-zdroj-krok1-992x118.jpg 992w, https:\/\/o-seznam.cz\/napoveda\/podcasty\/wp-content\/uploads\/sites\/29\/2025\/10\/epizoda-zdroj-krok1-320x38.jpg 320w, https:\/\/o-seznam.cz\/napoveda\/podcasty\/wp-content\/uploads\/sites\/29\/2025\/10\/epizoda-zdroj-krok1-768x92.jpg 768w, https:\/\/o-seznam.cz\/napoveda\/podcasty\/wp-content\/uploads\/sites\/29\/2025\/10\/epizoda-zdroj-krok1-1536x183.jpg 1536w\" sizes=\"auto, (max-width: 1737px) 100vw, 1737px\" \/><\/figure>\n\n\n\n<figure class=\"wp-block-image size-full\"><img loading=\"lazy\" decoding=\"async\" width=\"1737\" height=\"207\" src=\"https:\/\/o-seznam.cz\/napoveda\/podcasty\/wp-content\/uploads\/sites\/29\/2025\/10\/epizoda-zdroj-krok-2.jpg\" alt=\"\" class=\"wp-image-244\" srcset=\"https:\/\/o-seznam.cz\/napoveda\/podcasty\/wp-content\/uploads\/sites\/29\/2025\/10\/epizoda-zdroj-krok-2.jpg 1737w, https:\/\/o-seznam.cz\/napoveda\/podcasty\/wp-content\/uploads\/sites\/29\/2025\/10\/epizoda-zdroj-krok-2-992x118.jpg 992w, https:\/\/o-seznam.cz\/napoveda\/podcasty\/wp-content\/uploads\/sites\/29\/2025\/10\/epizoda-zdroj-krok-2-320x38.jpg 320w, https:\/\/o-seznam.cz\/napoveda\/podcasty\/wp-content\/uploads\/sites\/29\/2025\/10\/epizoda-zdroj-krok-2-768x92.jpg 768w, https:\/\/o-seznam.cz\/napoveda\/podcasty\/wp-content\/uploads\/sites\/29\/2025\/10\/epizoda-zdroj-krok-2-1536x183.jpg 1536w\" sizes=\"auto, (max-width: 1737px) 100vw, 1737px\" \/><\/figure>\n\n\n\n<ol start=\"4\" class=\"wp-block-list is-style-circle\">\n<li>Epizodu ulo\u017ete kliknut\u00edm na Ulo\u017eit nebo rovnou publikujte.<\/li>\n<\/ol>\n<\/div>\n\n\n\n<div class=\"wp-block-group is-layout-constrained wp-block-group-is-layout-constrained\">\n<h2 class=\"wp-block-heading\"><strong>Publikov\u00e1n\u00ed epizody<\/strong><\/h2>\n\n\n\n<p><strong>Publikace<\/strong><\/p>\n\n\n\n<ol start=\"1\" class=\"wp-block-list is-style-circle\">\n<li>Ve spodn\u00ed \u010d\u00e1sti formul\u00e1\u0159e epizody se nach\u00e1z\u00ed pole \u201ePublikace\u201c&nbsp;<\/li>\n\n\n\n<li>Vyberte jednu z\u202fmo\u017enost\u00ed publikace a potvr\u010fte tla\u010d\u00edtkem \u201eUlo\u017eit\u201c&nbsp;\n<ul class=\"wp-block-list\">\n<li>Nepublikov\u00e1no \u2013 rozpracovan\u00e1 epizoda&nbsp;<\/li>\n\n\n\n<li>Publikovat ihned \u2013 epizoda je ihned publikov\u00e1na k\u202faktu\u00e1ln\u00edmu okam\u017eiku&nbsp;<\/li>\n\n\n\n<li>Publikovat pozd\u011bji \u2013 umo\u017e\u0148uje napl\u00e1novat publikaci na vybran\u00fd den a \u010das&nbsp;&nbsp;<\/li>\n\n\n\n<li>Embedovat ihned \u2013 umo\u017e\u0148uje vybranou epizodu prezentovat pouze pomoc\u00ed embedu&nbsp;<\/li>\n<\/ul>\n<\/li>\n<\/ol>\n\n\n\n<p><strong>Nepublikovat v RSS<\/strong><\/p>\n\n\n\n<ul class=\"wp-block-list\">\n<li>Tato funkce je dostupn\u00e1 jen pro podcasty, kter\u00e9 maj\u00ed povoleno RSS&nbsp;<\/li>\n\n\n\n<li>Volbou hodnoty \u201eNepublikovat v\u202fRSS\u201c nebude epizoda zahrnuta do RSS a bude pouze na podcasty.cz, p\u0159\u00edpadn\u011b embedu&nbsp;<\/li>\n<\/ul>\n\n\n\n<figure class=\"wp-block-image size-full\"><img loading=\"lazy\" decoding=\"async\" width=\"853\" height=\"420\" src=\"https:\/\/o-seznam.cz\/napoveda\/podcasty\/wp-content\/uploads\/sites\/29\/2025\/10\/epizoda-publikace.png\" alt=\"\" class=\"wp-image-262\" srcset=\"https:\/\/o-seznam.cz\/napoveda\/podcasty\/wp-content\/uploads\/sites\/29\/2025\/10\/epizoda-publikace.png 853w, https:\/\/o-seznam.cz\/napoveda\/podcasty\/wp-content\/uploads\/sites\/29\/2025\/10\/epizoda-publikace-320x158.png 320w, https:\/\/o-seznam.cz\/napoveda\/podcasty\/wp-content\/uploads\/sites\/29\/2025\/10\/epizoda-publikace-768x378.png 768w\" sizes=\"auto, (max-width: 853px) 100vw, 853px\" \/><\/figure>\n<\/div>\n\n\n\n<div class=\"wp-block-group is-layout-constrained wp-block-group-is-layout-constrained\">\n<h2 class=\"wp-block-heading\"><strong>Reklama<\/strong><\/h2>\n\n\n\n<ul class=\"wp-block-list\">\n<li>Do ka\u017ed\u00e9 epizody je vkl\u00e1d\u00e1na reklama automaticky na n\u00e1hodn\u00e9 m\u00edsto nebo m\u00edsta v\u202fz\u00e1vislosti na d\u00e9lce epizody&nbsp;<\/li>\n\n\n\n<li>Pokud si p\u0159ejete reklamu um\u00edstit na konkr\u00e9tn\u00ed m\u00edsto nebo m\u00edsta, definujte konkr\u00e9tn\u00ed \u010dasy v\u202fmenu \u201eReklama\u201c&nbsp;\n<ul class=\"wp-block-list\">\n<li>Vyberte \u010das a klikn\u011bte na \u201ep\u0159idat\u201c&nbsp;<\/li>\n<\/ul>\n<\/li>\n<\/ul>\n\n\n\n<figure class=\"wp-block-image size-large\"><img loading=\"lazy\" decoding=\"async\" width=\"1984\" height=\"429\" src=\"https:\/\/o-seznam.cz\/napoveda\/podcasty\/wp-content\/uploads\/sites\/29\/2025\/10\/epizoda-reklama-1-1984x429.jpg\" alt=\"\" class=\"wp-image-247\" srcset=\"https:\/\/o-seznam.cz\/napoveda\/podcasty\/wp-content\/uploads\/sites\/29\/2025\/10\/epizoda-reklama-1-1984x429.jpg 1984w, https:\/\/o-seznam.cz\/napoveda\/podcasty\/wp-content\/uploads\/sites\/29\/2025\/10\/epizoda-reklama-1-992x214.jpg 992w, https:\/\/o-seznam.cz\/napoveda\/podcasty\/wp-content\/uploads\/sites\/29\/2025\/10\/epizoda-reklama-1-320x69.jpg 320w, https:\/\/o-seznam.cz\/napoveda\/podcasty\/wp-content\/uploads\/sites\/29\/2025\/10\/epizoda-reklama-1-768x166.jpg 768w, https:\/\/o-seznam.cz\/napoveda\/podcasty\/wp-content\/uploads\/sites\/29\/2025\/10\/epizoda-reklama-1-1536x332.jpg 1536w, https:\/\/o-seznam.cz\/napoveda\/podcasty\/wp-content\/uploads\/sites\/29\/2025\/10\/epizoda-reklama-1-2048x442.jpg 2048w\" sizes=\"auto, (max-width: 1984px) 100vw, 1984px\" \/><figcaption class=\"wp-element-caption\">Screenshot<\/figcaption><\/figure>\n\n\n\n<ul class=\"wp-block-list\">\n<li>Pod p\u0159ehr\u00e1va\u010dem se zobraz\u00ed preferovan\u00fd \u010das s\u202fmo\u017enost\u00ed:&nbsp;\n<ul class=\"wp-block-list\">\n<li>Otestovat&nbsp;<\/li>\n\n\n\n<li>Upravit&nbsp;<\/li>\n\n\n\n<li>Smazat&nbsp;<\/li>\n<\/ul>\n<\/li>\n<\/ul>\n\n\n\n<figure class=\"wp-block-image size-large\"><img loading=\"lazy\" decoding=\"async\" width=\"1984\" height=\"724\" src=\"https:\/\/o-seznam.cz\/napoveda\/podcasty\/wp-content\/uploads\/sites\/29\/2025\/10\/epizoda-reklama-2-1984x724.jpg\" alt=\"\" class=\"wp-image-249\" srcset=\"https:\/\/o-seznam.cz\/napoveda\/podcasty\/wp-content\/uploads\/sites\/29\/2025\/10\/epizoda-reklama-2-1984x724.jpg 1984w, https:\/\/o-seznam.cz\/napoveda\/podcasty\/wp-content\/uploads\/sites\/29\/2025\/10\/epizoda-reklama-2-992x362.jpg 992w, https:\/\/o-seznam.cz\/napoveda\/podcasty\/wp-content\/uploads\/sites\/29\/2025\/10\/epizoda-reklama-2-320x117.jpg 320w, https:\/\/o-seznam.cz\/napoveda\/podcasty\/wp-content\/uploads\/sites\/29\/2025\/10\/epizoda-reklama-2-768x280.jpg 768w, https:\/\/o-seznam.cz\/napoveda\/podcasty\/wp-content\/uploads\/sites\/29\/2025\/10\/epizoda-reklama-2-1536x560.jpg 1536w, https:\/\/o-seznam.cz\/napoveda\/podcasty\/wp-content\/uploads\/sites\/29\/2025\/10\/epizoda-reklama-2-2048x747.jpg 2048w\" sizes=\"auto, (max-width: 1984px) 100vw, 1984px\" \/><figcaption class=\"wp-element-caption\">Screenshot<\/figcaption><\/figure>\n\n\n\n<ul class=\"wp-block-list\">\n<li>Ulo\u017ete definovan\u00e9 \u010dasy<\/li>\n<\/ul>\n<\/div>\n\n\n\n<div class=\"wp-block-group is-layout-constrained wp-block-group-is-layout-constrained\">\n<h2 class=\"wp-block-heading\"><strong>Embed<\/strong><\/h2>\n\n\n\n<ul class=\"wp-block-list\">\n<li>Chcete-li svou epizodu um\u00edstit na jin\u00fd web, vyu\u017eijte funkci embedu&nbsp;<\/li>\n\n\n\n<li>Pro ka\u017edou epizodu na z\u00e1lo\u017ece embed z\u00edsk\u00e1te unik\u00e1tn\u00ed embedovac\u00ed k\u00f3de pro danou epizodu<\/li>\n<\/ul>\n\n\n\n<figure class=\"wp-block-image size-large\"><img loading=\"lazy\" decoding=\"async\" width=\"1984\" height=\"1170\" src=\"https:\/\/o-seznam.cz\/napoveda\/podcasty\/wp-content\/uploads\/sites\/29\/2025\/10\/epizoda-embed-1984x1170.jpg\" alt=\"\" class=\"wp-image-251\" srcset=\"https:\/\/o-seznam.cz\/napoveda\/podcasty\/wp-content\/uploads\/sites\/29\/2025\/10\/epizoda-embed-1984x1170.jpg 1984w, https:\/\/o-seznam.cz\/napoveda\/podcasty\/wp-content\/uploads\/sites\/29\/2025\/10\/epizoda-embed-992x585.jpg 992w, https:\/\/o-seznam.cz\/napoveda\/podcasty\/wp-content\/uploads\/sites\/29\/2025\/10\/epizoda-embed-320x189.jpg 320w, https:\/\/o-seznam.cz\/napoveda\/podcasty\/wp-content\/uploads\/sites\/29\/2025\/10\/epizoda-embed-768x453.jpg 768w, https:\/\/o-seznam.cz\/napoveda\/podcasty\/wp-content\/uploads\/sites\/29\/2025\/10\/epizoda-embed-1536x906.jpg 1536w, https:\/\/o-seznam.cz\/napoveda\/podcasty\/wp-content\/uploads\/sites\/29\/2025\/10\/epizoda-embed-2048x1208.jpg 2048w\" sizes=\"auto, (max-width: 1984px) 100vw, 1984px\" \/><figcaption class=\"wp-element-caption\">Screenshot<\/figcaption><\/figure>\n<\/div>\n","protected":false},"excerpt":{"rendered":"<p>Vytvo\u0159en\u00ed epizody&nbsp; Publikov\u00e1n\u00ed epizody Publikace Nepublikovat v RSS Reklama Embed<\/p>\n","protected":false},"author":67,"featured_media":0,"parent":0,"menu_order":21,"comment_status":"closed","ping_status":"closed","template":"page-sidemenu","meta":{"_acf_changed":false,"_relevanssi_hide_post":"","_relevanssi_hide_content":"","_relevanssi_pin_for_all":"","_relevanssi_pin_keywords":"","_relevanssi_unpin_keywords":"","_relevanssi_related_keywords":"","_relevanssi_related_include_ids":"","_relevanssi_related_exclude_ids":"","_relevanssi_related_no_append":"","_relevanssi_related_not_related":"","_relevanssi_related_posts":"1","_relevanssi_noindex_reason":"","footnotes":""},"page_category":[34],"page_tag":[],"service_status_category":[],"class_list":["post-62","page","type-page","status-publish","hentry"],"acf":[],"_links":{"self":[{"href":"https:\/\/o-seznam.cz\/napoveda\/podcasty\/wp-json\/wp\/v2\/pages\/62","targetHints":{"allow":["GET"]}}],"collection":[{"href":"https:\/\/o-seznam.cz\/napoveda\/podcasty\/wp-json\/wp\/v2\/pages"}],"about":[{"href":"https:\/\/o-seznam.cz\/napoveda\/podcasty\/wp-json\/wp\/v2\/types\/page"}],"author":[{"embeddable":true,"href":"https:\/\/o-seznam.cz\/napoveda\/podcasty\/wp-json\/wp\/v2\/users\/67"}],"replies":[{"embeddable":true,"href":"https:\/\/o-seznam.cz\/napoveda\/podcasty\/wp-json\/wp\/v2\/comments?post=62"}],"version-history":[{"count":29,"href":"https:\/\/o-seznam.cz\/napoveda\/podcasty\/wp-json\/wp\/v2\/pages\/62\/revisions"}],"predecessor-version":[{"id":339,"href":"https:\/\/o-seznam.cz\/napoveda\/podcasty\/wp-json\/wp\/v2\/pages\/62\/revisions\/339"}],"wp:attachment":[{"href":"https:\/\/o-seznam.cz\/napoveda\/podcasty\/wp-json\/wp\/v2\/media?parent=62"}],"wp:term":[{"taxonomy":"page_category","embeddable":true,"href":"https:\/\/o-seznam.cz\/napoveda\/podcasty\/wp-json\/wp\/v2\/page_category?post=62"},{"taxonomy":"page_tag","embeddable":true,"href":"https:\/\/o-seznam.cz\/napoveda\/podcasty\/wp-json\/wp\/v2\/page_tag?post=62"},{"taxonomy":"service_status_category","embeddable":true,"href":"https:\/\/o-seznam.cz\/napoveda\/podcasty\/wp-json\/wp\/v2\/service_status_category?post=62"}],"curies":[{"name":"wp","href":"https:\/\/api.w.org\/{rel}","templated":true}]}}