{"id":70,"date":"2025-07-25T16:48:47","date_gmt":"2025-07-25T14:48:47","guid":{"rendered":"https:\/\/o-seznam.cz\/napoveda\/odkazy\/?page_id=70"},"modified":"2026-01-14T12:34:37","modified_gmt":"2026-01-14T11:34:37","slug":"vyplnil-jsem-spatne-zadost-co-mam-delat","status":"publish","type":"page","link":"https:\/\/o-seznam.cz\/napoveda\/odkazy\/nejcastejsi-otazky-k-odkazum\/vyplnil-jsem-spatne-zadost-co-mam-delat\/","title":{"rendered":"Vyplnil jsem \u0161patn\u011b \u017e\u00e1dost, co m\u00e1m d\u011blat?"},"content":{"rendered":"\n<div class=\"wp-block-group is-layout-constrained wp-block-group-is-layout-constrained\">\n<p class=\"is-style-next\">Nevy\u0159\u00edzenou \u017e\u00e1dost nelze editovat p\u0159\u00edmo. Za\u0161lete n\u00e1m nov\u011b vypln\u011bn\u00fd <a href=\"https:\/\/o-seznam.cz\/napoveda\/odkazy\/kontaktni-formular\/\">kontaktn\u00ed formul\u00e1\u0159<\/a> a my \u017e\u00e1dost schv\u00e1l\u00edme.<\/p>\n\n\n\n<p class=\"is-style-link-external\">V p\u0159\u00edpad\u011b, \u017ee se chyba t\u00fdk\u00e1 pouze popisku \u010di n\u00e1zvu, m\u016f\u017eete po\u010dkat, ne\u017e bude odkaz schv\u00e1len a&nbsp;<a href=\"https:\/\/ask.szn.cz\/link\/linkAddScreen?state=SEARCHLINK\" target=\"_blank\" rel=\"noreferrer noopener\">n\u00e1sledn\u011b jej editovat<\/a>.<\/p>\n<\/div>\n","protected":false},"excerpt":{"rendered":"<p>Nevy\u0159\u00edzenou \u017e\u00e1dost nelze editovat p\u0159\u00edmo. Za\u0161lete n\u00e1m nov\u011b vypln\u011bn\u00fd kontaktn\u00ed formul\u00e1\u0159 a my \u017e\u00e1dost schv\u00e1l\u00edme. V p\u0159\u00edpad\u011b, \u017ee se chyba t\u00fdk\u00e1 pouze popisku \u010di n\u00e1zvu, m\u016f\u017eete po\u010dkat, ne\u017e bude odkaz schv\u00e1len a&nbsp;n\u00e1sledn\u011b jej editovat.<\/p>\n","protected":false},"author":67,"featured_media":0,"parent":19,"menu_order":0,"comment_status":"closed","ping_status":"closed","template":"page-sidemenu","meta":{"_acf_changed":false,"_relevanssi_hide_post":"","_relevanssi_hide_content":"","_relevanssi_pin_for_all":"","_relevanssi_pin_keywords":"","_relevanssi_unpin_keywords":"","_relevanssi_related_keywords":"","_relevanssi_related_include_ids":"","_relevanssi_related_exclude_ids":"","_relevanssi_related_no_append":"","_relevanssi_related_not_related":"","_relevanssi_related_posts":"1","_relevanssi_noindex_reason":"","footnotes":""},"page_category":[31],"page_tag":[],"service_status_category":[],"class_list":["post-70","page","type-page","status-publish","hentry"],"acf":[],"_links":{"self":[{"href":"https:\/\/o-seznam.cz\/napoveda\/odkazy\/wp-json\/wp\/v2\/pages\/70","targetHints":{"allow":["GET"]}}],"collection":[{"href":"https:\/\/o-seznam.cz\/napoveda\/odkazy\/wp-json\/wp\/v2\/pages"}],"about":[{"href":"https:\/\/o-seznam.cz\/napoveda\/odkazy\/wp-json\/wp\/v2\/types\/page"}],"author":[{"embeddable":true,"href":"https:\/\/o-seznam.cz\/napoveda\/odkazy\/wp-json\/wp\/v2\/users\/67"}],"replies":[{"embeddable":true,"href":"https:\/\/o-seznam.cz\/napoveda\/odkazy\/wp-json\/wp\/v2\/comments?post=70"}],"version-history":[{"count":6,"href":"https:\/\/o-seznam.cz\/napoveda\/odkazy\/wp-json\/wp\/v2\/pages\/70\/revisions"}],"predecessor-version":[{"id":390,"href":"https:\/\/o-seznam.cz\/napoveda\/odkazy\/wp-json\/wp\/v2\/pages\/70\/revisions\/390"}],"up":[{"embeddable":true,"href":"https:\/\/o-seznam.cz\/napoveda\/odkazy\/wp-json\/wp\/v2\/pages\/19"}],"wp:attachment":[{"href":"https:\/\/o-seznam.cz\/napoveda\/odkazy\/wp-json\/wp\/v2\/media?parent=70"}],"wp:term":[{"taxonomy":"page_category","embeddable":true,"href":"https:\/\/o-seznam.cz\/napoveda\/odkazy\/wp-json\/wp\/v2\/page_category?post=70"},{"taxonomy":"page_tag","embeddable":true,"href":"https:\/\/o-seznam.cz\/napoveda\/odkazy\/wp-json\/wp\/v2\/page_tag?post=70"},{"taxonomy":"service_status_category","embeddable":true,"href":"https:\/\/o-seznam.cz\/napoveda\/odkazy\/wp-json\/wp\/v2\/service_status_category?post=70"}],"curies":[{"name":"wp","href":"https:\/\/api.w.org\/{rel}","templated":true}]}}