{"id":5,"date":"2025-07-24T15:02:37","date_gmt":"2025-07-24T13:02:37","guid":{"rendered":"https:\/\/o-seznam.cz\/napoveda\/odkazy\/?page_id=5"},"modified":"2025-10-22T16:18:13","modified_gmt":"2025-10-22T14:18:13","slug":"napoveda-odkazy","status":"publish","type":"page","link":"https:\/\/o-seznam.cz\/napoveda\/odkazy\/","title":{"rendered":"N\u00e1pov\u011bda Odkazy"},"content":{"rendered":"\n<div class=\"wp-block-group alignwide is-layout-constrained wp-block-group-is-layout-constrained\">\n<div class=\"wp-block-group alignwide is-layout-constrained wp-block-group-is-layout-constrained\"><div class=\"alignwide alignwide wp-block-seznam-hero\"><div class=\"cover is-hero is-hero-default bg-neutral-40\"><img decoding=\"async\" src=\"https:\/\/o-seznam.cz\/napoveda\/odkazy\/wp-content\/themes\/seznam\/patterns\/images\/seznam-cover.jpg\" class=\"cover__media\" alt=\"\" \/><div class=\"cover__dim\" style=\"opacity:0.45\"><\/div><div class=\"cover__content is-layout-constrained\">\n\n<h1 class=\"wp-block-heading has-text-align-left\">N\u00e1pov\u011bda Odkazy<\/h1>\n\n\n\n<div class=\"wp-block-group is-content-justification-left is-layout-constrained wp-container-core-group-is-layout-59d06cab wp-block-group-is-layout-constrained\">\n<p><\/p>\n<\/div>\n\n<\/div><\/div><\/div>\n\n\n<\/div>\n<\/div>\n\n\n\n<div class=\"wp-block-group is-layout-constrained wp-block-group-is-layout-constrained\">\n<h2 class=\"wp-block-heading\">Nej\u010dast\u011bj\u0161\u00ed dotazy<\/h2>\n\n\n\n<div class=\"accordion\">\n\t<div class=\"accordion__items\">\n\n<details class=\"expander is-style-default\">\n\t<summary data-datalayer-name=\"\" data-datalayer-text=\"Nem\u00e1m z\u00e1pis v odkazov\u00e9m katalogu. Co s t\u00edm? \">\n\t\t\t\t<strong>Nem\u00e1m z\u00e1pis v odkazov\u00e9m katalogu. Co s t\u00edm? <\/strong>\n\t\t\t<\/summary>\n\t<div class=\"inner-blocks\">\n\n<p class=\"is-style-next\">Pokud chcete b\u00fdt zv\u00fdhodn\u011bni v odkazov\u00e9m katalogu, tak si <a href=\"https:\/\/o-seznam.cz\/napoveda\/odkazy\/nejcastejsi-otazky-k-odkazum\/jak-pridam-odkaz\/\">z\u00e1pis vytvo\u0159te<\/a> a po\u010dkejte na jeho schv\u00e1len\u00ed. Email s informac\u00ed o schv\u00e1len\u00ed by m\u011bl dorazit obvykle do 5 pracovn\u00edch dn\u00ed od registrace nov\u00e9ho odkazu.\u00a0\u00a0<\/p>\n\n<\/div><\/details>\n\n\n\n<details class=\"expander is-style-default\">\n\t<summary data-datalayer-name=\"\" data-datalayer-text=\"Co kdy\u017e m\u00e1m v\u00edce port\u00e1l\u016f, kter\u00e9 chci takto promovat?\">\n\t\t\t\t<strong>Co kdy\u017e m\u00e1m v\u00edce port\u00e1l\u016f, kter\u00e9 chci takto promovat?<\/strong>\n\t\t\t<\/summary>\n\t<div class=\"inner-blocks\">\n\n<p class=\"is-style-link-external\">Pro ka\u017ed\u00fd port\u00e1l si vytvo\u0159te novou pobo\u010dku, kter\u00e1 mus\u00ed spl\u0148ovat <a href=\"https:\/\/napoveda.firmy.cz\/obecna-pravidla-pro-profily\/smluvni-podminky\/\" target=\"_blank\" rel=\"noreferrer noopener\">standardn\u00ed podm\u00ednky<\/a>. Maxim\u00e1ln\u011b ale pro jednu dom\u00e9nu jen jednu pobo\u010dku.&nbsp;<\/p>\n\n\n\n<p>Jak vhodn\u011b vytvo\u0159it novou pobo\u010dku:&nbsp;<\/p>\n\n\n\n<ul class=\"wp-block-list\">\n<li><strong>n\u00e1zev pobo\u010dky<\/strong> &#8211; mus\u00ed b\u00fdt povinn\u011b pouze URL webu &#8211; nap\u0159\u00edklad freevideo.cz&nbsp;<\/li>\n<\/ul>\n\n\n\n<ul class=\"wp-block-list\">\n<li><strong>popis \u010dinnosti<\/strong> &#8211; sna\u017ete se popsat svou \u010dinnost tak, aby text nebyl pohor\u0161uj\u00edc\u00ed&nbsp;<\/li>\n<\/ul>\n\n\n\n<ul class=\"wp-block-list\">\n<li><strong>kontakty <\/strong>&#8211; pokud nechcete b\u00fdt u\u017eivateli <a class=\"is-style-link-external\" href=\"https:\/\/www.firmy.cz\/\" target=\"_blank\" rel=\"noreferrer noopener\">www.firmy.cz<\/a> kontaktov\u00e1ni, tak rad\u011bji nevypl\u0148ujte telefon, ani email&nbsp;<\/li>\n<\/ul>\n\n\n\n<ul class=\"wp-block-list\">\n<li><strong>adresa <\/strong>&#8211; adresu &#8222;provozovny&#8220;, nebo s\u00eddla firmy m\u016f\u017eete c\u00edlit i na cel\u00e9 obce&nbsp;<\/li>\n<\/ul>\n\n\n\n<ul class=\"wp-block-list\">\n<li><strong>URL <\/strong>&#8211; mus\u00ed b\u00fdt 100% toto\u017en\u00e1 jako URL v odkazov\u00e9m katalogu, jinak se v\u00e1\u0161 z\u00e1pis v katalogu nezv\u00fdhodn\u00ed. URL z\u00e1pisu v odkazov\u00e9m katalogu zjist\u00edte nap\u0159\u00edklad tak, \u017ee najedete kurzorem my\u0161i na odkaz ve va\u0161em z\u00e1pisu a URL se zobraz\u00ed v doln\u00edm lev\u00e9m, nebo prav\u00e9m okn\u011b prohl\u00ed\u017ee\u010de.&nbsp;<\/li>\n<\/ul>\n\n\n\n<ul class=\"wp-block-list\">\n<li><strong>Screenshoty a fotografie provozovny<\/strong> &#8211; screenshoty i fotografie provozovny jsou u provozovatel\u016f porno str\u00e1nek s videi a obr\u00e1zky zak\u00e1z\u00e1ny. Sexshopy a podobn\u00e9 firmy mohou screenshoty i fotografie provozoven vyu\u017e\u00edvat.&nbsp;<\/li>\n<\/ul>\n\n\n\n<p><strong>Akce<\/strong> &#8211; u&nbsp; provozovatel\u016f porno str\u00e1nek s videi a obr\u00e1zky jsou akce zak\u00e1z\u00e1ny.&nbsp;<\/p>\n\n<\/div><\/details>\n\n<\/div><\/div>\n\n<\/div>\n\n\n\n<div class=\"wp-block-group is-layout-constrained wp-block-group-is-layout-constrained\">\n<h2 class=\"wp-block-heading\">Nej\u010dast\u011bj\u0161\u00ed ot\u00e1zky k odkaz\u016fm<\/h2>\n\n\n<div class=\"wp-block-seznam-list-pages\"><div>\n<div style=\"--seznam-tiles--columns:3\" class=\"wp-block-seznam-tiles has-columns-3\"><div class=\"inner-blocks\">\n<div class=\"block-boxlink\"><a class=\"boxlink boxlink--icon-arrow boxlink--align-y-center px-f8 py-f4\" href=\"https:\/\/o-seznam.cz\/napoveda\/odkazy\/nejcastejsi-otazky-k-odkazum\/co-je-to-odkaz\/\"><div class=\"inner-blocks\">Co je to odkaz<\/div><\/a><\/div><div class=\"block-boxlink\"><a class=\"boxlink boxlink--icon-arrow boxlink--align-y-center px-f8 py-f4\" href=\"https:\/\/o-seznam.cz\/napoveda\/odkazy\/nejcastejsi-otazky-k-odkazum\/jak-pridam-odkaz\/\"><div class=\"inner-blocks\">Jak p\u0159id\u00e1m odkaz?<\/div><\/a><\/div><div class=\"block-boxlink\"><a class=\"boxlink boxlink--icon-arrow boxlink--align-y-center px-f8 py-f4\" href=\"https:\/\/o-seznam.cz\/napoveda\/odkazy\/nejcastejsi-otazky-k-odkazum\/jak-zmenim-odkaz\/\"><div class=\"inner-blocks\">Jak zm\u011bn\u00edm odkaz<\/div><\/a><\/div><div class=\"block-boxlink\"><a class=\"boxlink boxlink--icon-arrow boxlink--align-y-center px-f8 py-f4\" href=\"https:\/\/o-seznam.cz\/napoveda\/odkazy\/nejcastejsi-otazky-k-odkazum\/vyplnil-jsem-spatne-zadost-co-mam-delat\/\"><div class=\"inner-blocks\">Vyplnil jsem \u0161patn\u011b \u017e\u00e1dost, co m\u00e1m d\u011blat?<\/div><\/a><\/div><div class=\"block-boxlink\"><a class=\"boxlink boxlink--icon-arrow boxlink--align-y-center px-f8 py-f4\" href=\"https:\/\/o-seznam.cz\/napoveda\/odkazy\/nejcastejsi-otazky-k-odkazum\/proc-neni-v-katalogu-odkaz-na-moji-stranku\/\"><div class=\"inner-blocks\">Pro\u010d nen\u00ed v katalogu odkaz na moj\u00ed str\u00e1nku?<\/div><\/a><\/div><\/div><\/div>\n\n<\/div><\/div>\n<\/div>\n\n\n\n<div class=\"wp-block-group is-layout-constrained wp-block-group-is-layout-constrained\">\n<h2 class=\"wp-block-heading\">Pravidla katalogu<\/h2>\n\n\n<div class=\"wp-block-seznam-list-pages\"><div>\n<div style=\"--seznam-tiles--columns:3\" class=\"wp-block-seznam-tiles has-columns-3\"><div class=\"inner-blocks\">\n<div class=\"block-boxlink\"><a class=\"boxlink boxlink--icon-arrow boxlink--align-y-center px-f8 py-f4\" href=\"https:\/\/o-seznam.cz\/napoveda\/odkazy\/pravidla-katalogu\/zaverecne-ustanoveni-pro-odkazy\/\"><div class=\"inner-blocks\">Z\u00e1v\u011bre\u010dn\u00e9 ustanoven\u00ed pro odkazy<\/div><\/a><\/div><div class=\"block-boxlink\"><a class=\"boxlink boxlink--icon-arrow boxlink--align-y-center px-f8 py-f4\" href=\"https:\/\/o-seznam.cz\/napoveda\/odkazy\/pravidla-katalogu\/zavazna-pravidla-pro-odkazy\/\"><div class=\"inner-blocks\">Z\u00e1vazn\u00e1 pravidla pro odkazy<\/div><\/a><\/div><div class=\"block-boxlink\"><a class=\"boxlink boxlink--icon-arrow boxlink--align-y-center px-f8 py-f4\" href=\"https:\/\/o-seznam.cz\/napoveda\/odkazy\/pravidla-katalogu\/pravidla-pro-eroticke-odkazy\/\"><div class=\"inner-blocks\">Pravidla pro erotick\u00e9 odkazy<\/div><\/a><\/div><\/div><\/div>\n\n<\/div><\/div>\n<\/div>\n\n\n\n<div class=\"wp-block-group is-layout-constrained wp-block-group-is-layout-constrained\">\n<h2 class=\"wp-block-heading\">Reklama<\/h2>\n\n\n<div class=\"wp-block-seznam-list-pages\"><div>\n<div style=\"--seznam-tiles--columns:3\" class=\"wp-block-seznam-tiles has-columns-3\"><div class=\"inner-blocks\">\n<div class=\"block-boxlink\"><a class=\"boxlink boxlink--icon-arrow boxlink--align-y-center px-f8 py-f4\" href=\"https:\/\/o-seznam.cz\/napoveda\/odkazy\/reklama\/inzerce\/\"><div class=\"inner-blocks\">Inzerce<\/div><\/a><\/div><\/div><\/div>\n\n<\/div><\/div>\n<\/div>\n","protected":false},"excerpt":{"rendered":"<p>Nej\u010dast\u011bj\u0161\u00ed dotazy Nej\u010dast\u011bj\u0161\u00ed ot\u00e1zky k odkaz\u016fm Pravidla katalogu Reklama<\/p>\n","protected":false},"author":1,"featured_media":0,"parent":0,"menu_order":0,"comment_status":"closed","ping_status":"closed","template":"page-no-head","meta":{"_acf_changed":false,"_relevanssi_hide_post":"","_relevanssi_hide_content":"","_relevanssi_pin_for_all":"","_relevanssi_pin_keywords":"","_relevanssi_unpin_keywords":"","_relevanssi_related_keywords":"","_relevanssi_related_include_ids":"","_relevanssi_related_exclude_ids":"","_relevanssi_related_no_append":"","_relevanssi_related_not_related":"","_relevanssi_related_posts":"1","_relevanssi_noindex_reason":"","footnotes":""},"page_category":[31],"page_tag":[],"service_status_category":[],"class_list":["post-5","page","type-page","status-publish","hentry"],"acf":[],"_links":{"self":[{"href":"https:\/\/o-seznam.cz\/napoveda\/odkazy\/wp-json\/wp\/v2\/pages\/5","targetHints":{"allow":["GET"]}}],"collection":[{"href":"https:\/\/o-seznam.cz\/napoveda\/odkazy\/wp-json\/wp\/v2\/pages"}],"about":[{"href":"https:\/\/o-seznam.cz\/napoveda\/odkazy\/wp-json\/wp\/v2\/types\/page"}],"author":[{"embeddable":true,"href":"https:\/\/o-seznam.cz\/napoveda\/odkazy\/wp-json\/wp\/v2\/users\/1"}],"replies":[{"embeddable":true,"href":"https:\/\/o-seznam.cz\/napoveda\/odkazy\/wp-json\/wp\/v2\/comments?post=5"}],"version-history":[{"count":30,"href":"https:\/\/o-seznam.cz\/napoveda\/odkazy\/wp-json\/wp\/v2\/pages\/5\/revisions"}],"predecessor-version":[{"id":376,"href":"https:\/\/o-seznam.cz\/napoveda\/odkazy\/wp-json\/wp\/v2\/pages\/5\/revisions\/376"}],"wp:attachment":[{"href":"https:\/\/o-seznam.cz\/napoveda\/odkazy\/wp-json\/wp\/v2\/media?parent=5"}],"wp:term":[{"taxonomy":"page_category","embeddable":true,"href":"https:\/\/o-seznam.cz\/napoveda\/odkazy\/wp-json\/wp\/v2\/page_category?post=5"},{"taxonomy":"page_tag","embeddable":true,"href":"https:\/\/o-seznam.cz\/napoveda\/odkazy\/wp-json\/wp\/v2\/page_tag?post=5"},{"taxonomy":"service_status_category","embeddable":true,"href":"https:\/\/o-seznam.cz\/napoveda\/odkazy\/wp-json\/wp\/v2\/service_status_category?post=5"}],"curies":[{"name":"wp","href":"https:\/\/api.w.org\/{rel}","templated":true}]}}