{"id":14,"date":"2025-07-25T14:18:17","date_gmt":"2025-07-25T12:18:17","guid":{"rendered":"https:\/\/o-seznam.cz\/napoveda\/odkazy\/?page_id=14"},"modified":"2025-08-15T14:29:03","modified_gmt":"2025-08-15T12:29:03","slug":"co-je-to-odkaz","status":"publish","type":"page","link":"https:\/\/o-seznam.cz\/napoveda\/odkazy\/nejcastejsi-otazky-k-odkazum\/co-je-to-odkaz\/","title":{"rendered":"Co je to odkaz"},"content":{"rendered":"\n<div class=\"wp-block-group is-layout-constrained wp-block-group-is-layout-constrained\">\n<h2 class=\"wp-block-heading\">Co je to odkaz v katalogu WWW str\u00e1nek?<\/h2>\n\n\n\n<div class=\"wp-block-group is-layout-constrained wp-block-group-is-layout-constrained\">\n<p class=\"is-style-link-external\">Odkaz je stru\u010dnou informac\u00ed o internetov\u00e9 str\u00e1nce. Obsahuje n\u00e1zev, popisek a adresu URL (nap\u0159.: <a href=\"http:\/\/www.seznam.cz\" target=\"_blank\" rel=\"noreferrer noopener\">http:\/\/www.seznam.cz<\/a>), na kterou m\u016f\u017eete kliknout a zobrazit si tak danou str\u00e1nku ve sv\u00e9m internetov\u00e9m prohl\u00ed\u017ee\u010di.<\/p>\n\n\n\n<p>Sou\u010d\u00e1st\u00ed odkazu je tak\u00e9 velk\u00fd n\u00e1hled internetov\u00e9 str\u00e1nky.<\/p>\n\n\n\n<figure class=\"wp-block-image size-full\"><img loading=\"lazy\" decoding=\"async\" width=\"632\" height=\"556\" src=\"https:\/\/o-seznam.cz\/napoveda\/odkazy\/wp-content\/uploads\/sites\/28\/2025\/07\/odkazy-nahled-7-25-1.png\" alt=\"\" class=\"wp-image-15\" srcset=\"https:\/\/o-seznam.cz\/napoveda\/odkazy\/wp-content\/uploads\/sites\/28\/2025\/07\/odkazy-nahled-7-25-1.png 632w, https:\/\/o-seznam.cz\/napoveda\/odkazy\/wp-content\/uploads\/sites\/28\/2025\/07\/odkazy-nahled-7-25-1-320x282.png 320w\" sizes=\"auto, (max-width: 632px) 100vw, 632px\" \/><\/figure>\n<\/div>\n<\/div>\n","protected":false},"excerpt":{"rendered":"<p>Co je to odkaz v katalogu WWW str\u00e1nek? Odkaz je stru\u010dnou informac\u00ed o internetov\u00e9 str\u00e1nce. Obsahuje n\u00e1zev, popisek a adresu URL (nap\u0159.: http:\/\/www.seznam.cz), na kterou m\u016f\u017eete kliknout a zobrazit si tak danou str\u00e1nku ve sv\u00e9m internetov\u00e9m prohl\u00ed\u017ee\u010di. Sou\u010d\u00e1st\u00ed odkazu je tak\u00e9 velk\u00fd n\u00e1hled internetov\u00e9 str\u00e1nky.<\/p>\n","protected":false},"author":67,"featured_media":0,"parent":19,"menu_order":0,"comment_status":"closed","ping_status":"closed","template":"page-sidemenu","meta":{"_acf_changed":false,"_relevanssi_hide_post":"","_relevanssi_hide_content":"","_relevanssi_pin_for_all":"","_relevanssi_pin_keywords":"","_relevanssi_unpin_keywords":"","_relevanssi_related_keywords":"","_relevanssi_related_include_ids":"","_relevanssi_related_exclude_ids":"","_relevanssi_related_no_append":"","_relevanssi_related_not_related":"","_relevanssi_related_posts":"1","_relevanssi_noindex_reason":"","footnotes":""},"page_category":[31],"page_tag":[],"service_status_category":[],"class_list":["post-14","page","type-page","status-publish","hentry"],"acf":[],"_links":{"self":[{"href":"https:\/\/o-seznam.cz\/napoveda\/odkazy\/wp-json\/wp\/v2\/pages\/14","targetHints":{"allow":["GET"]}}],"collection":[{"href":"https:\/\/o-seznam.cz\/napoveda\/odkazy\/wp-json\/wp\/v2\/pages"}],"about":[{"href":"https:\/\/o-seznam.cz\/napoveda\/odkazy\/wp-json\/wp\/v2\/types\/page"}],"author":[{"embeddable":true,"href":"https:\/\/o-seznam.cz\/napoveda\/odkazy\/wp-json\/wp\/v2\/users\/67"}],"replies":[{"embeddable":true,"href":"https:\/\/o-seznam.cz\/napoveda\/odkazy\/wp-json\/wp\/v2\/comments?post=14"}],"version-history":[{"count":3,"href":"https:\/\/o-seznam.cz\/napoveda\/odkazy\/wp-json\/wp\/v2\/pages\/14\/revisions"}],"predecessor-version":[{"id":18,"href":"https:\/\/o-seznam.cz\/napoveda\/odkazy\/wp-json\/wp\/v2\/pages\/14\/revisions\/18"}],"up":[{"embeddable":true,"href":"https:\/\/o-seznam.cz\/napoveda\/odkazy\/wp-json\/wp\/v2\/pages\/19"}],"wp:attachment":[{"href":"https:\/\/o-seznam.cz\/napoveda\/odkazy\/wp-json\/wp\/v2\/media?parent=14"}],"wp:term":[{"taxonomy":"page_category","embeddable":true,"href":"https:\/\/o-seznam.cz\/napoveda\/odkazy\/wp-json\/wp\/v2\/page_category?post=14"},{"taxonomy":"page_tag","embeddable":true,"href":"https:\/\/o-seznam.cz\/napoveda\/odkazy\/wp-json\/wp\/v2\/page_tag?post=14"},{"taxonomy":"service_status_category","embeddable":true,"href":"https:\/\/o-seznam.cz\/napoveda\/odkazy\/wp-json\/wp\/v2\/service_status_category?post=14"}],"curies":[{"name":"wp","href":"https:\/\/api.w.org\/{rel}","templated":true}]}}