{"id":16,"date":"2024-11-04T14:13:09","date_gmt":"2024-11-04T13:13:09","guid":{"rendered":"https:\/\/o-seznam.cz\/napoveda\/medium\/?page_id=16"},"modified":"2024-11-04T14:13:27","modified_gmt":"2024-11-04T13:13:27","slug":"zakladni-informace","status":"publish","type":"page","link":"https:\/\/o-seznam.cz\/napoveda\/medium\/zakladni-informace\/","title":{"rendered":"Z\u00e1kladn\u00ed informace"},"content":{"rendered":"\n<p>Pokud p\u00ed\u0161ete autorsk\u00e9 \u010dl\u00e1nky a post\u0159ehy na nejr\u016fzn\u011bj\u0161\u00ed t\u00e9mata, M\u00e9dium.cz je otev\u0159en\u00e1 platforma p\u0159esn\u011b pro v\u00e1s. Va\u0161e texty zde mohou potenci\u00e1ln\u011b oslovit bezm\u00e1la 2,5 milionu \u010dten\u00e1\u0159\u016f, kte\u0159\u00ed m\u011bs\u00ed\u010dn\u011b str\u00e1nku nav\u0161t\u00edv\u00ed. Aby v\u00e1\u0161 text mohl na str\u00e1nk\u00e1ch vyj\u00edt, sta\u010d\u00ed dodr\u017eovat na\u0161e <a class=\"is-style-link-external\" href=\"https:\/\/medium.seznam.cz\/clanek\/seznam-medium-smluvni-podminky-sluzby-seznam-medium-1\" target=\"_blank\" rel=\"noreferrer noopener\">podm\u00ednky<\/a> a pravidla, inspirovat se m\u016f\u017eete tak\u00e9 <a class=\"is-style-link-external\" href=\"https:\/\/medium.seznam.cz\/clanek\/seznam-medium-desatero-dobreho-textu-3\" target=\"_blank\" rel=\"noreferrer noopener\">radami pro autory<\/a>. &nbsp;<\/p>\n\n\n\n<div class=\"wp-block-group is-layout-constrained wp-block-group-is-layout-constrained\">\n<h2 class=\"wp-block-heading\">Registrace<\/h2>\n\n\n\n<p>Zaregistrovat se m\u016f\u017eete velmi jednodu\u0161e pomoc\u00ed e-mailu. Ve sv\u00e9m profilu m\u016f\u017eete uv\u00e9st informace, kter\u00e9 o sob\u011b chcete \u010dten\u00e1\u0159\u016fm prozradit. Pak sta\u010d\u00ed kliknout na tla\u010d\u00edtko \u201eP\u0159idat \u010dl\u00e1nek\u201c a vytvo\u0159it tak sv\u016fj prvn\u00ed text na M\u00e9dium.cz. V redak\u010dn\u00edm syst\u00e9mu d\u00e1le najdete p\u0159ehledn\u011b v\u0161echno pot\u0159ebn\u00e9 pro vytvo\u0159en\u00ed atraktivn\u00edho \u010dl\u00e1nku, v\u010detn\u011b datab\u00e1ze fotografi\u00ed. Pak u\u017e jen sta\u010d\u00ed \u010dl\u00e1nek zve\u0159ejnit. Statistiky p\u0159\u00edmo v administra\u010dn\u00edm syst\u00e9mu v\u00e1m uk\u00e1\u017eou, jak si v\u00e1\u0161 text vede u \u010dten\u00e1\u0159\u016f a n\u00e1sledn\u011b i v r\u00e1mci p\u0159\u00edpadn\u00e9 monetizace.<\/p>\n<\/div>\n\n\n\n<div class=\"wp-block-group is-layout-constrained wp-block-group-is-layout-constrained\">\n<h2 class=\"wp-block-heading\">Editorsk\u00e1 kontrola<\/h2>\n\n\n\n<p>Ka\u017ed\u00fd \u010dl\u00e1nek se zobrazuje nejprve na profilu, edito\u0159i p\u0159i kontrole mohou \u010dl\u00e1nek za\u0159adit tak\u00e9 do tematick\u00e9 sekce na hlavn\u00ed str\u00e1nce M\u00e9dia, ty nejlep\u0161\u00ed texty i na homepage Seznam.cz. Edito\u0159i autora informuj\u00ed prost\u0159ednictv\u00edm notifikace o za\u0159azen\u00ed \u010dl\u00e1nku, p\u0159\u00edpadn\u011b ho kontaktuj\u00ed s doporu\u010den\u00edmi pro zlep\u0161en\u00ed \u010di opravu textu. U\u017eite\u010dn\u00e9 rady pro tvorbu \u00fasp\u011b\u0161n\u00e9ho obsahu najdete v <a class=\"is-style-link-external\" href=\"https:\/\/medium.seznam.cz\/clanek\/editor-seznam-medium-chci-aby-se-muj-clanek-dostal-na-domovskou-stranku-seznam-cz-na-co-si-dat-pozor-6542\" target=\"_blank\" rel=\"noreferrer noopener\">na\u0161ich tipech<\/a>. Doporu\u010dujeme tak\u00e9 sv\u00e9 \u010dl\u00e1nky sd\u00edlet na soci\u00e1ln\u00edch s\u00edt\u00edch. &nbsp;<\/p>\n<\/div>\n\n\n\n<div class=\"wp-block-group is-layout-constrained wp-block-group-is-layout-constrained\">\n<h2 class=\"wp-block-heading\">Monetizace<\/h2>\n\n\n\n<p>Pokud va\u0161e \u010dl\u00e1nky dos\u00e1hnou \u00fahrnem alespo\u0148 100 000 zhl\u00e9dnut\u00ed, m\u016f\u017eete se zapojit do programu Seznam Partner (mo\u017enost a detaily se zobraz\u00ed v administra\u010dn\u00edm syst\u00e9mu) a z\u00edskat provizi z reklamy, kterou u \u010dl\u00e1nk\u016f zobrazujeme. Abychom v\u00e1m ji mohli poslat, je t\u0159eba do Klientsk\u00e9 z\u00f3ny zadat va\u0161e faktura\u010dn\u00ed \u00fadaje a \u00fa\u010det fyzicky ov\u011b\u0159it. Provize vypl\u00e1c\u00edme formou faktury jednou m\u011bs\u00ed\u010dn\u011b, pokud odm\u011bna dos\u00e1hla alespo\u0148 1 000 K\u010d. Pokud jste zrovna vyd\u011blali m\u011bs\u00ed\u010dn\u011b m\u00e9n\u011b, o sv\u00e9 pen\u00edze nep\u0159ijdete. \u010c\u00e1stky v\u00e1m kumulujeme a\u017e do chv\u00edle, kdy dos\u00e1hnete hranice 1 000 K\u010d, a n\u00e1sledn\u011b v\u00e1m v\u00fdplatu po\u0161leme.<\/p>\n<\/div>\n","protected":false},"excerpt":{"rendered":"<p>Pokud p\u00ed\u0161ete autorsk\u00e9 \u010dl\u00e1nky a post\u0159ehy na nejr\u016fzn\u011bj\u0161\u00ed t\u00e9mata, M\u00e9dium.cz je otev\u0159en\u00e1 platforma p\u0159esn\u011b pro v\u00e1s. Va\u0161e texty zde mohou potenci\u00e1ln\u011b oslovit bezm\u00e1la 2,5 milionu \u010dten\u00e1\u0159\u016f, kte\u0159\u00ed m\u011bs\u00ed\u010dn\u011b str\u00e1nku nav\u0161t\u00edv\u00ed. Aby v\u00e1\u0161 text mohl na str\u00e1nk\u00e1ch vyj\u00edt, sta\u010d\u00ed dodr\u017eovat na\u0161e podm\u00ednky a pravidla, inspirovat se m\u016f\u017eete tak\u00e9 radami pro autory. &nbsp; Registrace Zaregistrovat se m\u016f\u017eete [&hellip;]<\/p>\n","protected":false},"author":12,"featured_media":0,"parent":0,"menu_order":1,"comment_status":"closed","ping_status":"closed","template":"page-sidemenu","meta":{"_acf_changed":false,"_relevanssi_hide_post":"","_relevanssi_hide_content":"","_relevanssi_pin_for_all":"","_relevanssi_pin_keywords":"","_relevanssi_unpin_keywords":"","_relevanssi_related_keywords":"","_relevanssi_related_include_ids":"","_relevanssi_related_exclude_ids":"","_relevanssi_related_no_append":"","_relevanssi_related_not_related":"","_relevanssi_related_posts":"","_relevanssi_noindex_reason":"","footnotes":""},"page_category":[3],"page_tag":[],"service_status_category":[],"class_list":["post-16","page","type-page","status-publish","hentry"],"acf":[],"_links":{"self":[{"href":"https:\/\/o-seznam.cz\/napoveda\/medium\/wp-json\/wp\/v2\/pages\/16","targetHints":{"allow":["GET"]}}],"collection":[{"href":"https:\/\/o-seznam.cz\/napoveda\/medium\/wp-json\/wp\/v2\/pages"}],"about":[{"href":"https:\/\/o-seznam.cz\/napoveda\/medium\/wp-json\/wp\/v2\/types\/page"}],"author":[{"embeddable":true,"href":"https:\/\/o-seznam.cz\/napoveda\/medium\/wp-json\/wp\/v2\/users\/12"}],"replies":[{"embeddable":true,"href":"https:\/\/o-seznam.cz\/napoveda\/medium\/wp-json\/wp\/v2\/comments?post=16"}],"version-history":[{"count":1,"href":"https:\/\/o-seznam.cz\/napoveda\/medium\/wp-json\/wp\/v2\/pages\/16\/revisions"}],"predecessor-version":[{"id":17,"href":"https:\/\/o-seznam.cz\/napoveda\/medium\/wp-json\/wp\/v2\/pages\/16\/revisions\/17"}],"wp:attachment":[{"href":"https:\/\/o-seznam.cz\/napoveda\/medium\/wp-json\/wp\/v2\/media?parent=16"}],"wp:term":[{"taxonomy":"page_category","embeddable":true,"href":"https:\/\/o-seznam.cz\/napoveda\/medium\/wp-json\/wp\/v2\/page_category?post=16"},{"taxonomy":"page_tag","embeddable":true,"href":"https:\/\/o-seznam.cz\/napoveda\/medium\/wp-json\/wp\/v2\/page_tag?post=16"},{"taxonomy":"service_status_category","embeddable":true,"href":"https:\/\/o-seznam.cz\/napoveda\/medium\/wp-json\/wp\/v2\/service_status_category?post=16"}],"curies":[{"name":"wp","href":"https:\/\/api.w.org\/{rel}","templated":true}]}}