{"id":89,"date":"2024-10-19T00:20:52","date_gmt":"2024-10-18T22:20:52","guid":{"rendered":"https:\/\/o-seznam.cz\/napoveda\/klientska-zona\/?page_id=89"},"modified":"2025-10-13T09:53:31","modified_gmt":"2025-10-13T07:53:31","slug":"smluvni-podminky-sluzby","status":"publish","type":"page","link":"https:\/\/o-seznam.cz\/napoveda\/klientska-zona\/smluvni-podminky-sluzby\/","title":{"rendered":"Smluvn\u00ed podm\u00ednky slu\u017eby Klientsk\u00e1 z\u00f3na a Pen\u011b\u017eenka"},"content":{"rendered":"\n<div class=\"wp-block-group is-layout-constrained wp-block-group-is-layout-constrained\">\n<p><a href=\"https:\/\/o-seznam.cz\/napoveda\/klientska-zona\/smluvni-podminky-sluzby\/klientska-zona-a-penezenka-od-4-11-2024\">Smluvn\u00ed podm\u00ednky slu\u017eby Klientsk\u00e1 z\u00f3na a Pen\u011b\u017eenka<\/a> \u2013 \u00fa\u010dinn\u00e9 od 4. 11. 2024<\/p>\n\n\n\n<p><a href=\"https:\/\/o-seznam.cz\/napoveda\/klientska-zona\/smluvni-podminky-sluzby\/klientska-zona-a-penezenka-od-1-6-2023\">Smluvn\u00ed podm\u00ednky slu\u017eby Klientsk\u00e1 z\u00f3na a Pen\u011b\u017eenka<\/a> \u2013 \u00fa\u010dinn\u00e9 od 1. 6. 2023<\/p>\n\n\n\n<p><a href=\"https:\/\/o-seznam.cz\/napoveda\/klientska-zona\/smluvni-podminky-sluzby\/klientska-zona-a-penezenka-od-1-6-2020\">Smluvn\u00ed podm\u00ednky slu\u017eby Klientsk\u00e1 z\u00f3na a Pen\u011b\u017eenka<\/a> \u2013 \u00fa\u010dinn\u00e9 od 1. 6. 2020<\/p>\n\n\n\n<p><a href=\"https:\/\/o-seznam.cz\/napoveda\/klientska-zona\/smluvni-podminky-sluzby\/client-zone-and-wallet-valid-from-4-11-2024\/\" data-type=\"link\" data-id=\"https:\/\/o-seznam.cz\/napoveda\/klientska-zona\/smluvni-podminky-sluzby\/client-zone-and-wallet-valid-from-4-11-2024\/\">Terms and Conditions for Client Zone and Wallet<\/a> \u2013 valid from 4. 11.2024<\/p>\n<\/div>\n","protected":false},"excerpt":{"rendered":"<p>Smluvn\u00ed podm\u00ednky slu\u017eby Klientsk\u00e1 z\u00f3na a Pen\u011b\u017eenka \u2013 \u00fa\u010dinn\u00e9 od 4. 11. 2024 Smluvn\u00ed podm\u00ednky slu\u017eby Klientsk\u00e1 z\u00f3na a Pen\u011b\u017eenka \u2013 \u00fa\u010dinn\u00e9 od 1. 6. 2023 Smluvn\u00ed podm\u00ednky slu\u017eby Klientsk\u00e1 z\u00f3na a Pen\u011b\u017eenka \u2013 \u00fa\u010dinn\u00e9 od 1. 6. 2020 Terms and Conditions for Client Zone and Wallet \u2013 valid from 4. 11.2024<\/p>\n","protected":false},"author":6,"featured_media":0,"parent":0,"menu_order":100,"comment_status":"closed","ping_status":"closed","template":"page-sidemenu","meta":{"_acf_changed":false,"_relevanssi_hide_post":"","_relevanssi_hide_content":"","_relevanssi_pin_for_all":"","_relevanssi_pin_keywords":"","_relevanssi_unpin_keywords":"","_relevanssi_related_keywords":"","_relevanssi_related_include_ids":"","_relevanssi_related_exclude_ids":"","_relevanssi_related_no_append":"","_relevanssi_related_not_related":"","_relevanssi_related_posts":"","_relevanssi_noindex_reason":"","footnotes":""},"page_category":[3],"page_tag":[],"service_status_category":[],"class_list":["post-89","page","type-page","status-publish","hentry"],"acf":[],"_links":{"self":[{"href":"https:\/\/o-seznam.cz\/napoveda\/klientska-zona\/wp-json\/wp\/v2\/pages\/89","targetHints":{"allow":["GET"]}}],"collection":[{"href":"https:\/\/o-seznam.cz\/napoveda\/klientska-zona\/wp-json\/wp\/v2\/pages"}],"about":[{"href":"https:\/\/o-seznam.cz\/napoveda\/klientska-zona\/wp-json\/wp\/v2\/types\/page"}],"author":[{"embeddable":true,"href":"https:\/\/o-seznam.cz\/napoveda\/klientska-zona\/wp-json\/wp\/v2\/users\/6"}],"replies":[{"embeddable":true,"href":"https:\/\/o-seznam.cz\/napoveda\/klientska-zona\/wp-json\/wp\/v2\/comments?post=89"}],"version-history":[{"count":15,"href":"https:\/\/o-seznam.cz\/napoveda\/klientska-zona\/wp-json\/wp\/v2\/pages\/89\/revisions"}],"predecessor-version":[{"id":323,"href":"https:\/\/o-seznam.cz\/napoveda\/klientska-zona\/wp-json\/wp\/v2\/pages\/89\/revisions\/323"}],"wp:attachment":[{"href":"https:\/\/o-seznam.cz\/napoveda\/klientska-zona\/wp-json\/wp\/v2\/media?parent=89"}],"wp:term":[{"taxonomy":"page_category","embeddable":true,"href":"https:\/\/o-seznam.cz\/napoveda\/klientska-zona\/wp-json\/wp\/v2\/page_category?post=89"},{"taxonomy":"page_tag","embeddable":true,"href":"https:\/\/o-seznam.cz\/napoveda\/klientska-zona\/wp-json\/wp\/v2\/page_tag?post=89"},{"taxonomy":"service_status_category","embeddable":true,"href":"https:\/\/o-seznam.cz\/napoveda\/klientska-zona\/wp-json\/wp\/v2\/service_status_category?post=89"}],"curies":[{"name":"wp","href":"https:\/\/api.w.org\/{rel}","templated":true}]}}