{"id":5,"date":"2024-06-18T16:14:11","date_gmt":"2024-06-18T14:14:11","guid":{"rendered":"https:\/\/o-seznam.cz\/napoveda\/garant\/?page_id=5"},"modified":"2025-04-23T08:21:19","modified_gmt":"2025-04-23T06:21:19","slug":"napoveda-garant","status":"publish","type":"page","link":"https:\/\/o-seznam.cz\/napoveda\/garant\/","title":{"rendered":"Seznam Garant"},"content":{"rendered":"\n<div class=\"wp-block-group alignwide is-layout-constrained wp-block-group-is-layout-constrained\"><div class=\"alignwide alignwide wp-block-seznam-hero\"><div class=\"cover is-hero is-hero-default has-mobile-image bg-neutral-40\"><img decoding=\"async\" width=\"1280\" height=\"476\" src=\"https:\/\/o-seznam.cz\/napoveda\/garant\/wp-content\/uploads\/sites\/8\/2024\/08\/seznam-garant.jpg\" class=\"cover__media cover__media--desktop\" alt=\"\" fetchpriority=\"high\" srcset=\"https:\/\/o-seznam.cz\/napoveda\/garant\/wp-content\/uploads\/sites\/8\/2024\/08\/seznam-garant.jpg 2557w, https:\/\/o-seznam.cz\/napoveda\/garant\/wp-content\/uploads\/sites\/8\/2024\/08\/seznam-garant-992x369.jpg 992w, https:\/\/o-seznam.cz\/napoveda\/garant\/wp-content\/uploads\/sites\/8\/2024\/08\/seznam-garant-1984x737.jpg 1984w, https:\/\/o-seznam.cz\/napoveda\/garant\/wp-content\/uploads\/sites\/8\/2024\/08\/seznam-garant-320x119.jpg 320w, https:\/\/o-seznam.cz\/napoveda\/garant\/wp-content\/uploads\/sites\/8\/2024\/08\/seznam-garant-768x285.jpg 768w, https:\/\/o-seznam.cz\/napoveda\/garant\/wp-content\/uploads\/sites\/8\/2024\/08\/seznam-garant-1536x571.jpg 1536w, https:\/\/o-seznam.cz\/napoveda\/garant\/wp-content\/uploads\/sites\/8\/2024\/08\/seznam-garant-2048x761.jpg 2048w\" sizes=\"(max-width: 1280px) 100vw, 1280px\" \/><img decoding=\"async\" width=\"608\" height=\"725\" src=\"https:\/\/o-seznam.cz\/napoveda\/garant\/wp-content\/uploads\/sites\/8\/2024\/08\/seznam-garant-mob.jpg\" class=\"cover__media cover__media--mobile\" alt=\"\" fetchpriority=\"high\" srcset=\"https:\/\/o-seznam.cz\/napoveda\/garant\/wp-content\/uploads\/sites\/8\/2024\/08\/seznam-garant-mob.jpg 1040w, https:\/\/o-seznam.cz\/napoveda\/garant\/wp-content\/uploads\/sites\/8\/2024\/08\/seznam-garant-mob-832x992.jpg 832w, https:\/\/o-seznam.cz\/napoveda\/garant\/wp-content\/uploads\/sites\/8\/2024\/08\/seznam-garant-mob-268x320.jpg 268w, https:\/\/o-seznam.cz\/napoveda\/garant\/wp-content\/uploads\/sites\/8\/2024\/08\/seznam-garant-mob-768x916.jpg 768w\" sizes=\"(max-width: 608px) 100vw, 608px\" \/><div class=\"cover__dim\" style=\"opacity:0.1\"><\/div><div class=\"cover__content is-layout-constrained\">\n\n<h1 class=\"wp-block-heading has-text-align-left\">N\u00e1pov\u011bda<br>Seznam Garant<\/h1>\n\n\n\n<div class=\"wp-block-group is-content-justification-left is-layout-constrained wp-container-core-group-is-layout-59d06cab wp-block-group-is-layout-constrained\">\n<p>Seznam Garant je reklamn\u00ed syst\u00e9m provozovan\u00fd spole\u010dnost\u00ed Seznam pro n\u00e1kup garantovan\u00e9 reklamy.<\/p>\n<\/div>\n\n<\/div><\/div><\/div>\n\n\n<\/div>\n\n\n\n<div class=\"wp-block-group is-layout-constrained wp-block-group-is-layout-constrained\">\n<h2 class=\"wp-block-heading\">N\u00e1pov\u011bda pro Seznam Garant<\/h2>\n\n\n<div class=\"wp-block-seznam-list-pages\"><div>\n<div style=\"--seznam-tiles--columns:3\" class=\"wp-block-seznam-tiles has-columns-3\"><div class=\"inner-blocks\">\n<div class=\"block-boxlink\"><a class=\"boxlink boxlink--icon-arrow boxlink--align-y-center px-f8 py-f4\" href=\"https:\/\/o-seznam.cz\/napoveda\/garant\/co-je-seznam-garant\/\"><div class=\"inner-blocks\">Co je Seznam Garant<\/div><\/a><\/div><div class=\"block-boxlink\"><a class=\"boxlink boxlink--icon-arrow boxlink--align-y-center px-f8 py-f4\" href=\"https:\/\/o-seznam.cz\/napoveda\/garant\/jak-zacit\/\"><div class=\"inner-blocks\">Jak za\u010d\u00edt inzerovat<\/div><\/a><\/div><div class=\"block-boxlink\"><a class=\"boxlink boxlink--icon-arrow boxlink--align-y-center px-f8 py-f4\" href=\"https:\/\/o-seznam.cz\/napoveda\/garant\/objednavka\/\"><div class=\"inner-blocks\">Objedn\u00e1vka<\/div><\/a><\/div><div class=\"block-boxlink\"><a class=\"boxlink boxlink--icon-arrow boxlink--align-y-center px-f8 py-f4\" href=\"https:\/\/o-seznam.cz\/napoveda\/garant\/kampan\/\"><div class=\"inner-blocks\">Kampa\u0148<\/div><\/a><\/div><div class=\"block-boxlink\"><a class=\"boxlink boxlink--icon-arrow boxlink--align-y-center px-f8 py-f4\" href=\"https:\/\/o-seznam.cz\/napoveda\/garant\/sestava\/\"><div class=\"inner-blocks\">Sestava<\/div><\/a><\/div><div class=\"block-boxlink\"><a class=\"boxlink boxlink--icon-arrow boxlink--align-y-center px-f8 py-f4\" href=\"https:\/\/o-seznam.cz\/napoveda\/garant\/reklama\/\"><div class=\"inner-blocks\">Reklama<\/div><\/a><\/div><div class=\"block-boxlink\"><a class=\"boxlink boxlink--icon-arrow boxlink--align-y-center px-f8 py-f4\" href=\"https:\/\/o-seznam.cz\/napoveda\/garant\/statistiky\/\"><div class=\"inner-blocks\">Statistiky<\/div><\/a><\/div><div class=\"block-boxlink\"><a class=\"boxlink boxlink--icon-arrow boxlink--align-y-center px-f8 py-f4\" href=\"https:\/\/o-seznam.cz\/napoveda\/garant\/nastaveni-uctu\/\"><div class=\"inner-blocks\">Nastaven\u00ed \u00fa\u010dtu<\/div><\/a><\/div><div class=\"block-boxlink\"><a class=\"boxlink boxlink--icon-arrow boxlink--align-y-center px-f8 py-f4\" href=\"https:\/\/o-seznam.cz\/napoveda\/garant\/pravidla\/\"><div class=\"inner-blocks\">Pravidla a specifikace<\/div><\/a><\/div><div class=\"block-boxlink\"><a class=\"boxlink boxlink--icon-arrow boxlink--align-y-center px-f8 py-f4\" href=\"https:\/\/o-seznam.cz\/napoveda\/garant\/smluvni-podminky-2\/\"><div class=\"inner-blocks\">Smluvn\u00ed podm\u00ednky od 7.7.2025<\/div><\/a><\/div><\/div><\/div>\n\n<\/div><\/div>\n<\/div>\n\n\n\n<div class=\"wp-block-group is-layout-constrained wp-block-group-is-layout-constrained\">\n<h2 class=\"wp-block-heading\">Nej\u010dast\u011bj\u0161\u00ed dotazy<\/h2>\n\n\n\n<div class=\"accordion\">\n\t<div class=\"accordion__items\">\n\n<details class=\"expander is-style-default\">\n\t<summary data-datalayer-name=\"\" data-datalayer-text=\"Co je to Seznam Garant?\">\n\t\t\t\t<strong>Co je to Seznam Garant?<\/strong>\n\t\t\t<\/summary>\n\t<div class=\"inner-blocks\">\n\n<p>Reklamn\u00ed syst\u00e9m pro n\u00e1kup garantovan\u00e9 reklamy, kdy za p\u0159edem zn\u00e1mou cenu nakoup\u00edte ur\u010dit\u00fd po\u010det zobrazen\u00ed ve zvolen\u00e9m \u010dasov\u00e9m intervalu na konkr\u00e9tn\u00edm m\u00edst\u011b na webu. V\u00edce informac\u00ed <a href=\"https:\/\/o-seznam.cz\/reklama\/garant\/\">najdete zde<\/a>.<\/p>\n\n<\/div><\/details>\n\n\n\n<details class=\"expander is-style-default\">\n\t<summary data-datalayer-name=\"\" data-datalayer-text=\"Jak se dostanu do Seznam Garantu?\">\n\t\t\t\t<strong>Jak se dostanu do Seznam Garantu?<\/strong>\n\t\t\t<\/summary>\n\t<div class=\"inner-blocks\">\n\n<p class=\"is-style-link-external\">Do rozhran\u00ed reklamn\u00edho syst\u00e9mu Seznam Garant se prokliknete p\u0159es tla\u010d\u00edtko Seznam Garant v nab\u00eddce v prav\u00e9m horn\u00edm rohu ve va\u0161em Sklik \u00fa\u010dtu. Nebo m\u016f\u017eete pokra\u010dovat <a href=\"https:\/\/klient.seznam.cz\/registration\/sgarant?return_url=https%3A%2F%2Fwww.sklik.cz%2F%2Fsgarant%2Forders\" target=\"_blank\" rel=\"noreferrer noopener\">zde<\/a>.<\/p>\n\n<\/div><\/details>\n\n\n\n<details class=\"expander is-style-default\">\n\t<summary data-datalayer-name=\"\" data-datalayer-text=\"Kolik za Seznam Garant zaplat\u00edm?\">\n\t\t\t\t<strong>Kolik za Seznam Garant zaplat\u00edm?<\/strong>\n\t\t\t<\/summary>\n\t<div class=\"inner-blocks\">\n\n<p class=\"is-style-default\">V Seznam Garantu nakoup\u00edte garantovan\u00e1 zobrazen\u00ed na konkr\u00e9tn\u00edch webech a reklamn\u00edch ploch\u00e1ch. Vybran\u00e9 plochy nab\u00edzen\u00e9 v syst\u00e9mu se \u0159\u00edd\u00ed aktu\u00e1ln\u011b platn\u00fdm Souhrnn\u00fdm cen\u00edkem internetov\u00e9 reklamy na Seznam.cz. V\u00edce informac\u00ed se dozv\u00edte <a href=\"https:\/\/o-seznam.cz\/napoveda\/garant\/co-je-seznam-garant\/#cenik\">zde<\/a>.<\/p>\n\n<\/div><\/details>\n\n<\/div><\/div>\n\n<\/div>\n\n\n\n<div class=\"wp-block-group is-layout-constrained wp-block-group-is-layout-constrained\"><div class=\"align wp-block-seznam-stream\"><div class=\"streamAdvanced \">\n\t<button data-stream-video-advanced=\"65275490\">\n\t\t<img loading=\"lazy\" decoding=\"async\" width=\"1280\" height=\"720\" src=\"https:\/\/o-seznam.cz\/napoveda\/garant\/wp-content\/uploads\/sites\/8\/2024\/09\/seznam-garant-video-1280x720.jpg\" class=\"attachment-ipq-1280x720-true size-ipq-1280x720-true\" alt=\"\" srcset=\"https:\/\/o-seznam.cz\/napoveda\/garant\/wp-content\/uploads\/sites\/8\/2024\/09\/seznam-garant-video-1280x720.jpg 1280w, https:\/\/o-seznam.cz\/napoveda\/garant\/wp-content\/uploads\/sites\/8\/2024\/09\/seznam-garant-video-992x558.jpg 992w\" sizes=\"auto, (max-width: 1280px) 100vw, 1280px\" \/>\t\t<div class=\"streamAdvanced__button\">\n\t\t\t<div>\n\t\t\t\tJak vytvo\u0159it objedn\u00e1vku?\t\t\t\t\t\t\t<\/div>\n\t\t<\/div>\n\t<\/button>\n<\/div>\n<\/div><\/div>\n\n\n\n<div class=\"wp-block-group is-layout-constrained wp-container-core-group-is-layout-2815f435 wp-block-group-is-layout-constrained\">\n<div class=\"wp-block-seznam-box is-layout-flow wp-block-seznam-box-is-layout-flow\">\n<h2 class=\"wp-block-heading\">Nev\u00edte si rady nebo m\u00e1te dotaz?<\/h2>\n\n\n\n<p>Pot\u0159ebujete poradit s registrac\u00ed do Seznam Garantu, objedn\u00e1vkou nebo s n\u011b\u010d\u00edm jin\u00fdm? Dejte n\u00e1m v\u011bd\u011bt a my se v\u00e1m ozveme.<\/p>\n\n\n\n<div class=\"wp-block-buttons is-layout-flex wp-block-buttons-is-layout-flex\">\n<div class=\"wp-block-button is-style-secondary-2\"><a class=\"wp-block-button__link has-text-align-center wp-element-button\" href=\"https:\/\/o-seznam.cz\/napoveda\/garant\/kontakt\/\">Zeptat se<\/a><\/div>\n<\/div>\n<\/div>\n<\/div>\n","protected":false},"excerpt":{"rendered":"<p>N\u00e1pov\u011bda pro Seznam Garant Nej\u010dast\u011bj\u0161\u00ed dotazy<\/p>\n","protected":false},"author":2,"featured_media":0,"parent":0,"menu_order":0,"comment_status":"closed","ping_status":"closed","template":"page-no-head","meta":{"_acf_changed":false,"_relevanssi_hide_post":"","_relevanssi_hide_content":"","_relevanssi_pin_for_all":"","_relevanssi_pin_keywords":"","_relevanssi_unpin_keywords":"","_relevanssi_related_keywords":"","_relevanssi_related_include_ids":"","_relevanssi_related_exclude_ids":"","_relevanssi_related_no_append":"","_relevanssi_related_not_related":"","_relevanssi_related_posts":"","_relevanssi_noindex_reason":"","footnotes":""},"page_category":[3],"page_tag":[],"service_status_category":[27],"class_list":["post-5","page","type-page","status-publish","hentry"],"acf":[],"_links":{"self":[{"href":"https:\/\/o-seznam.cz\/napoveda\/garant\/wp-json\/wp\/v2\/pages\/5","targetHints":{"allow":["GET"]}}],"collection":[{"href":"https:\/\/o-seznam.cz\/napoveda\/garant\/wp-json\/wp\/v2\/pages"}],"about":[{"href":"https:\/\/o-seznam.cz\/napoveda\/garant\/wp-json\/wp\/v2\/types\/page"}],"author":[{"embeddable":true,"href":"https:\/\/o-seznam.cz\/napoveda\/garant\/wp-json\/wp\/v2\/users\/2"}],"replies":[{"embeddable":true,"href":"https:\/\/o-seznam.cz\/napoveda\/garant\/wp-json\/wp\/v2\/comments?post=5"}],"version-history":[{"count":24,"href":"https:\/\/o-seznam.cz\/napoveda\/garant\/wp-json\/wp\/v2\/pages\/5\/revisions"}],"predecessor-version":[{"id":247,"href":"https:\/\/o-seznam.cz\/napoveda\/garant\/wp-json\/wp\/v2\/pages\/5\/revisions\/247"}],"wp:attachment":[{"href":"https:\/\/o-seznam.cz\/napoveda\/garant\/wp-json\/wp\/v2\/media?parent=5"}],"wp:term":[{"taxonomy":"page_category","embeddable":true,"href":"https:\/\/o-seznam.cz\/napoveda\/garant\/wp-json\/wp\/v2\/page_category?post=5"},{"taxonomy":"page_tag","embeddable":true,"href":"https:\/\/o-seznam.cz\/napoveda\/garant\/wp-json\/wp\/v2\/page_tag?post=5"},{"taxonomy":"service_status_category","embeddable":true,"href":"https:\/\/o-seznam.cz\/napoveda\/garant\/wp-json\/wp\/v2\/service_status_category?post=5"}],"curies":[{"name":"wp","href":"https:\/\/api.w.org\/{rel}","templated":true}]}}