{"id":817,"date":"2024-12-04T16:11:29","date_gmt":"2024-12-04T15:11:29","guid":{"rendered":"https:\/\/o-seznam.cz\/napoveda\/email\/?page_id=817"},"modified":"2024-12-13T23:06:18","modified_gmt":"2024-12-13T22:06:18","slug":"vytvoreni-noveho-kontaktu","status":"publish","type":"page","link":"https:\/\/o-seznam.cz\/napoveda\/email\/kontakty-a-skupiny\/vytvoreni-noveho-kontaktu\/","title":{"rendered":"Vytvo\u0159en\u00ed nov\u00e9ho kontaktu"},"content":{"rendered":"\n<div class=\"wp-block-group is-layout-constrained wp-block-group-is-layout-constrained\">\n<p>Nov\u00fd kontakt lze vytvo\u0159it dv\u011bma zp\u016fsoby:<\/p>\n\n\n\n<div class=\"wp-block-group is-layout-constrained wp-block-group-is-layout-constrained\">\n<h3 class=\"wp-block-heading\"><strong>Vytvo\u0159en\u00ed nov\u00e9ho kontaktu v adres\u00e1\u0159i<\/strong><\/h3>\n\n\n\n<ul class=\"wp-block-list\">\n<li>V lev\u00e9m naviga\u010dn\u00edm menu schr\u00e1nky otev\u0159ete z\u00e1lo\u017eku <strong>Kontakty<\/strong>. Ta se nach\u00e1z\u00ed pod v\u00fdpisem slo\u017eek, pokud m\u00e1te v\u00edce vlastn\u00edch slo\u017eek a z\u00e1lo\u017eku nevid\u00edte, je pot\u0159eba scrollovat na konec v\u00fdpisu slo\u017eek.<\/li>\n\n\n\n<li>Klikn\u011bte na tla\u010d\u00edtko <strong>P\u0159idat kontakt<\/strong>. Otev\u0159e se formul\u00e1\u0159 pro vypln\u011bn\u00ed podrobnost\u00ed kontaktu.<\/li>\n\n\n\n<li>Pro ulo\u017een\u00ed je pot\u0159eba vyplnit alespo\u0148 jednu e-mailovou adresu nebo telefonn\u00ed \u010d\u00edslo.<\/li>\n<\/ul>\n<\/div>\n\n\n\n<div class=\"wp-block-group is-layout-constrained wp-block-group-is-layout-constrained\">\n<h3 class=\"wp-block-heading\"><strong>Vytvo\u0159en\u00ed nov\u00e9ho kontaktu z detailu zpr\u00e1vy<\/strong><\/h3>\n\n\n\n<ul class=\"wp-block-list\">\n<li>Otev\u0159ete e-mail od kontaktu, kter\u00fd chcete ulo\u017eit.<\/li>\n\n\n\n<li>V horn\u00ed \u010d\u00e1sti zpr\u00e1vy klikn\u011bte na adresu odes\u00edlatele a z nab\u00eddky vyberte <strong>Vytvo\u0159it kontakt<\/strong>.<\/li>\n\n\n\n<li>Adresa se ulo\u017e\u00ed do adres\u00e1\u0159e jako nov\u00fd z\u00e1znam. Pokud je vypln\u011bno i jm\u00e9no odes\u00edlatele, kontakt se automaticky ulo\u017e\u00ed pod t\u00edmto jm\u00e9nem, v opa\u010dn\u00e9m p\u0159\u00edpad\u011b je ulo\u017eena jen e-mailov\u00e1 adresa. <\/li>\n\n\n\n<li>Po \u00fasp\u011b\u0161n\u00e9m ulo\u017een\u00ed se zobraz\u00ed potvrzovac\u00ed dialog s mo\u017enost\u00ed <strong>P\u0159ej\u00edt do kontaktu<\/strong>. Kliknut\u00edm na tuto volbu otev\u0159ete detail kontaktu v adres\u00e1\u0159i, kde m\u016f\u017eete doplnit dal\u0161\u00ed \u00fadaje. <\/li>\n\n\n\n<li>Pokud ji\u017e adresa v kontaktech ulo\u017eena je, v nab\u00eddce nad adresou se nam\u00edsto mo\u017enosti ulo\u017een\u00ed zobraz\u00ed volba <strong>P\u0159ej\u00edt do kontaktu<\/strong>.<\/li>\n<\/ul>\n<\/div>\n\n\n\n<div class=\"wp-block-group is-layout-constrained wp-block-group-is-layout-constrained\">\n<p><strong>Import kontakt\u016f<\/strong><\/p>\n\n\n\n<p>Import kontakt\u016f z jin\u00fdch zdroj\u016f v sou\u010dasn\u00e9 dob\u011b nen\u00ed mo\u017en\u00fd.<\/p>\n<\/div>\n<\/div>\n\n\n\n<p><\/p>\n","protected":false},"excerpt":{"rendered":"<p>Nov\u00fd kontakt lze vytvo\u0159it dv\u011bma zp\u016fsoby: Vytvo\u0159en\u00ed nov\u00e9ho kontaktu v adres\u00e1\u0159i Vytvo\u0159en\u00ed nov\u00e9ho kontaktu z detailu zpr\u00e1vy Import kontakt\u016f Import kontakt\u016f z jin\u00fdch zdroj\u016f v sou\u010dasn\u00e9 dob\u011b nen\u00ed mo\u017en\u00fd.<\/p>\n","protected":false},"author":13,"featured_media":0,"parent":111,"menu_order":0,"comment_status":"closed","ping_status":"closed","template":"page-sidemenu","meta":{"_acf_changed":false,"_relevanssi_hide_post":"","_relevanssi_hide_content":"","_relevanssi_pin_for_all":"","_relevanssi_pin_keywords":"","_relevanssi_unpin_keywords":"","_relevanssi_related_keywords":"","_relevanssi_related_include_ids":"","_relevanssi_related_exclude_ids":"","_relevanssi_related_no_append":"","_relevanssi_related_not_related":"","_relevanssi_related_posts":"","_relevanssi_noindex_reason":"","footnotes":""},"page_category":[4],"page_tag":[],"service_status_category":[],"class_list":["post-817","page","type-page","status-publish","hentry"],"acf":[],"_links":{"self":[{"href":"https:\/\/o-seznam.cz\/napoveda\/email\/wp-json\/wp\/v2\/pages\/817","targetHints":{"allow":["GET"]}}],"collection":[{"href":"https:\/\/o-seznam.cz\/napoveda\/email\/wp-json\/wp\/v2\/pages"}],"about":[{"href":"https:\/\/o-seznam.cz\/napoveda\/email\/wp-json\/wp\/v2\/types\/page"}],"author":[{"embeddable":true,"href":"https:\/\/o-seznam.cz\/napoveda\/email\/wp-json\/wp\/v2\/users\/13"}],"replies":[{"embeddable":true,"href":"https:\/\/o-seznam.cz\/napoveda\/email\/wp-json\/wp\/v2\/comments?post=817"}],"version-history":[{"count":5,"href":"https:\/\/o-seznam.cz\/napoveda\/email\/wp-json\/wp\/v2\/pages\/817\/revisions"}],"predecessor-version":[{"id":1169,"href":"https:\/\/o-seznam.cz\/napoveda\/email\/wp-json\/wp\/v2\/pages\/817\/revisions\/1169"}],"up":[{"embeddable":true,"href":"https:\/\/o-seznam.cz\/napoveda\/email\/wp-json\/wp\/v2\/pages\/111"}],"wp:attachment":[{"href":"https:\/\/o-seznam.cz\/napoveda\/email\/wp-json\/wp\/v2\/media?parent=817"}],"wp:term":[{"taxonomy":"page_category","embeddable":true,"href":"https:\/\/o-seznam.cz\/napoveda\/email\/wp-json\/wp\/v2\/page_category?post=817"},{"taxonomy":"page_tag","embeddable":true,"href":"https:\/\/o-seznam.cz\/napoveda\/email\/wp-json\/wp\/v2\/page_tag?post=817"},{"taxonomy":"service_status_category","embeddable":true,"href":"https:\/\/o-seznam.cz\/napoveda\/email\/wp-json\/wp\/v2\/service_status_category?post=817"}],"curies":[{"name":"wp","href":"https:\/\/api.w.org\/{rel}","templated":true}]}}