{"id":781,"date":"2024-12-04T15:09:22","date_gmt":"2024-12-04T14:09:22","guid":{"rendered":"https:\/\/o-seznam.cz\/napoveda\/email\/?page_id=781"},"modified":"2025-11-19T11:36:44","modified_gmt":"2025-11-19T10:36:44","slug":"postovni-programy-a-aplikace","status":"publish","type":"page","link":"https:\/\/o-seznam.cz\/napoveda\/email\/mohlo-by-se-hodit\/postovni-programy-a-aplikace\/","title":{"rendered":"Po\u0161tovn\u00ed programy a aplikace"},"content":{"rendered":"\n<p>Slu\u017eby Email i Email Profi umo\u017e\u0148uj\u00ed spravovat e-mailovou schr\u00e1nku, kalend\u00e1\u0159 i adres\u00e1\u0159 p\u0159es po\u0161tovn\u00ed programy a aplikace t\u0159et\u00edch stran podporuj\u00edc\u00ed standardn\u00ed protokoly. N\u00ed\u017ee najdete obecn\u00e9 \u00fadaje pro jejich nastaven\u00ed.<\/p>\n\n\n\n<div class=\"wp-block-group is-layout-constrained wp-block-group-is-layout-constrained\">\n<div class=\"wp-block-group is-layout-constrained wp-block-group-is-layout-constrained\">\n<h2 class=\"wp-block-heading\">E-mailov\u00e1 schr\u00e1nka<\/h2>\n\n\n\n<p><strong>Nastaven\u00ed serveru pro p\u0159\u00edchoz\u00ed po\u0161tu \u2013 IMAP<\/strong><br>Adresa: imap.seznam.cz<br>Port: 993 (\u0161ifrovan\u00e9 spojen\u00ed SSL)<\/p>\n\n\n\n<p><strong>Nastaven\u00ed serveru pro p\u0159\u00edchoz\u00ed po\u0161tu \u2013 POP3<\/strong><br>Adresa: pop3.seznam.cz<br>Port: 995 (\u0161ifrovan\u00e9 spojen\u00ed SSL)<\/p>\n\n\n\n<p><strong>Nastaven\u00ed serveru pro odchoz\u00ed po\u0161tu \u2013 SMTP<br><\/strong>Adresa: smtp.seznam.cz<br>Port: 465 (\u0161ifrovan\u00e9 spojen\u00ed SSL\/TLS)<br>Je-li v nastaven\u00ed po\u0161tovn\u00edho programu volba \u201eServer vy\u017eaduje autentifikaci\u201c, mus\u00ed b\u00fdt tato volba za\u0161krtnut\u00e1.<\/p>\n\n\n\n<p>Pokud se v\u00e1m zobrazuje chybov\u00e1 hl\u00e1\u0161ka ohledn\u011b nezda\u0159en\u00e9ho p\u0159ipojen\u00ed k serveru, postupujte pros\u00edm dle n\u00e1pov\u011bdy <strong><a href=\"https:\/\/o-seznam.cz\/napoveda\/email\/mohlo-by-se-hodit\/chyby-v-postovnich-programech\/pripojeni-k-serveru-se-nezdarilo\/\" data-type=\"link\" data-id=\"https:\/\/o-seznam.cz\/napoveda\/email\/mohlo-by-se-hodit\/chyby-v-postovnich-programech\/pripojeni-k-serveru-se-nezdarilo\/\">P\u0159ipojen\u00ed k serveru se nezda\u0159ilo<\/a><\/strong>.<\/p>\n\n\n\n<p>Pro napojen\u00ed schr\u00e1nky ve slu\u017eb\u011b Email Profi v\u017edy vypl\u0148ujte do pole pro u\u017eivatelsk\u00e9 jm\u00e9no celou e-mailovou adresu, v\u010detn\u011b \u010d\u00e1sti za zavin\u00e1\u010dem.<\/p>\n<\/div>\n\n\n\n<div class=\"wp-block-group is-layout-constrained wp-block-group-is-layout-constrained\">\n<h2 class=\"wp-block-heading\">Kalend\u00e1\u0159<\/h2>\n\n\n\n<p><strong>Server:<\/strong>&nbsp;caldav.seznam.cz<br><strong>U\u017eivatel:<\/strong>&nbsp;va\u0161e cel\u00e1 e-mailov\u00e1 adresa<br><strong>Heslo:<\/strong>&nbsp;va\u0161e heslo<\/p>\n\n\n\n<p class=\"is-style-link-external\">Jestli\u017ee se v\u00e1m napojen\u00ed kalend\u00e1\u0159e neda\u0159\u00ed, p\u0159ejd\u011bte na str\u00e1nku <a href=\"https:\/\/kalendar.seznam.cz\" target=\"_blank\" rel=\"noreferrer noopener\">kalendar.seznam.cz<\/a>. Pokud str\u00e1nka vy\u017eaduje souhlas se smluvn\u00edmi podm\u00ednkami slu\u017eby, je pot\u0159eba nejprve souhlas ud\u011blit, a\u017e n\u00e1sledn\u011b je mo\u017en\u00e9 napojit kalend\u00e1\u0159 do aplikace.<\/p>\n<\/div>\n\n\n\n<div class=\"wp-block-group is-layout-constrained wp-block-group-is-layout-constrained\">\n<h2 class=\"wp-block-heading\">Kontakty<\/h2>\n\n\n\n<p><strong>Server:<\/strong>&nbsp;carddav.seznam.cz<br><strong>U\u017eivatel:<\/strong>&nbsp;va\u0161e cel\u00e1 e-mailov\u00e1 adresa<br><strong>Heslo:<\/strong>&nbsp;va\u0161e heslo<\/p>\n\n\n\n<p>N\u011bkter\u00e9 aplikace napoj\u00ed server pro kontakty z\u00e1rove\u0148 s napojen\u00edm kalend\u00e1\u0159ov\u00e9ho serveru. V nastaven\u00ed t\u011bchto aplikac\u00ed je obvykle mo\u017en\u00e9 synchronizaci kontakt\u016f vypnout.<\/p>\n<\/div>\n<\/div>\n","protected":false},"excerpt":{"rendered":"<p>Slu\u017eby Email i Email Profi umo\u017e\u0148uj\u00ed spravovat e-mailovou schr\u00e1nku, kalend\u00e1\u0159 i adres\u00e1\u0159 p\u0159es po\u0161tovn\u00ed programy a aplikace t\u0159et\u00edch stran podporuj\u00edc\u00ed standardn\u00ed protokoly. N\u00ed\u017ee najdete obecn\u00e9 \u00fadaje pro jejich nastaven\u00ed. E-mailov\u00e1 schr\u00e1nka Nastaven\u00ed serveru pro p\u0159\u00edchoz\u00ed po\u0161tu \u2013 IMAPAdresa: imap.seznam.czPort: 993 (\u0161ifrovan\u00e9 spojen\u00ed SSL) Nastaven\u00ed serveru pro p\u0159\u00edchoz\u00ed po\u0161tu \u2013 POP3Adresa: pop3.seznam.czPort: 995 (\u0161ifrovan\u00e9 spojen\u00ed SSL) [&hellip;]<\/p>\n","protected":false},"author":13,"featured_media":0,"parent":118,"menu_order":10,"comment_status":"closed","ping_status":"closed","template":"page-sidemenu","meta":{"_acf_changed":false,"_relevanssi_hide_post":"","_relevanssi_hide_content":"","_relevanssi_pin_for_all":"","_relevanssi_pin_keywords":"","_relevanssi_unpin_keywords":"","_relevanssi_related_keywords":"","_relevanssi_related_include_ids":"","_relevanssi_related_exclude_ids":"","_relevanssi_related_no_append":"","_relevanssi_related_not_related":"","_relevanssi_related_posts":"","_relevanssi_noindex_reason":"","footnotes":""},"page_category":[4],"page_tag":[],"service_status_category":[],"class_list":["post-781","page","type-page","status-publish","hentry"],"acf":[],"_links":{"self":[{"href":"https:\/\/o-seznam.cz\/napoveda\/email\/wp-json\/wp\/v2\/pages\/781","targetHints":{"allow":["GET"]}}],"collection":[{"href":"https:\/\/o-seznam.cz\/napoveda\/email\/wp-json\/wp\/v2\/pages"}],"about":[{"href":"https:\/\/o-seznam.cz\/napoveda\/email\/wp-json\/wp\/v2\/types\/page"}],"author":[{"embeddable":true,"href":"https:\/\/o-seznam.cz\/napoveda\/email\/wp-json\/wp\/v2\/users\/13"}],"replies":[{"embeddable":true,"href":"https:\/\/o-seznam.cz\/napoveda\/email\/wp-json\/wp\/v2\/comments?post=781"}],"version-history":[{"count":7,"href":"https:\/\/o-seznam.cz\/napoveda\/email\/wp-json\/wp\/v2\/pages\/781\/revisions"}],"predecessor-version":[{"id":1647,"href":"https:\/\/o-seznam.cz\/napoveda\/email\/wp-json\/wp\/v2\/pages\/781\/revisions\/1647"}],"up":[{"embeddable":true,"href":"https:\/\/o-seznam.cz\/napoveda\/email\/wp-json\/wp\/v2\/pages\/118"}],"wp:attachment":[{"href":"https:\/\/o-seznam.cz\/napoveda\/email\/wp-json\/wp\/v2\/media?parent=781"}],"wp:term":[{"taxonomy":"page_category","embeddable":true,"href":"https:\/\/o-seznam.cz\/napoveda\/email\/wp-json\/wp\/v2\/page_category?post=781"},{"taxonomy":"page_tag","embeddable":true,"href":"https:\/\/o-seznam.cz\/napoveda\/email\/wp-json\/wp\/v2\/page_tag?post=781"},{"taxonomy":"service_status_category","embeddable":true,"href":"https:\/\/o-seznam.cz\/napoveda\/email\/wp-json\/wp\/v2\/service_status_category?post=781"}],"curies":[{"name":"wp","href":"https:\/\/api.w.org\/{rel}","templated":true}]}}