{"id":588,"date":"2024-11-22T08:42:02","date_gmt":"2024-11-22T07:42:02","guid":{"rendered":"https:\/\/o-seznam.cz\/napoveda\/email\/?page_id=588"},"modified":"2024-12-12T11:22:04","modified_gmt":"2024-12-12T10:22:04","slug":"smluvni-podminky-feedback-loop","status":"publish","type":"page","link":"https:\/\/o-seznam.cz\/napoveda\/email\/pro-odesilatele-hromadnych-zprav\/feedback-loop-fbl\/smluvni-podminky-feedback-loop\/","title":{"rendered":"Smluvn\u00ed podm\u00ednky Feedback loop"},"content":{"rendered":"\n<h2 class=\"wp-block-heading\"><strong>Ujedn\u00e1n\u00ed k u\u017eit\u00ed programu Feedback loop<\/strong><\/h2>\n\n\n\n<p>Registrac\u00ed do programu Feedback Loop (d\u00e1le tak\u00e9 jen \u201eProgram\u201c nebo \u201eFeedback loop\u201c) vyjad\u0159ujete souhlas s podm\u00ednkami tohoto ujedn\u00e1n\u00ed.<br><br>Tato ujedn\u00e1n\u00ed uzav\u00edr\u00e1te jako u\u017eivatel programu Feedback loop (d\u00e1le jen \u201e<strong>U\u017eivatel<\/strong>\u201c) se spole\u010dnost\u00ed Seznam.cz, a.s., se s\u00eddlem na adrese Praha 5, Radlick\u00e1 3294\/10, PS\u010c 150 00, I\u010c: 26168685, zapsanou v obchodn\u00edm rejst\u0159\u00edku veden\u00e9m M\u011bstsk\u00fdm soudem v Praze, odd\u00edl B, vlo\u017eka 6493 (d\u00e1le jen \u201e<strong>Seznam.cz<\/strong>\u201c).<br><br>Program Feedback loop je spole\u010dnost\u00ed Seznam.cz poskytov\u00e1n bez\u00faplatn\u011b a slou\u017e\u00ed k vyu\u017eit\u00ed slu\u017eeb (antispamov\u00e1 ochrana) freemailov\u00e9 slu\u017eby Email.cz. U\u017eivatel emailov\u00fdch schr\u00e1nek v r\u00e1mci slu\u017eby Email.cz je opr\u00e1vn\u011bn ozna\u010dovat p\u0159ijat\u00e9 emaily jako spam. V p\u0159\u00edpad\u011b, bude-li takov\u00fdto V\u00e1\u0161 doru\u010den\u00fd email ozna\u010den jako spam, p\u0159ed\u00e1me V\u00e1m, jako registrovan\u00e9mu u\u017eivateli Programu, prost\u0159ednictv\u00edm Programu, kter\u00e1 emailov\u00e1 adresa V\u00e1\u0161 email takto ozna\u010dila a po\u017e\u00e1d\u00e1me V\u00e1s, abyste takovouto emailovou adresu nad\u00e1le se sv\u00fdmi obchodn\u00edmi nab\u00eddkami \u010di emaily jin\u00e9ho charakteru neobes\u00edlal. U\u017e\u00edv\u00e1n\u00edm Programu se zavazujete nad\u00e1le subjekty, ozna\u010duj\u00edc\u00ed Va\u0161e emaily jako spam v r\u00e1mci Programu, neobes\u00edlat.<br><br>Spole\u010dnost Seznam.cz nenese \u017e\u00e1dnou z\u00e1ruku za kvalitu \u010di funk\u010dnost Programu. Spole\u010dnost Seznam.cz rovn\u011b\u017e nenese \u017e\u00e1dnou odpov\u011bdnost za \u0161kodu zp\u016fsobenou pou\u017eit\u00edm Programu \u010di registrac\u00ed do Programu, ani za jak\u00e9koliv jin\u00e9 \u0161kody nep\u0159\u00edmo spojen\u00e9 s u\u017eit\u00edm tohoto Programu.<br><br>Spole\u010dnost Seznam.cz si vyhrazuje pr\u00e1vo poskytov\u00e1n\u00ed Programu U\u017eivateli bez dal\u0161\u00edho ukon\u010dit. Seznam.cz si vyhrazuje pr\u00e1vo uveden\u00e1 ujedn\u00e1n\u00ed jednostrann\u011b zm\u011bnit, zejm\u00e9na p\u0159i zm\u011bn\u011b legislativy, technick\u00e9 zm\u011bn\u011b Programu \u010di slu\u017eeb souvisej\u00edc\u00edch s Programem \u010di v p\u0159\u00edpad\u011b zm\u011bny provozn\u00edch, organiza\u010dn\u00edch \u010di obchodn\u00edch proces\u016f u spole\u010dnosti Seznam.cz. Spole\u010dnost Seznam.cz ozn\u00e1m\u00ed zm\u011bnu U\u017eivateli prost\u0159ednictv\u00edm rozhran\u00ed slu\u017eby minim\u00e1ln\u011b 7 dn\u00ed p\u0159ed \u00fa\u010dinnost\u00ed t\u00e9to zm\u011bny. U\u017eivatel m\u00e1 pr\u00e1vo odm\u00edtnout zm\u011bnu podm\u00ednek a p\u0159estat pou\u017e\u00edvat Program. Pokud U\u017eivatel u\u017e\u00edv\u00e1 po \u00fa\u010dinnosti zm\u011bny podm\u00ednek i nad\u00e1le Program, m\u00e1 se zato, \u017ee p\u0159ij\u00edm\u00e1 t\u00edm zm\u011bnu Podm\u00ednek.<br><br>Spole\u010dnost Seznam postupuje p\u0159i zpracov\u00e1n\u00ed osobn\u00edch \u00fadaj\u016f v souladu s na\u0159\u00edzen\u00edm Evropsk\u00e9ho parlamentu a Rady (EU) \u010d. 2016\/679 o ochran\u011b fyzick\u00fdch osob v souvislosti se zpracov\u00e1n\u00edm osobn\u00edch \u00fadaj\u016f a o voln\u00e9m pohybu t\u011bchto \u00fadaj\u016f (obecn\u00e9 na\u0159\u00edzen\u00ed o ochran\u011b osobn\u00edch \u00fadaj\u016f, d\u00e1le jen \u201ena\u0159\u00edzen\u00ed\u201c), z\u00e1konem \u010d. 110\/2019 Sb., o zpracov\u00e1n\u00ed osobn\u00edch \u00fadaj\u016f, z\u00e1konem \u010d. 111\/2019 Sb., kter\u00fdm se m\u011bn\u00ed n\u011bkter\u00e9 z\u00e1kony s p\u0159ijet\u00edm z\u00e1kona o zpracov\u00e1n\u00ed osobn\u00edch \u00fadaj\u016f, z\u00e1konem \u010d. 480\/2004 Sb., o n\u011bkter\u00fdch slu\u017eb\u00e1ch informa\u010dn\u00ed spole\u010dnosti, z\u00e1konem \u010d. 127\/2005 Sb., o elektronick\u00fdch komunikac\u00edch a dal\u0161\u00edmi pr\u00e1vn\u00edmi p\u0159edpisy upravuj\u00edc\u00ed ochranu osobn\u00edch \u00fadaj\u016f.<br><br>Pro \u00fa\u010dely u\u017e\u00edv\u00e1n\u00ed Programu U\u017eivatelem je spole\u010dnost Seznam.cz opr\u00e1vn\u011bna zpracov\u00e1vat osobn\u00ed \u00fadaje U\u017eivatele nebo osobn\u00ed \u00fadaje poskytnut\u00e9 \u010di zadan\u00e9 U\u017eivatelem p\u0159i u\u017e\u00edv\u00e1n\u00ed Programu (zejm\u00e9na adresn\u00e9 \u00fadaje). Takov\u00e9 zpracov\u00e1n\u00ed osobn\u00edch \u00fadaj\u016f je z\u00e1konn\u00e9, jeliko\u017e je nezbytn\u00e9 p\u0159i pln\u011bn\u00ed smlouvy, na jej\u00edm\u017e z\u00e1klad\u011b U\u017eivatel u\u017e\u00edv\u00e1<br><br>Program, a jej\u00edch\u017e smluvn\u00ed stranou je U\u017eivatel, jako subjekt osobn\u00edch \u00fadaj\u016f.<br><br>Pokud U\u017eivatel p\u0159edal \u010di p\u0159ed\u00e1 spole\u010dnosti Seznam.cz osobn\u00ed \u00fadaje jin\u00fdch fyzick\u00fdch osob, je U\u017eivatel povinen tyto fyzick\u00e9 osoby informovat o zpracov\u00e1n\u00ed osobn\u00edch \u00fadaj\u016f a zajistit tak z\u00e1konnost zpracov\u00e1n\u00ed osobn\u00edch \u00fadaj\u016f. V opa\u010dn\u00e9m p\u0159\u00edpad\u011b U\u017eivatel odpov\u00edd\u00e1 spole\u010dnosti Seznam.cz za zp\u016fsobenou \u0161kodu.<br><br>Podrobn\u011bj\u0161\u00ed informace o nakl\u00e1d\u00e1n\u00ed s osobn\u00edmi \u00fadaji jsou uvedeny na internetov\u00fdch str\u00e1nk\u00e1ch spole\u010dnosti Seznam.cz, a to v p\u0159\u00edslu\u0161n\u00e9 sekci.<br><br>Tyto smluvn\u00ed podm\u00ednky nab\u00fdvaj\u00ed platnosti a \u00fa\u010dinnosti dne 12.8.2019.<\/p>\n","protected":false},"excerpt":{"rendered":"<p>Ujedn\u00e1n\u00ed k u\u017eit\u00ed programu Feedback loop Registrac\u00ed do programu Feedback Loop (d\u00e1le tak\u00e9 jen \u201eProgram\u201c nebo \u201eFeedback loop\u201c) vyjad\u0159ujete souhlas s podm\u00ednkami tohoto ujedn\u00e1n\u00ed. Tato ujedn\u00e1n\u00ed uzav\u00edr\u00e1te jako u\u017eivatel programu Feedback loop (d\u00e1le jen \u201eU\u017eivatel\u201c) se spole\u010dnost\u00ed Seznam.cz, a.s., se s\u00eddlem na adrese Praha 5, Radlick\u00e1 3294\/10, PS\u010c 150 00, I\u010c: 26168685, zapsanou v obchodn\u00edm [&hellip;]<\/p>\n","protected":false},"author":12,"featured_media":0,"parent":362,"menu_order":110,"comment_status":"closed","ping_status":"closed","template":"page-sidemenu","meta":{"_acf_changed":false,"_relevanssi_hide_post":"","_relevanssi_hide_content":"","_relevanssi_pin_for_all":"","_relevanssi_pin_keywords":"","_relevanssi_unpin_keywords":"","_relevanssi_related_keywords":"","_relevanssi_related_include_ids":"","_relevanssi_related_exclude_ids":"","_relevanssi_related_no_append":"","_relevanssi_related_not_related":"","_relevanssi_related_posts":"","_relevanssi_noindex_reason":"","footnotes":""},"page_category":[4],"page_tag":[],"service_status_category":[],"class_list":["post-588","page","type-page","status-publish","hentry"],"acf":[],"_links":{"self":[{"href":"https:\/\/o-seznam.cz\/napoveda\/email\/wp-json\/wp\/v2\/pages\/588","targetHints":{"allow":["GET"]}}],"collection":[{"href":"https:\/\/o-seznam.cz\/napoveda\/email\/wp-json\/wp\/v2\/pages"}],"about":[{"href":"https:\/\/o-seznam.cz\/napoveda\/email\/wp-json\/wp\/v2\/types\/page"}],"author":[{"embeddable":true,"href":"https:\/\/o-seznam.cz\/napoveda\/email\/wp-json\/wp\/v2\/users\/12"}],"replies":[{"embeddable":true,"href":"https:\/\/o-seznam.cz\/napoveda\/email\/wp-json\/wp\/v2\/comments?post=588"}],"version-history":[{"count":1,"href":"https:\/\/o-seznam.cz\/napoveda\/email\/wp-json\/wp\/v2\/pages\/588\/revisions"}],"predecessor-version":[{"id":589,"href":"https:\/\/o-seznam.cz\/napoveda\/email\/wp-json\/wp\/v2\/pages\/588\/revisions\/589"}],"up":[{"embeddable":true,"href":"https:\/\/o-seznam.cz\/napoveda\/email\/wp-json\/wp\/v2\/pages\/362"}],"wp:attachment":[{"href":"https:\/\/o-seznam.cz\/napoveda\/email\/wp-json\/wp\/v2\/media?parent=588"}],"wp:term":[{"taxonomy":"page_category","embeddable":true,"href":"https:\/\/o-seznam.cz\/napoveda\/email\/wp-json\/wp\/v2\/page_category?post=588"},{"taxonomy":"page_tag","embeddable":true,"href":"https:\/\/o-seznam.cz\/napoveda\/email\/wp-json\/wp\/v2\/page_tag?post=588"},{"taxonomy":"service_status_category","embeddable":true,"href":"https:\/\/o-seznam.cz\/napoveda\/email\/wp-json\/wp\/v2\/service_status_category?post=588"}],"curies":[{"name":"wp","href":"https:\/\/api.w.org\/{rel}","templated":true}]}}