{"id":580,"date":"2024-11-18T12:53:51","date_gmt":"2024-11-18T11:53:51","guid":{"rendered":"https:\/\/o-seznam.cz\/napoveda\/email\/?page_id=580"},"modified":"2024-12-12T11:21:23","modified_gmt":"2024-12-12T10:21:23","slug":"klasifikace-zprav","status":"publish","type":"page","link":"https:\/\/o-seznam.cz\/napoveda\/email\/pro-odesilatele-hromadnych-zprav\/dalsi-tipy-a-doporuceni\/klasifikace-zprav\/","title":{"rendered":"Klasifikace zpr\u00e1v"},"content":{"rendered":"\n<div class=\"wp-block-group is-layout-constrained wp-block-group-is-layout-constrained\">\n<div class=\"wp-block-group is-layout-constrained wp-block-group-is-layout-constrained\">\n<p>P\u0159\u00edchoz\u00ed zpr\u00e1vy jsou klasifikov\u00e1ny do t\u0159\u00ed z\u00e1kladn\u00edch skupin: prim\u00e1rn\u00ed, hromadn\u00e9 a spam. Na z\u00e1klad\u011b t\u00e9to klasifikace  se rozhoduje, do jak\u00e9 slo\u017eky budou za\u0159azeny, p\u0159\u00edpadn\u011b \u017ee nebudou do c\u00edlov\u00e9 schr\u00e1nky doru\u010deny v\u016fbec.<\/p>\n\n\n\n<p><strong>Prim\u00e1rn\u00ed zpr\u00e1vy<\/strong> &#8211; za prim\u00e1rn\u00ed je pova\u017eov\u00e1na vz\u00e1jemn\u00e1 osobn\u00ed i pracovn\u00ed komunikace mezi u\u017eivateli, transak\u010dn\u00ed zpr\u00e1vy jako jsou faktury, bankovn\u00ed v\u00fdpisy nebo informace o objedn\u00e1vk\u00e1ch, servisn\u00ed sd\u011blen\u00ed a zpr\u00e1vy se zakoupen\u00fdm elektronick\u00fdm obsahem. Tyto zpr\u00e1vy jsou um\u00eds\u0165ov\u00e1ny do slo\u017eky Doru\u010den\u00e9.<\/p>\n\n\n\n<p><strong>Hromadn\u00e9 zpr\u00e1vy<\/strong> &#8211; v\u0161echny zpr\u00e1vy hromadn\u00e9ho charakteru jako jsou newslettery, obchodn\u00ed sd\u011blen\u00ed, informace o slev\u00e1ch a nov\u00fdch v\u00fdrobc\u00edch \u010di slu\u017eb\u00e1ch pat\u0159\u00ed do slo\u017eky Hromadn\u00e9, kter\u00e1 je pro tento typ zpr\u00e1v ur\u010dena. Jak\u00e9koli pokusy o obch\u00e1zen\u00ed klasifikace za \u00fa\u010delem doru\u010den\u00ed hromadn\u00e9ho sd\u011blen\u00ed do slo\u017eky Doru\u010den\u00e9 bude penalizov\u00e1no a m\u016f\u017ee m\u00edt za n\u00e1sledek zhor\u0161en\u00ed doru\u010ditelnosti.<\/p>\n\n\n\n<p><em>Pokud jsou va\u0161e transak\u010dn\u00ed zpr\u00e1vy doru\u010dov\u00e1ny do slo\u017eky Hromadn\u00e9, kontaktujte na\u0161i technickou podporu.<\/em><\/p>\n\n\n\n<p><strong>Spam <\/strong>&#8211; Do slo\u017eky Spam jsou umis\u0165ov\u00e1ny zpr\u00e1vy, kter\u00e9 jsou vyhodnoceny jako z\u00e1vadn\u00e9 (phishingov\u00e9 a jin\u00e9 podvodn\u00e9 zpr\u00e1vy), a d\u00e1le zpr\u00e1vy, kter\u00e9 nespl\u0148uj\u00ed nutn\u00e9 parametry pro \u0159\u00e1dn\u00e9 doru\u010den\u00ed nebo jejich\u017e odes\u00edlatel se opakovan\u011b dopustil poru\u0161ov\u00e1n\u00ed pravidel doru\u010ditelnosti. Pokud se probl\u00e9my vyskytuj\u00ed dlouhodob\u011b, zpr\u00e1vy se mohou p\u0159estat doru\u010dovat \u00fapln\u011b.<\/p>\n\n\n\n<p><em>Pokud jsou va\u0161e zpr\u00e1vy doru\u010dov\u00e1ny do slo\u017eky Spam, kontaktujte na\u0161i technickou podporu.<\/em><\/p>\n<\/div>\n<\/div>\n\n\n\n<p><\/p>\n","protected":false},"excerpt":{"rendered":"<p>P\u0159\u00edchoz\u00ed zpr\u00e1vy jsou klasifikov\u00e1ny do t\u0159\u00ed z\u00e1kladn\u00edch skupin: prim\u00e1rn\u00ed, hromadn\u00e9 a spam. Na z\u00e1klad\u011b t\u00e9to klasifikace se rozhoduje, do jak\u00e9 slo\u017eky budou za\u0159azeny, p\u0159\u00edpadn\u011b \u017ee nebudou do c\u00edlov\u00e9 schr\u00e1nky doru\u010deny v\u016fbec. Prim\u00e1rn\u00ed zpr\u00e1vy &#8211; za prim\u00e1rn\u00ed je pova\u017eov\u00e1na vz\u00e1jemn\u00e1 osobn\u00ed i pracovn\u00ed komunikace mezi u\u017eivateli, transak\u010dn\u00ed zpr\u00e1vy jako jsou faktury, bankovn\u00ed v\u00fdpisy nebo informace o [&hellip;]<\/p>\n","protected":false},"author":12,"featured_media":0,"parent":578,"menu_order":80,"comment_status":"closed","ping_status":"closed","template":"page-sidemenu","meta":{"_acf_changed":false,"_relevanssi_hide_post":"","_relevanssi_hide_content":"","_relevanssi_pin_for_all":"","_relevanssi_pin_keywords":"","_relevanssi_unpin_keywords":"","_relevanssi_related_keywords":"","_relevanssi_related_include_ids":"","_relevanssi_related_exclude_ids":"","_relevanssi_related_no_append":"","_relevanssi_related_not_related":"","_relevanssi_related_posts":"","_relevanssi_noindex_reason":"","footnotes":""},"page_category":[4],"page_tag":[],"service_status_category":[],"class_list":["post-580","page","type-page","status-publish","hentry"],"acf":[],"_links":{"self":[{"href":"https:\/\/o-seznam.cz\/napoveda\/email\/wp-json\/wp\/v2\/pages\/580","targetHints":{"allow":["GET"]}}],"collection":[{"href":"https:\/\/o-seznam.cz\/napoveda\/email\/wp-json\/wp\/v2\/pages"}],"about":[{"href":"https:\/\/o-seznam.cz\/napoveda\/email\/wp-json\/wp\/v2\/types\/page"}],"author":[{"embeddable":true,"href":"https:\/\/o-seznam.cz\/napoveda\/email\/wp-json\/wp\/v2\/users\/12"}],"replies":[{"embeddable":true,"href":"https:\/\/o-seznam.cz\/napoveda\/email\/wp-json\/wp\/v2\/comments?post=580"}],"version-history":[{"count":2,"href":"https:\/\/o-seznam.cz\/napoveda\/email\/wp-json\/wp\/v2\/pages\/580\/revisions"}],"predecessor-version":[{"id":755,"href":"https:\/\/o-seznam.cz\/napoveda\/email\/wp-json\/wp\/v2\/pages\/580\/revisions\/755"}],"up":[{"embeddable":true,"href":"https:\/\/o-seznam.cz\/napoveda\/email\/wp-json\/wp\/v2\/pages\/578"}],"wp:attachment":[{"href":"https:\/\/o-seznam.cz\/napoveda\/email\/wp-json\/wp\/v2\/media?parent=580"}],"wp:term":[{"taxonomy":"page_category","embeddable":true,"href":"https:\/\/o-seznam.cz\/napoveda\/email\/wp-json\/wp\/v2\/page_category?post=580"},{"taxonomy":"page_tag","embeddable":true,"href":"https:\/\/o-seznam.cz\/napoveda\/email\/wp-json\/wp\/v2\/page_tag?post=580"},{"taxonomy":"service_status_category","embeddable":true,"href":"https:\/\/o-seznam.cz\/napoveda\/email\/wp-json\/wp\/v2\/service_status_category?post=580"}],"curies":[{"name":"wp","href":"https:\/\/api.w.org\/{rel}","templated":true}]}}