{"id":435,"date":"2024-10-30T17:22:41","date_gmt":"2024-10-30T16:22:41","guid":{"rendered":"https:\/\/o-seznam.cz\/napoveda\/email\/?page_id=435"},"modified":"2025-01-23T10:12:29","modified_gmt":"2025-01-23T09:12:29","slug":"jak-se-zaregistrovat-do-email-profi","status":"publish","type":"page","link":"https:\/\/o-seznam.cz\/napoveda\/email\/profi\/zakladni-informace\/jak-se-zaregistrovat-do-email-profi\/","title":{"rendered":"Registrace do Emailu Profi"},"content":{"rendered":"\n<div class=\"wp-block-group is-layout-constrained wp-block-group-is-layout-constrained\">\n<div class=\"wp-block-group is-layout-constrained wp-block-group-is-layout-constrained\">\n<h2 class=\"wp-block-heading is-style-default\">Registrace do Emailu Profi<\/h2>\n\n\n\n<ul class=\"wp-block-list\">\n<li>Na str\u00e1nce <a class=\"is-style-link-external\" href=\"https:\/\/emailprofi.cz\" target=\"_blank\" rel=\"noreferrer noopener\">emailprofi.cz<\/a> p\u0159ejd\u011bte tla\u010d\u00edtkem do <strong>Administrace<\/strong><\/li>\n\n\n\n<li>Zvolte si spr\u00e1vcovsk\u00fd \u00fa\u010det a p\u0159ihlaste se j\u00edm, p\u0159\u00edpadn\u011b si <a href=\"https:\/\/o-seznam.cz\/napoveda\/ucet\/registrace\/\">vytvo\u0159te nov\u00fd<\/a>. \u00da\u010det spr\u00e1vce mus\u00ed b\u00fdt registrov\u00e1n na dom\u00e9n\u011b Seznamu (@<strong>seznam<\/strong>.cz, @<strong>email<\/strong>.cz nebo @<strong>post<\/strong>.cz) a mus\u00ed b\u00fdt zabezpe\u010den ov\u011b\u0159en\u00fdm\u00a0<a href=\"https:\/\/o-seznam.cz\/napoveda\/ucet\/zabezpeceni-uctu\/zachranne-telefonni-cislo\/\" data-type=\"link\" data-id=\"https:\/\/o-seznam.cz\/napoveda\/ucet\/zabezpeceni-uctu\/zachranne-telefonni-cislo\/\">telefonn\u00edm \u010d\u00edslem<\/a> a\/nebo\u00a0<a href=\"https:\/\/o-seznam.cz\/napoveda\/ucet\/zabezpeceni-uctu\/zachranny-email\/\">e-mailov\u00fdm kontaktem<\/a>.<\/li>\n\n\n\n<li>Po \u00fasp\u011b\u0161n\u00e9m p\u0159ihl\u00e1\u0161en\u00ed lze pokra\u010dovat k <strong>p\u0159id\u00e1n\u00ed nov\u00e9 dom\u00e9ny<\/strong>, p\u0159i\u010dem\u017e si m\u016f\u017eete zvolit, zda chcete koupit novou nebo napojit dom\u00e9nu, kterou ji\u017e vlastn\u00edte. U vlastn\u00edch dom\u00e9n si v dal\u0161\u00edm kroku vyberete, zda m\u00e1te z\u00e1jem o p\u0159eveden\u00ed dom\u00e9ny k Seznamu nebo pouze o jej\u00ed napojen\u00ed.\n<ul class=\"wp-block-list\">\n<li><strong>P\u0159eveden\u00ed dom\u00e9ny k Seznamu<\/strong>: Dom\u00e9nu&nbsp;od sou\u010dasn\u00e9ho registr\u00e1tora p\u0159evedete pod Seznam jako\u017eto nov\u00e9ho registr\u00e1tora. Krom\u011b e-mailov\u00fdch schr\u00e1nek tak budete p\u0159es Seznam spravovat i samotnou dom\u00e9nu (m\u011bnit kontakty vlastn\u00edka, editovat DNS, platit prodlou\u017een\u00ed atd\u2026).<\/li>\n\n\n\n<li><strong>Napojen\u00ed existuj\u00edc\u00ed dom\u00e9ny<\/strong>: Dom\u00e9nu chcete nechat u st\u00e1vaj\u00edc\u00edho registr\u00e1tora a na Seznamu\u00a0chcete spravovat pouze sv\u00e9 e-maily. Po\u0161tu k n\u00e1m nasm\u011brujete pomoc\u00ed <a href=\"https:\/\/o-seznam.cz\/napoveda\/email\/profi\/dns-zaznamy\/#-mx-zaznam\">MX z\u00e1znam\u016f<\/a>.<\/li>\n<\/ul>\n<\/li>\n<\/ul>\n<\/div>\n<\/div>\n\n\n\n<p><\/p>\n","protected":false},"excerpt":{"rendered":"<p>Registrace do Emailu Profi<\/p>\n","protected":false},"author":13,"featured_media":0,"parent":407,"menu_order":11,"comment_status":"closed","ping_status":"closed","template":"page-sidemenu","meta":{"_acf_changed":false,"_relevanssi_hide_post":"","_relevanssi_hide_content":"","_relevanssi_pin_for_all":"","_relevanssi_pin_keywords":"","_relevanssi_unpin_keywords":"","_relevanssi_related_keywords":"","_relevanssi_related_include_ids":"","_relevanssi_related_exclude_ids":"","_relevanssi_related_no_append":"","_relevanssi_related_not_related":"","_relevanssi_related_posts":"","_relevanssi_noindex_reason":"","footnotes":""},"page_category":[12],"page_tag":[],"service_status_category":[],"class_list":["post-435","page","type-page","status-publish","hentry"],"acf":[],"_links":{"self":[{"href":"https:\/\/o-seznam.cz\/napoveda\/email\/wp-json\/wp\/v2\/pages\/435","targetHints":{"allow":["GET"]}}],"collection":[{"href":"https:\/\/o-seznam.cz\/napoveda\/email\/wp-json\/wp\/v2\/pages"}],"about":[{"href":"https:\/\/o-seznam.cz\/napoveda\/email\/wp-json\/wp\/v2\/types\/page"}],"author":[{"embeddable":true,"href":"https:\/\/o-seznam.cz\/napoveda\/email\/wp-json\/wp\/v2\/users\/13"}],"replies":[{"embeddable":true,"href":"https:\/\/o-seznam.cz\/napoveda\/email\/wp-json\/wp\/v2\/comments?post=435"}],"version-history":[{"count":13,"href":"https:\/\/o-seznam.cz\/napoveda\/email\/wp-json\/wp\/v2\/pages\/435\/revisions"}],"predecessor-version":[{"id":1321,"href":"https:\/\/o-seznam.cz\/napoveda\/email\/wp-json\/wp\/v2\/pages\/435\/revisions\/1321"}],"up":[{"embeddable":true,"href":"https:\/\/o-seznam.cz\/napoveda\/email\/wp-json\/wp\/v2\/pages\/407"}],"wp:attachment":[{"href":"https:\/\/o-seznam.cz\/napoveda\/email\/wp-json\/wp\/v2\/media?parent=435"}],"wp:term":[{"taxonomy":"page_category","embeddable":true,"href":"https:\/\/o-seznam.cz\/napoveda\/email\/wp-json\/wp\/v2\/page_category?post=435"},{"taxonomy":"page_tag","embeddable":true,"href":"https:\/\/o-seznam.cz\/napoveda\/email\/wp-json\/wp\/v2\/page_tag?post=435"},{"taxonomy":"service_status_category","embeddable":true,"href":"https:\/\/o-seznam.cz\/napoveda\/email\/wp-json\/wp\/v2\/service_status_category?post=435"}],"curies":[{"name":"wp","href":"https:\/\/api.w.org\/{rel}","templated":true}]}}