{"id":1733,"date":"2026-03-31T10:38:11","date_gmt":"2026-03-31T08:38:11","guid":{"rendered":"https:\/\/o-seznam.cz\/napoveda\/email\/?page_id=1733"},"modified":"2026-03-31T11:46:23","modified_gmt":"2026-03-31T09:46:23","slug":"chytre-funkce","status":"publish","type":"page","link":"https:\/\/o-seznam.cz\/napoveda\/email\/aplikace\/chytre-funkce\/","title":{"rendered":"Chytr\u00e9 funkce"},"content":{"rendered":"\n<p>Pro usnadn\u011bn\u00ed zpracov\u00e1n\u00ed po\u0161ty je krom\u011b b\u011b\u017en\u00fdch n\u00e1stroj\u016f k dispozici tak\u00e9 \u0159ada AI funkc\u00ed, kter\u00e9 mohou pr\u00e1ci s e-maily v\u00fdrazn\u011b zefektivnit. Tyto funkce dok\u00e1\u017eou nap\u0159\u00edklad automaticky t\u0159\u00eddit zpr\u00e1vy, navrhovat p\u0159edm\u011bt nebo zv\u00fdraznit d\u016fle\u017eit\u00e9 informace, tak\u017ee se v po\u0161t\u011b rychleji zorientujete. D\u00edky nim m\u016f\u017eete u\u0161et\u0159it \u010das a sn\u00ed\u017eit mno\u017estv\u00ed ru\u010dn\u00ed pr\u00e1ce p\u0159i ka\u017edodenn\u00edm vy\u0159izov\u00e1n\u00ed e-mail\u016f. Je v\u0161ak zcela na v\u00e1s, zda tyto AI n\u00e1stroje budete vyu\u017e\u00edvat naplno, p\u0159izp\u016fsob\u00edte si je podle sv\u00fdch pot\u0159eb, nebo je zcela vypnete.<\/p>\n\n\n<div class=\"wp-block-seznam-list-pages\"><div>\n<div style=\"--seznam-tiles--columns:3\" class=\"wp-block-seznam-tiles has-columns-3\"><div class=\"inner-blocks\">\n<div class=\"block-boxlink\"><a class=\"boxlink boxlink--icon-arrow boxlink--align-y-center px-f8 py-f4\" href=\"https:\/\/o-seznam.cz\/napoveda\/email\/aplikace\/chytre-funkce\/objednavky\/\"><div class=\"inner-blocks\">Objedn\u00e1vky<\/div><\/a><\/div><\/div><\/div>\n\n<\/div><\/div>\n","protected":false},"excerpt":{"rendered":"<p>Pro usnadn\u011bn\u00ed zpracov\u00e1n\u00ed po\u0161ty je krom\u011b b\u011b\u017en\u00fdch n\u00e1stroj\u016f k dispozici tak\u00e9 \u0159ada AI funkc\u00ed, kter\u00e9 mohou pr\u00e1ci s e-maily v\u00fdrazn\u011b zefektivnit. Tyto funkce dok\u00e1\u017eou nap\u0159\u00edklad automaticky t\u0159\u00eddit zpr\u00e1vy, navrhovat p\u0159edm\u011bt nebo zv\u00fdraznit d\u016fle\u017eit\u00e9 informace, tak\u017ee se v po\u0161t\u011b rychleji zorientujete. D\u00edky nim m\u016f\u017eete u\u0161et\u0159it \u010das a sn\u00ed\u017eit mno\u017estv\u00ed ru\u010dn\u00ed pr\u00e1ce p\u0159i ka\u017edodenn\u00edm vy\u0159izov\u00e1n\u00ed e-mail\u016f. Je [&hellip;]<\/p>\n","protected":false},"author":67,"featured_media":0,"parent":240,"menu_order":0,"comment_status":"closed","ping_status":"closed","template":"page-sidemenu","meta":{"_acf_changed":false,"_relevanssi_hide_post":"","_relevanssi_hide_content":"","_relevanssi_pin_for_all":"","_relevanssi_pin_keywords":"","_relevanssi_unpin_keywords":"","_relevanssi_related_keywords":"","_relevanssi_related_include_ids":"","_relevanssi_related_exclude_ids":"","_relevanssi_related_no_append":"","_relevanssi_related_not_related":"","_relevanssi_related_posts":"","_relevanssi_noindex_reason":"","footnotes":""},"page_category":[5],"page_tag":[],"service_status_category":[],"class_list":["post-1733","page","type-page","status-publish","hentry"],"acf":[],"_links":{"self":[{"href":"https:\/\/o-seznam.cz\/napoveda\/email\/wp-json\/wp\/v2\/pages\/1733","targetHints":{"allow":["GET"]}}],"collection":[{"href":"https:\/\/o-seznam.cz\/napoveda\/email\/wp-json\/wp\/v2\/pages"}],"about":[{"href":"https:\/\/o-seznam.cz\/napoveda\/email\/wp-json\/wp\/v2\/types\/page"}],"author":[{"embeddable":true,"href":"https:\/\/o-seznam.cz\/napoveda\/email\/wp-json\/wp\/v2\/users\/67"}],"replies":[{"embeddable":true,"href":"https:\/\/o-seznam.cz\/napoveda\/email\/wp-json\/wp\/v2\/comments?post=1733"}],"version-history":[{"count":3,"href":"https:\/\/o-seznam.cz\/napoveda\/email\/wp-json\/wp\/v2\/pages\/1733\/revisions"}],"predecessor-version":[{"id":1751,"href":"https:\/\/o-seznam.cz\/napoveda\/email\/wp-json\/wp\/v2\/pages\/1733\/revisions\/1751"}],"up":[{"embeddable":true,"href":"https:\/\/o-seznam.cz\/napoveda\/email\/wp-json\/wp\/v2\/pages\/240"}],"wp:attachment":[{"href":"https:\/\/o-seznam.cz\/napoveda\/email\/wp-json\/wp\/v2\/media?parent=1733"}],"wp:term":[{"taxonomy":"page_category","embeddable":true,"href":"https:\/\/o-seznam.cz\/napoveda\/email\/wp-json\/wp\/v2\/page_category?post=1733"},{"taxonomy":"page_tag","embeddable":true,"href":"https:\/\/o-seznam.cz\/napoveda\/email\/wp-json\/wp\/v2\/page_tag?post=1733"},{"taxonomy":"service_status_category","embeddable":true,"href":"https:\/\/o-seznam.cz\/napoveda\/email\/wp-json\/wp\/v2\/service_status_category?post=1733"}],"curies":[{"name":"wp","href":"https:\/\/api.w.org\/{rel}","templated":true}]}}