{"id":111,"date":"2024-09-12T16:13:48","date_gmt":"2024-09-12T14:13:48","guid":{"rendered":"https:\/\/o-seznam.cz\/napoveda\/email\/?page_id=111"},"modified":"2024-12-13T23:05:46","modified_gmt":"2024-12-13T22:05:46","slug":"kontakty-a-skupiny","status":"publish","type":"page","link":"https:\/\/o-seznam.cz\/napoveda\/email\/kontakty-a-skupiny\/","title":{"rendered":"Kontakty a skupiny"},"content":{"rendered":"\n<div class=\"wp-block-group is-layout-constrained wp-block-group-is-layout-constrained\">\n<p>Sou\u010d\u00e1st\u00ed ka\u017ed\u00e9 e-mailov\u00e9 schr\u00e1nky je adres\u00e1\u0159, do kter\u00e9ho si m\u016f\u017eete ukl\u00e1dat kontakty a vytv\u00e1\u0159et z nich skupiny. Adres\u00e1\u0159 je dostupn\u00fd p\u0159es odkaz <strong>Kontakty<\/strong>, kter\u00fd se nach\u00e1z\u00ed pod v\u00fdpisem slo\u017eek v lev\u00e9m naviga\u010dn\u00edm menu schr\u00e1nky.<\/p>\n\n\n\n<div class=\"wp-block-group is-layout-constrained wp-block-group-is-layout-constrained\">\n<p class=\"is-style-next\"><a href=\"https:\/\/o-seznam.cz\/napoveda\/email\/kontakty-a-skupiny\/vytvoreni-noveho-kontaktu\/\">Vytvo\u0159en\u00ed nov\u00e9ho kontaktu<\/a><\/p>\n\n\n\n<p class=\"is-style-next\"><a href=\"https:\/\/o-seznam.cz\/napoveda\/email\/kontakty-a-skupiny\/detail-a-uprava-kontaktu\/\">Detail a \u00faprava kontaktu<\/a><\/p>\n\n\n\n<p class=\"is-style-next\"><a href=\"https:\/\/o-seznam.cz\/napoveda\/email\/kontakty-a-skupiny\/skupiny-kontaktu\/\">Skupiny kontakt\u016f<\/a><\/p>\n\n\n\n<p class=\"is-style-next\"><a href=\"https:\/\/o-seznam.cz\/napoveda\/email\/kontakty-a-skupiny\/naseptavani-kontaktu\/\">Na\u0161ept\u00e1v\u00e1n\u00ed kontakt\u016f<\/a><\/p>\n\n\n\n<p class=\"is-style-next\"><a href=\"https:\/\/o-seznam.cz\/napoveda\/email\/kontakty-a-skupiny\/blokovane-a-duveryhodne-adresy\/\">Blokovan\u00e9 a d\u016fv\u011bryhodn\u00e9 adresy<\/a><\/p>\n<\/div>\n<\/div>\n","protected":false},"excerpt":{"rendered":"<p>Sou\u010d\u00e1st\u00ed ka\u017ed\u00e9 e-mailov\u00e9 schr\u00e1nky je adres\u00e1\u0159, do kter\u00e9ho si m\u016f\u017eete ukl\u00e1dat kontakty a vytv\u00e1\u0159et z nich skupiny. Adres\u00e1\u0159 je dostupn\u00fd p\u0159es odkaz Kontakty, kter\u00fd se nach\u00e1z\u00ed pod v\u00fdpisem slo\u017eek v lev\u00e9m naviga\u010dn\u00edm menu schr\u00e1nky. Vytvo\u0159en\u00ed nov\u00e9ho kontaktu Detail a \u00faprava kontaktu Skupiny kontakt\u016f Na\u0161ept\u00e1v\u00e1n\u00ed kontakt\u016f Blokovan\u00e9 a d\u016fv\u011bryhodn\u00e9 adresy<\/p>\n","protected":false},"author":13,"featured_media":0,"parent":0,"menu_order":50,"comment_status":"closed","ping_status":"closed","template":"page-sidemenu","meta":{"_acf_changed":false,"_relevanssi_hide_post":"","_relevanssi_hide_content":"","_relevanssi_pin_for_all":"","_relevanssi_pin_keywords":"","_relevanssi_unpin_keywords":"","_relevanssi_related_keywords":"","_relevanssi_related_include_ids":"","_relevanssi_related_exclude_ids":"","_relevanssi_related_no_append":"","_relevanssi_related_not_related":"","_relevanssi_related_posts":"","_relevanssi_noindex_reason":"","footnotes":""},"page_category":[4],"page_tag":[],"service_status_category":[],"class_list":["post-111","page","type-page","status-publish","hentry"],"acf":[],"_links":{"self":[{"href":"https:\/\/o-seznam.cz\/napoveda\/email\/wp-json\/wp\/v2\/pages\/111","targetHints":{"allow":["GET"]}}],"collection":[{"href":"https:\/\/o-seznam.cz\/napoveda\/email\/wp-json\/wp\/v2\/pages"}],"about":[{"href":"https:\/\/o-seznam.cz\/napoveda\/email\/wp-json\/wp\/v2\/types\/page"}],"author":[{"embeddable":true,"href":"https:\/\/o-seznam.cz\/napoveda\/email\/wp-json\/wp\/v2\/users\/13"}],"replies":[{"embeddable":true,"href":"https:\/\/o-seznam.cz\/napoveda\/email\/wp-json\/wp\/v2\/comments?post=111"}],"version-history":[{"count":8,"href":"https:\/\/o-seznam.cz\/napoveda\/email\/wp-json\/wp\/v2\/pages\/111\/revisions"}],"predecessor-version":[{"id":1168,"href":"https:\/\/o-seznam.cz\/napoveda\/email\/wp-json\/wp\/v2\/pages\/111\/revisions\/1168"}],"wp:attachment":[{"href":"https:\/\/o-seznam.cz\/napoveda\/email\/wp-json\/wp\/v2\/media?parent=111"}],"wp:term":[{"taxonomy":"page_category","embeddable":true,"href":"https:\/\/o-seznam.cz\/napoveda\/email\/wp-json\/wp\/v2\/page_category?post=111"},{"taxonomy":"page_tag","embeddable":true,"href":"https:\/\/o-seznam.cz\/napoveda\/email\/wp-json\/wp\/v2\/page_tag?post=111"},{"taxonomy":"service_status_category","embeddable":true,"href":"https:\/\/o-seznam.cz\/napoveda\/email\/wp-json\/wp\/v2\/service_status_category?post=111"}],"curies":[{"name":"wp","href":"https:\/\/api.w.org\/{rel}","templated":true}]}}