{"id":1094,"date":"2024-12-11T13:02:35","date_gmt":"2024-12-11T12:02:35","guid":{"rendered":"https:\/\/o-seznam.cz\/napoveda\/email\/?page_id=1094"},"modified":"2025-11-18T09:01:38","modified_gmt":"2025-11-18T08:01:38","slug":"nastaveni-pristupu-pro-aplikace","status":"publish","type":"page","link":"https:\/\/o-seznam.cz\/napoveda\/email\/moznosti-nastaveni\/prace-s-vice-schrankami\/nastaveni-pristupu-pro-aplikace\/","title":{"rendered":"Nastaven\u00ed p\u0159\u00edstup\u016f pro aplikace"},"content":{"rendered":"\n<div class=\"wp-block-group is-layout-constrained wp-block-group-is-layout-constrained\">\n<div class=\"wp-block-group is-layout-constrained wp-block-group-is-layout-constrained\">\n<p>U v\u0161ech schr\u00e1nek jsou po\u0161tovn\u00ed protokoly POP3 a IMAP trvale aktivn\u00ed. Nelze je zcela vypnout. N\u00ed\u017ee naleznete podrobn\u011bj\u0161\u00ed informace o jednotliv\u00fdch protokolech.<\/p>\n\n\n\n<p>Adresy server\u016f pro nastaven\u00ed p\u0159\u00edstupu pomoc\u00ed protokol\u016f POP3 a IMAP najdete <a href=\"https:\/\/o-seznam.cz\/napoveda\/email\/mohlo-by-se-hodit\/postovni-programy-a-aplikace\/\">v samostatn\u00e9m \u010dl\u00e1nku<\/a>.<\/p>\n<\/div>\n<\/div>\n\n\n\n<div class=\"wp-block-group is-layout-constrained wp-block-group-is-layout-constrained\">\n<h2 class=\"wp-block-heading\" id=\"pop3\">POP3<\/h2>\n\n\n\n<p>Protokol POP3 dovoluje stahov\u00e1n\u00ed zpr\u00e1v ze schr\u00e1nky do po\u0161tovn\u00edho klienta.<\/p>\n\n\n\n<p>POP3 je st\u00e1le aktivn\u00ed a\u00a0nelze jej u schr\u00e1nky zcela vypnout. Povolen\u00ed\u00a0\u010di zak\u00e1z\u00e1n\u00ed\u00a0stahov\u00e1n\u00ed zpr\u00e1v v\u0161ak m\u016f\u017eete\u00a0prov\u00e9st pro jednotliv\u00e9 slo\u017eky v nastaven\u00ed schr\u00e1nky.\u00a0Stahovat zpr\u00e1vy tak bude mo\u017en\u00e9 jen z povolen\u00fdch slo\u017eek.<\/p>\n\n\n\n<p>Pomoc\u00ed volby <strong>P\u0159es POP3 stahovat jen nep\u0159e\u010dten\u00e9 e\u2011maily<\/strong> m\u016f\u017eete nastavit stahov\u00e1n\u00ed jen t\u011bch zpr\u00e1v, kter\u00e9 dosud nebyly ve schr\u00e1nce otev\u0159eny a p\u0159e\u010dteny. Ji\u017e p\u0159e\u010dten\u00e9 zpr\u00e1vy se tak p\u0159es POP3 stahovat nebudou.<\/p>\n\n\n\n<p>P\u0159i nastavov\u00e1n\u00ed po\u0161tovn\u00edch klient\u016f v\u011bnujte pozornost volb\u00e1m ve smyslu <strong>Ponechat zpr\u00e1vy na serveru<\/strong> (u ka\u017ed\u00e9ho po\u0161tovn\u00edho programu se ov\u0161em tato volba m\u016f\u017ee jmenovat odli\u0161n\u011b). Nevhodnou volbou p\u0159i nastaven\u00ed klienta m\u016f\u017ee doj\u00edt nejen ke sta\u017een\u00ed v\u0161ech zpr\u00e1v do va\u0161eho po\u010d\u00edta\u010de, ale tak\u00e9 z\u00e1rove\u0148 ke smaz\u00e1n\u00ed zpr\u00e1v ve schr\u00e1nce. Takto smazan\u00e9 zpr\u00e1vy jsou ve schr\u00e1nce p\u0159esunuty do slo\u017eky Ko\u0161 a po 30 dnech od p\u0159esunut\u00ed do slo\u017eky Ko\u0161 jsou definitivn\u011b smaz\u00e1ny.<\/p>\n<\/div>\n\n\n\n<div class=\"wp-block-group is-layout-constrained wp-block-group-is-layout-constrained\">\n<h2 class=\"wp-block-heading\" id=\"imap\">IMAP<\/h2>\n\n\n\n<p>Protokol IMAP dovoluje synchronizov\u00e1n\u00ed zpr\u00e1v mezi schr\u00e1nkou a v\u00edce po\u0161tovn\u00edmi programy.<\/p>\n\n\n\n<p>Stejn\u00e9 zpr\u00e1vy tak m\u016f\u017eete m\u00edt ve sv\u00e9 schr\u00e1nce, po\u0161tovn\u00edm programu doma, v pr\u00e1ci i v mobiln\u00edm telefonu.<\/p>\n\n\n\n<p>Jak\u00e1koliv akce, kterou se zpr\u00e1vami provedete, se projev\u00ed i v ostatn\u00edch synchronizovan\u00fdch za\u0159\u00edzen\u00edch. Tedy nap\u0159. zpr\u00e1va ozna\u010den\u00e1 za p\u0159e\u010dtenou bude jako p\u0159e\u010dten\u00e1 ozna\u010dena ve v\u0161ech klientech propojen\u00fdch se schr\u00e1nkou pomoc\u00ed IMAP spojen\u00ed. Podobn\u011b tak zpr\u00e1va p\u0159esunut\u00e1 do n\u011bjak\u00e9 slo\u017eky v jednom za\u0159\u00edzen\u00ed se do t\u00e9\u017ee slo\u017eky p\u0159esune automaticky i ve v\u0161ech ostatn\u00edch propojen\u00fdch po\u0161tovn\u00edch klientech a zpr\u00e1va odstran\u011bn\u00e1 v jednom za\u0159\u00edzen\u00ed bude automaticky smaz\u00e1na i ve v\u0161ech dal\u0161\u00edch propojen\u00fdch za\u0159\u00edzen\u00edch.<\/p>\n\n\n\n<p>Protokol IMAP je ve schr\u00e1nce aktivn\u00ed st\u00e1le a nelze jej u schr\u00e1nky vypnout.<\/p>\n<\/div>\n","protected":false},"excerpt":{"rendered":"<p>U v\u0161ech schr\u00e1nek jsou po\u0161tovn\u00ed protokoly POP3 a IMAP trvale aktivn\u00ed. Nelze je zcela vypnout. N\u00ed\u017ee naleznete podrobn\u011bj\u0161\u00ed informace o jednotliv\u00fdch protokolech. Adresy server\u016f pro nastaven\u00ed p\u0159\u00edstupu pomoc\u00ed protokol\u016f POP3 a IMAP najdete v samostatn\u00e9m \u010dl\u00e1nku. POP3 Protokol POP3 dovoluje stahov\u00e1n\u00ed zpr\u00e1v ze schr\u00e1nky do po\u0161tovn\u00edho klienta. POP3 je st\u00e1le aktivn\u00ed a\u00a0nelze jej u schr\u00e1nky [&hellip;]<\/p>\n","protected":false},"author":12,"featured_media":0,"parent":552,"menu_order":0,"comment_status":"closed","ping_status":"closed","template":"page-sidemenu","meta":{"_acf_changed":false,"_relevanssi_hide_post":"","_relevanssi_hide_content":"","_relevanssi_pin_for_all":"","_relevanssi_pin_keywords":"","_relevanssi_unpin_keywords":"","_relevanssi_related_keywords":"","_relevanssi_related_include_ids":"","_relevanssi_related_exclude_ids":"","_relevanssi_related_no_append":"","_relevanssi_related_not_related":"","_relevanssi_related_posts":"","_relevanssi_noindex_reason":"","footnotes":""},"page_category":[4],"page_tag":[],"service_status_category":[],"class_list":["post-1094","page","type-page","status-publish","hentry"],"acf":[],"_links":{"self":[{"href":"https:\/\/o-seznam.cz\/napoveda\/email\/wp-json\/wp\/v2\/pages\/1094","targetHints":{"allow":["GET"]}}],"collection":[{"href":"https:\/\/o-seznam.cz\/napoveda\/email\/wp-json\/wp\/v2\/pages"}],"about":[{"href":"https:\/\/o-seznam.cz\/napoveda\/email\/wp-json\/wp\/v2\/types\/page"}],"author":[{"embeddable":true,"href":"https:\/\/o-seznam.cz\/napoveda\/email\/wp-json\/wp\/v2\/users\/12"}],"replies":[{"embeddable":true,"href":"https:\/\/o-seznam.cz\/napoveda\/email\/wp-json\/wp\/v2\/comments?post=1094"}],"version-history":[{"count":4,"href":"https:\/\/o-seznam.cz\/napoveda\/email\/wp-json\/wp\/v2\/pages\/1094\/revisions"}],"predecessor-version":[{"id":1642,"href":"https:\/\/o-seznam.cz\/napoveda\/email\/wp-json\/wp\/v2\/pages\/1094\/revisions\/1642"}],"up":[{"embeddable":true,"href":"https:\/\/o-seznam.cz\/napoveda\/email\/wp-json\/wp\/v2\/pages\/552"}],"wp:attachment":[{"href":"https:\/\/o-seznam.cz\/napoveda\/email\/wp-json\/wp\/v2\/media?parent=1094"}],"wp:term":[{"taxonomy":"page_category","embeddable":true,"href":"https:\/\/o-seznam.cz\/napoveda\/email\/wp-json\/wp\/v2\/page_category?post=1094"},{"taxonomy":"page_tag","embeddable":true,"href":"https:\/\/o-seznam.cz\/napoveda\/email\/wp-json\/wp\/v2\/page_tag?post=1094"},{"taxonomy":"service_status_category","embeddable":true,"href":"https:\/\/o-seznam.cz\/napoveda\/email\/wp-json\/wp\/v2\/service_status_category?post=1094"}],"curies":[{"name":"wp","href":"https:\/\/api.w.org\/{rel}","templated":true}]}}