{"id":109,"date":"2024-09-12T16:13:49","date_gmt":"2024-09-12T14:13:49","guid":{"rendered":"https:\/\/o-seznam.cz\/napoveda\/email\/?page_id=109"},"modified":"2025-10-30T13:03:36","modified_gmt":"2025-10-30T12:03:36","slug":"prace-se-zpravami","status":"publish","type":"page","link":"https:\/\/o-seznam.cz\/napoveda\/email\/prace-se-zpravami\/","title":{"rendered":"Pr\u00e1ce se zpr\u00e1vami"},"content":{"rendered":"\n<div class=\"wp-block-group is-layout-constrained wp-block-group-is-layout-constrained\">\n<h3 class=\"wp-block-heading\">T\u0159\u00edd\u011bn\u00ed zpr\u00e1v<\/h3>\n\n\n\n<p>V ka\u017ed\u00e9 schr\u00e1nce jsou v z\u00e1kladn\u00edm nastaven\u00ed t\u0159i slo\u017eky pro t\u0159\u00edd\u011bn\u00ed doru\u010den\u00e9 po\u0161ty a dal\u0161\u00ed je mo\u017en\u00e9 si vytvo\u0159it v nastaven\u00ed. P\u0159\u00edchoz\u00ed zpr\u00e1vy jsou do t\u011bchto slo\u017eek umis\u0165ov\u00e1ny podle obecn\u00fdch pravidel nebo nastaven\u00ed u\u017eivatele.<\/p>\n\n\n\n<div class=\"wp-block-group is-layout-constrained wp-block-group-is-layout-constrained\">\n<h2 class=\"wp-block-heading is-style-h4\"><strong>Automatick\u00e1 klasifikace p\u0159\u00edchoz\u00edch zpr\u00e1v<\/strong><\/h2>\n\n\n\n<p>Na nejobecn\u011bj\u0161\u00ed rovin\u011b se zpr\u00e1vy d\u011bl\u00ed na t\u0159i typy a podle t\u011bchto typ\u016f jsou za\u0159azov\u00e1ny do slo\u017eek:<\/p>\n\n\n\n<ul class=\"wp-block-list\">\n<li>Doru\u010den\u00e9 &#8211; do t\u00e9to slo\u017eky p\u0159ich\u00e1z\u00ed tzv. prim\u00e1rn\u00ed po\u0161ta, tedy zpr\u00e1vy ur\u010den\u00e9 konkr\u00e9tn\u00edmu u\u017eivateli (osobn\u00ed komunikace, potvrzen\u00ed o objedn\u00e1vk\u00e1ch \u010di registrac\u00edch, faktury a dal\u0161\u00ed transak\u010dn\u00ed zpr\u00e1vy).<\/li>\n\n\n\n<li>Hromadn\u00e9 &#8211; do t\u00e9to slo\u017eky p\u0159ich\u00e1z\u00ed zpr\u00e1vy hromadn\u00e9ho charakteru (obchodn\u00ed nab\u00eddky, newslettery).<\/li>\n\n\n\n<li>Spam &#8211; do t\u00e9to slo\u017eky za\u0159azujeme zpr\u00e1vy, kter\u00e9 jsme vyhodnotili jako z\u00e1vadn\u00e9 \u010di nevy\u017e\u00e1dan\u00e9. Mezi ty pat\u0159\u00ed zpr\u00e1vy, kter\u00e9 vykazuj\u00ed znaky podvodn\u00fdch zpr\u00e1v (phishing), ale tak\u00e9 zpr\u00e1vy od komer\u010dn\u00edch odes\u00edlatel\u016f, kte\u0159\u00ed nedodr\u017euj pravidla a z\u00e1sady e-mailingu.<\/li>\n<\/ul>\n<\/div>\n\n\n\n<div class=\"wp-block-group is-layout-constrained wp-block-group-is-layout-constrained\">\n<div class=\"wp-block-group is-layout-constrained wp-block-group-is-layout-constrained\">\n<h2 class=\"wp-block-heading is-style-h4\"><strong>Nastaven\u00ed d\u016fv\u011bryhodn\u00fdch, hromadn\u00fdch a blokovan\u00fdch adres<\/strong><\/h2>\n\n\n\n<p>Automatickou klasifikaci zpr\u00e1v do v\u00fd\u0161e uveden\u00fdch slo\u017eek m\u016f\u017eete ve sv\u00e9 schr\u00e1nce ovlivnit tak, \u017ee konkr\u00e9tn\u00ed zpr\u00e1vu p\u0159esunete do jin\u00e9 ze z\u00e1kladn\u00edch slo\u017eek. Pokud nap\u0159\u00edklad zpr\u00e1vu, kterou na\u0161e automatick\u00e9 algoritmy za\u0159adily do slo\u017eky Spam, nepova\u017eujete za nevy\u017e\u00e1danou, p\u0159esu\u0148te ji do slo\u017eky Doru\u010den\u00e9 \u010di Hromadn\u00e9 nebo pou\u017eijte tla\u010d\u00edtko &#8222;Nen\u00ed spam&#8220;. T\u00edm se adresa dan\u00e9ho odes\u00edlatele ozna\u010d\u00ed jako D\u016fv\u011bryhodn\u00e1 resp. Hromadn\u00e1 a n\u00e1sleduj\u00edc\u00ed zpr\u00e1vy z t\u00e9to adresy v\u00e1m budou p\u0159ich\u00e1zet do zvolen\u00e9 slo\u017eky. Naopak, kdy\u017e zpr\u00e1vu z kter\u00e9koli jin\u00e9 slo\u017eky ozna\u010d\u00edte jako Spam nebo p\u0159esunete do slo\u017eky Spam, zpr\u00e1vy od stejn\u00e9ho odes\u00edlatele v\u00e1m budou v budoucnu v\u017edy chodit do slo\u017eky Spam.<\/p>\n<\/div>\n\n\n\n<p>Stejn\u011b tak m\u016f\u017eete p\u0159esouvat zpr\u00e1vy z\/do slo\u017eky Hromadn\u00e9 a Doru\u010den\u00e9.<\/p>\n\n\n\n<p>Adresy odes\u00edlatel\u016f, pro kter\u00e9 byl ve va\u0161\u00ed schr\u00e1nce nastaven n\u011bkter\u00fd z p\u0159\u00edznak\u016f &#8211; D\u016fv\u011bryhodn\u00e1, Hromadn\u00e1, Blokovan\u00e1 &#8211; si m\u016f\u017eete prohl\u00e9dnout nebo upravit v Nastaven\u00ed schr\u00e1nky v sekci Spam. V detailu zpr\u00e1vy jsou nav\u00edc ozna\u010deny barevnou ikonkou.<\/p>\n<\/div>\n\n\n\n<div class=\"wp-block-group is-layout-constrained wp-block-group-is-layout-constrained\">\n<h2 class=\"wp-block-heading is-style-h4\"><strong>T\u0159\u00edd\u011bn\u00ed zpr\u00e1v pomoc\u00ed automatick\u00fdch pravidel<\/strong><\/h2>\n\n\n\n<p>V Nastaven\u00ed schr\u00e1nky je mo\u017en\u00e9 vytvo\u0159it automatick\u00e1 pravidla, kter\u00e1 mohou slou\u017eit mimo jin\u00e9 i k t\u0159\u00edd\u011bn\u00ed p\u0159\u00edchoz\u00ed po\u0161ty do po\u017eadovan\u00fdch slo\u017eek podle r\u016fzn\u00fdch parametr\u016f, nap\u0159\u00edklad podle odes\u00edlatele, p\u0159edm\u011btu \u010di kl\u00ed\u010dov\u00fdch slov. K tomu je mo\u017en\u00e9 si vedle syst\u00e9mov\u00fdch slo\u017eek vytv\u00e1\u0159et vlastn\u00ed strukturu slo\u017eek a podslo\u017eek. V\u00edce o nastaven\u00ed pravidel a vytv\u00e1\u0159en\u00ed vlastn\u00edch slo\u017eek se do\u010dtete v dal\u0161\u00edch \u010d\u00e1stech n\u00e1pov\u011bdy.<\/p>\n<\/div>\n\n\n\n<div class=\"wp-block-group is-layout-constrained wp-block-group-is-layout-constrained\">\n<h2 class=\"wp-block-heading is-style-h4\"><strong>Ru\u010dn\u00ed t\u0159\u00edd\u011bn\u00ed zpr\u00e1v<\/strong><\/h2>\n\n\n\n<p>Zpr\u00e1vy je mo\u017en\u00e9 p\u0159esouvat mezi slo\u017ekami tak\u00e9 pomoc\u00ed manu\u00e1ln\u00edch akc\u00ed, a to bu\u010f po jedn\u00e9 nebo hromadn\u011b. Pro hromadn\u00fd p\u0159esun je pot\u0159eba zpr\u00e1vy nejprve ozna\u010dit a n\u00e1sledn\u011b pou\u017eit\u00edm tla\u010d\u00edtka &#8222;P\u0159esunout&#8220; vybrat c\u00edlovou slo\u017eku. Hromadn\u011b m\u016f\u017eete ozna\u010dit maxim\u00e1ln\u011b jednu str\u00e1nku, co\u017e je 100 e-mail\u016f. P\u0159esun jedn\u00e9 zpr\u00e1vy je d\u00e1le mo\u017en\u00fd p\u0159eta\u017een\u00edm my\u0161\u00ed na p\u0159\u00edslu\u0161nou slo\u017eku v lev\u00e9m naviga\u010dn\u00edm menu.<\/p>\n\n\n\n<p>Pokud p\u0159esouv\u00e1te zpr\u00e1vy do jin\u00fdch slo\u017eek ne\u017e Doru\u010den\u00e9, Hromadn\u00e9 nebo Spam, nevytv\u00e1\u0159\u00ed se na pozad\u00ed \u017e\u00e1dn\u00e9 automatick\u00e9 pravidlo, kter\u00e9 by budouc\u00ed zpr\u00e1vy od dan\u00fdch odes\u00edlatel\u016f rovn\u011b\u017e p\u0159esouvalo do dan\u00fdch slo\u017eek a zpr\u00e1vy budou nad\u00e1le chodit tam, kam je za\u0159ad\u00ed automatick\u00e1 klasifikace.<\/p>\n\n\n\n<h2 class=\"wp-block-heading is-style-h4\"><strong>Ulo\u017een\u00ed cel\u00e9ho e-mailu<\/strong><\/h2>\n\n\n\n<p>Ka\u017edou zpr\u00e1vu si m\u016f\u017eete tak\u00e9 st\u00e1hnout do sv\u00e9ho za\u0159\u00edzen\u00ed ve form\u00e1tu .eml. Toho doc\u00edl\u00edte pomoc\u00ed tla\u010d\u00edtka&nbsp;<strong>Dal\u0161\u00ed<\/strong>, kter\u00e9 se nach\u00e1z\u00ed u spodn\u00edho okraje obrazovky na konci ka\u017ed\u00e9 zpr\u00e1vy. Po kliknut\u00ed na toto tla\u010d\u00edtko vyberte polo\u017eku <strong>Ulo\u017eit cel\u00fd e-mail<\/strong>. Sta\u017een\u00edm e-mailu zjist\u00edte nap\u0159. jeho celkovou velikost.<\/p>\n\n\n\n<p>Pokud pot\u0159ebujete st\u00e1hnout v\u00edce e-mailov\u00fdch zpr\u00e1v nar\u00e1z, nebo vytvo\u0159it z\u00e1lohu e-mailov\u00e9 schr\u00e1nky do va\u0161eho za\u0159\u00edzen\u00ed, doporu\u010dujeme vyu\u017e\u00edt n\u011bjak\u00fd <a href=\"https:\/\/o-seznam.cz\/napoveda\/email\/mohlo-by-se-hodit\/postovni-programy-a-aplikace\/\" data-type=\"link\" data-id=\"https:\/\/o-seznam.cz\/napoveda\/email\/mohlo-by-se-hodit\/postovni-programy-a-aplikace\/\">po\u0161tovn\u00ed program<\/a>.<\/p>\n\n\n\n<h2 class=\"wp-block-heading is-style-h4\"><strong>Odesl\u00e1n\u00ed e-mailu<\/strong><\/h2>\n\n\n\n<p>Nov\u00fd e-mail m\u016f\u017eete poslat kliknut\u00edm na tla\u010d\u00edtko <strong>Napsat e-mail<\/strong> v lev\u00e9m horn\u00edm rohu str\u00e1nky. Pot\u00e9 vypl\u0148te pole <strong>Komu<\/strong>, kam je t\u0159eba uv\u00e9st e-mailovou adresu p\u0159\u00edjemce, a pole <strong>P\u0159edm\u011bt<\/strong>. Nakonec e-mail ode\u0161lete kliknut\u00edm na tla\u010d\u00edtko <strong>Odeslat e-mail<\/strong> v prav\u00e9m doln\u00edm rohu.<\/p>\n\n\n\n<h2 class=\"wp-block-heading is-style-h4\"><strong>P\u0159eposl\u00e1n\u00ed e-mailu<\/strong><\/h2>\n\n\n\n<p>Pro p\u0159eposl\u00e1n\u00ed e-mailu si nejprve otev\u0159ete konkr\u00e9tn\u00ed e-mail. D\u00e1le uvid\u00edte v horn\u00ed \u010d\u00e1sti str\u00e1nky mo\u017enost <strong>P\u0159eposlat<\/strong>. Pokud ji nevid\u00edte, m\u016f\u017ee b\u00fdt p\u0159i men\u0161\u00edm rozli\u0161en\u00ed monitoru nebo v\u011bt\u0161\u00edm p\u0159ibl\u00ed\u017een\u00ed str\u00e1nky zahrnuta pod mo\u017enost\u00ed <strong>Odpov\u011bd\u011bt<\/strong>.<\/p>\n\n\n\n<h2 class=\"wp-block-heading is-style-h4\">Prost\u00fd text<\/h2>\n\n\n\n<p>Tato volba umo\u017e\u0148uje odstranit z psan\u00e9ho textu ve\u0161ker\u00e9 form\u00e1tov\u00e1n\u00ed. Tla\u010d\u00edtko <strong>Prost\u00fd text<\/strong> naleznete v editoru p\u0159i psan\u00ed nov\u00e9 zpr\u00e1vy, konkr\u00e9tn\u011b se jedn\u00e1 o ikonu 3 \u010d\u00e1rek nad sebou hned vedle v\u00fdb\u011bru barvy textu.<\/p>\n\n\n\n<h2 class=\"wp-block-heading is-style-h4\"><strong>Zobrazen\u00ed pouze nep\u0159e\u010dten\u00fdch zpr\u00e1v<\/strong><\/h2>\n\n\n\n<p>Pro zobrazen\u00ed pouze nep\u0159e\u010dten\u00fdch zpr\u00e1v sta\u010d\u00ed kliknout na \u010d\u00edslo, kter\u00e9 se zobrazuje vedle n\u00e1zvu slo\u017eky. Po kliknut\u00ed na dan\u00e9 \u010d\u00edslo se vyfiltruj\u00ed jenom nep\u0159e\u010dten\u00e9 zpr\u00e1vy a s t\u011bmi pot\u00e9 m\u016f\u017eete pracovat dle pot\u0159eby. Nap\u0159. budete moci v\u0161echny snadno ozna\u010dit jako p\u0159e\u010dten\u00e9.<\/p>\n<\/div>\n<\/div>\n\n\n\n<div class=\"wp-block-group is-layout-constrained wp-block-group-is-layout-constrained\">\n<h2 class=\"wp-block-heading\">Automatick\u00e9 maz\u00e1n\u00ed zpr\u00e1v ve slo\u017ek\u00e1ch Hromadn\u00e9, Ko\u0161 a Spam<\/h2>\n\n\n\n<p>Zpr\u00e1vy doru\u010den\u00e9 nebo p\u0159esunut\u00e9 do slo\u017eek Hromadn\u00e9, Spam a Ko\u0161 jsou po ur\u010dit\u00e9 dob\u011b automaticky maz\u00e1ny.<\/p>\n\n\n\n<div class=\"wp-block-group is-layout-constrained wp-block-group-is-layout-constrained\">\n<h3 class=\"wp-block-heading\">Hromadn\u00e9<\/h3>\n\n\n\n<p>Slo\u017eka Hromadn\u00e9 je ur\u010dena pro obchodn\u00ed sd\u011blen\u00ed a hromadn\u00e9 zpr\u00e1vy, kter\u00e9 zpravidla po \u010dase ztr\u00e1c\u00ed svou informa\u010dn\u00ed hodnotu. Proto jsou zpr\u00e1vy z t\u00e9to slo\u017eky v z\u00e1kladn\u00edm nastaven\u00ed automaticky smaz\u00e1ny po 90 dnech. <\/p>\n\n\n\n<p>Pokud si nep\u0159ejete tyto zpr\u00e1vy mazat, v nastaven\u00ed schr\u00e1nky v z\u00e1lo\u017ece &#8222;Hromadn\u00e9&#8220; m\u016f\u017eete automatick\u00e9 maz\u00e1n\u00ed vypnout od\u0161krtnut\u00edm p\u0159\u00edslu\u0161n\u00e9 volby, nebo slo\u017eku Hromadn\u00e9 zcela vypnout. Hromadn\u00e9 zpr\u00e1vy pak budou um\u00eds\u0165ov\u00e1ny do slo\u017eky Doru\u010den\u00e9. <\/p>\n\n\n\n<div class=\"wp-block-seznam-box is-layout-flow wp-block-seznam-box-is-layout-flow\">\n<p><em>Upozorn\u011bn\u00ed: Pokud va\u0161e schr\u00e1nka p\u0159ij\u00edm\u00e1 v\u011bt\u0161\u00ed mno\u017etv\u00ed hromadn\u00fdch zpr\u00e1v, vypnut\u00edm automatick\u00e9ho maz\u00e1n\u00ed se bude rychleji plnit. Schr\u00e1nky u Seznam.cz jsou sice neomezen\u00e9, ale \u010d\u00edm v\u00edce zpr\u00e1v schr\u00e1nka obsahuje, t\u00edm b\u00fdv\u00e1 pomalej\u0161\u00ed p\u0159i na\u010d\u00edt\u00e1n\u00ed, synchronizaci a vyhled\u00e1v\u00e1n\u00ed.<\/em><\/p>\n<\/div>\n<\/div>\n\n\n\n<div class=\"wp-block-group is-layout-constrained wp-block-group-is-layout-constrained\">\n<h3 class=\"wp-block-heading\">Ko\u0161<\/h3>\n\n\n\n<p>Do slo\u017eky Ko\u0161 jsou um\u00edst\u011bny zpr\u00e1vy, kter\u00e9 byly smaz\u00e1ny ru\u010dn\u00edm p\u0159esunem nebo automatick\u00fdm pravidlem a po ur\u010dit\u00e9 dob\u011b jsou automaticky smaz\u00e1ny. Dokud jsou zpr\u00e1vy v ko\u0161i, je mo\u017en\u00e9 jejich smaz\u00e1n\u00ed zabr\u00e1nit p\u0159esunut\u00edm do jin\u00e9 zvolen\u00e9 slo\u017eky. Zpr\u00e1vy smazan\u00e9 z ko\u0161e ji\u017e bohu\u017eel nejde \u017e\u00e1dn\u00fdm zp\u016fsobem obnovit.<\/p>\n\n\n\n<p>V z\u00e1kladn\u00edm nastaven\u00ed se zpr\u00e1vy sma\u017eou 30 dn\u00ed od p\u0159esunut\u00ed do slo\u017eky Ko\u0161. V nastaven\u00ed schr\u00e1nky v sekci Ko\u0161 m\u016f\u017eete interval maz\u00e1n\u00ed zkr\u00e1tit na t\u00fdden, p\u0159\u00edpadn\u011b zvolit, \u017ee se m\u00e1 ko\u0161 promazat v\u017edy po odhl\u00e1\u0161en\u00ed z e-mailov\u00e9 schr\u00e1nky. Slo\u017eku m\u016f\u017eete tak\u00e9 kdykoli promazat ru\u010dn\u011b pomoc\u00ed tla\u010d\u00edtka Vysypat ko\u0161. Automatick\u00e9 promaz\u00e1v\u00e1n\u00ed ko\u0161e nen\u00ed mo\u017en\u00e9 vypnout. <\/p>\n\n\n\n<p>Smazan\u00e9 rozepsan\u00e9 zpr\u00e1vy se automaticky ma\u017eou. Z\u00e1lohy rozepsan\u00fdch zpr\u00e1v neprov\u00e1d\u00edme. <\/p>\n\n\n\n<div class=\"wp-block-seznam-box is-layout-flow wp-block-seznam-box-is-layout-flow\">\n<p>Tipy pro pr\u00e1ci se slo\u017ekou Ko\u0161: <\/p>\n\n\n\n<p>P\u0159i maz\u00e1n\u00ed v\u011bt\u0161\u00edho mno\u017estv\u00ed zpr\u00e1v se m\u016f\u017ee st\u00e1t, \u017ee u\u017eivatel sma\u017ee zpr\u00e1vu, kterou smazat nezam\u00fd\u0161lel. Proto doporu\u010dujeme jednou za \u010das ko\u0161 zkontrolovat a pokud v n\u011bm najdete zpr\u00e1vu, kterou jste smazat necht\u011bli,  p\u0159esunout ji do jin\u00e9 slo\u017eky, abyste zabr\u00e1nili jej\u00edmu automatick\u00e9mu smaz\u00e1n\u00ed.<\/p>\n\n\n\n<p>Pokud se v ko\u0161i nach\u00e1z\u00ed v\u011bt\u0161\u00ed mno\u017estv\u00ed star\u0161\u00edch zpr\u00e1v, kter\u00e9 jste sami nesmazali, m\u016f\u017ee se jednat o \u010dinnost \u00fato\u010dn\u00edka, kter\u00fd se naboural do va\u0161\u00ed schr\u00e1nky. V takov\u00e9m p\u0159\u00edpad\u011b doporu\u010dujeme co nejd\u0159\u00edve zm\u011bnit heslo k va\u0161emu \u00fa\u010dtu.<\/p>\n\n\n\n<p>Pokud v ko\u0161i nach\u00e1z\u00edte nov\u00e9 zpr\u00e1vy, doporu\u010dujeme zkontrolovat nastaven\u00ed automatick\u00fdch pravidel.<\/p>\n<\/div>\n<\/div>\n\n\n\n<div class=\"wp-block-group is-layout-constrained wp-block-group-is-layout-constrained\">\n<h3 class=\"wp-block-heading\">Spam<\/h3>\n\n\n\n<p>Do slo\u017eky Spam jsou automatcky um\u00edst\u011bny zpr\u00e1vy, kter\u00e9 jsme vyhodnotili jako z\u00e1vadn\u00e9, a d\u00e1le zpr\u00e1vy, kter\u00e9 s\u00e1m u\u017eivatel ozna\u010dil za Spam nebo kter\u00e9 byly odesl\u00e1ny ze stejn\u00e9 adresy, kter\u00e1 byla ozna\u010dena za spamovou adresu n\u011bkdy v minulosti. Zpr\u00e1vy v t\u00e9to slo\u017ece jsou automaticky smaz\u00e1ny po t\u0159iceti dnech. Automatick\u00e9 maz\u00e1n\u00ed nen\u00ed mo\u017en\u00e9 vypnout a interval nen\u00ed mo\u017en\u00e9 zm\u011bnit. Slo\u017eku Spam je tak\u00e9 mo\u017en\u00e9 kdykoli promazat ru\u010dn\u011b pomoc\u00ed tla\u010d\u00edtka &#8222;Odstranit v\u0161e&#8220;.<\/p>\n\n\n\n<p>Slo\u017eku Spam doporu\u010dujeme jednou za \u010das zkontrolovat. Pokud do n\u00ed byla um\u00edst\u011bna zpr\u00e1va, kterou nepova\u017eujete za nevy\u017e\u00e1danou, m\u016f\u017eete ji p\u0159esunout do jin\u00e9 slo\u017eky, \u010d\u00edm\u017e zamez\u00edte jej\u00edmu automatick\u00e9mu odstran\u011bn\u00ed. Z\u00e1rove\u0148 se adresa odes\u00edlatele ozna\u010d\u00ed jako d\u016fv\u011bryhodn\u00e1, tak\u017ee dal\u0161\u00ed zpr\u00e1vy od stejn\u00e9ho odes\u00edlatele ji\u017e nebudou ve va\u0161\u00ed schr\u00e1nce ozna\u010dov\u00e1ny za spam. <\/p>\n\n\n\n<div class=\"wp-block-seznam-box is-layout-flow wp-block-seznam-box-is-layout-flow\">\n<p>P\u0159i otev\u00edr\u00e1n\u00ed zpr\u00e1v ve slo\u017ece Spam d\u016frazn\u011b doporu\u010dujeme postupovat s maxim\u00e1ln\u00ed obez\u0159etnost\u00ed. Do slo\u017eky Spam mohou b\u00fdt za\u0159azeny i nez\u00e1vadn\u00e9 zpr\u00e1vy nap\u0159\u00edklad z d\u016fvodu dlouhodob\u00e9ho poru\u0161ov\u00e1n\u00ed pravidel doru\u010ditelnosti na stran\u011b odes\u00edlatele nebo pokud u\u017eivatel ozna\u010dil zpr\u00e1vu za spam nedopat\u0159en\u00edm. M\u016f\u017ee se ale tak\u00e9 jednat o zda\u0159ilou napodobeninu zpr\u00e1vy zn\u00e1m\u00e9ho odes\u00edlatele, prost\u0159ednictv\u00edm kter\u00e9 se \u00fato\u010dn\u00edci pokou\u0161\u00ed z\u00edskat va\u0161e p\u0159ihla\u0161ovac\u00ed \u00fadaje, informace k platebn\u00ed kart\u011b \u010di jin\u00e1 citliv\u00e1 data. V\u00edce informac\u00ed se do\u010dtete v n\u00e1pov\u011bd\u011b v sekci &#8222;Z\u00e1sady bezpe\u010dnosti&#8220;.<\/p>\n<\/div>\n<\/div>\n<\/div>\n\n\n\n<p><\/p>\n","protected":false},"excerpt":{"rendered":"<p>T\u0159\u00edd\u011bn\u00ed zpr\u00e1v V ka\u017ed\u00e9 schr\u00e1nce jsou v z\u00e1kladn\u00edm nastaven\u00ed t\u0159i slo\u017eky pro t\u0159\u00edd\u011bn\u00ed doru\u010den\u00e9 po\u0161ty a dal\u0161\u00ed je mo\u017en\u00e9 si vytvo\u0159it v nastaven\u00ed. P\u0159\u00edchoz\u00ed zpr\u00e1vy jsou do t\u011bchto slo\u017eek umis\u0165ov\u00e1ny podle obecn\u00fdch pravidel nebo nastaven\u00ed u\u017eivatele. Automatick\u00e1 klasifikace p\u0159\u00edchoz\u00edch zpr\u00e1v Na nejobecn\u011bj\u0161\u00ed rovin\u011b se zpr\u00e1vy d\u011bl\u00ed na t\u0159i typy a podle t\u011bchto typ\u016f jsou za\u0159azov\u00e1ny [&hellip;]<\/p>\n","protected":false},"author":13,"featured_media":0,"parent":0,"menu_order":30,"comment_status":"closed","ping_status":"closed","template":"page-sidemenu","meta":{"_acf_changed":false,"_relevanssi_hide_post":"","_relevanssi_hide_content":"","_relevanssi_pin_for_all":"","_relevanssi_pin_keywords":"","_relevanssi_unpin_keywords":"","_relevanssi_related_keywords":"","_relevanssi_related_include_ids":"","_relevanssi_related_exclude_ids":"","_relevanssi_related_no_append":"","_relevanssi_related_not_related":"","_relevanssi_related_posts":"","_relevanssi_noindex_reason":"","footnotes":""},"page_category":[4],"page_tag":[],"service_status_category":[],"class_list":["post-109","page","type-page","status-publish","hentry"],"acf":[],"_links":{"self":[{"href":"https:\/\/o-seznam.cz\/napoveda\/email\/wp-json\/wp\/v2\/pages\/109","targetHints":{"allow":["GET"]}}],"collection":[{"href":"https:\/\/o-seznam.cz\/napoveda\/email\/wp-json\/wp\/v2\/pages"}],"about":[{"href":"https:\/\/o-seznam.cz\/napoveda\/email\/wp-json\/wp\/v2\/types\/page"}],"author":[{"embeddable":true,"href":"https:\/\/o-seznam.cz\/napoveda\/email\/wp-json\/wp\/v2\/users\/13"}],"replies":[{"embeddable":true,"href":"https:\/\/o-seznam.cz\/napoveda\/email\/wp-json\/wp\/v2\/comments?post=109"}],"version-history":[{"count":16,"href":"https:\/\/o-seznam.cz\/napoveda\/email\/wp-json\/wp\/v2\/pages\/109\/revisions"}],"predecessor-version":[{"id":1635,"href":"https:\/\/o-seznam.cz\/napoveda\/email\/wp-json\/wp\/v2\/pages\/109\/revisions\/1635"}],"wp:attachment":[{"href":"https:\/\/o-seznam.cz\/napoveda\/email\/wp-json\/wp\/v2\/media?parent=109"}],"wp:term":[{"taxonomy":"page_category","embeddable":true,"href":"https:\/\/o-seznam.cz\/napoveda\/email\/wp-json\/wp\/v2\/page_category?post=109"},{"taxonomy":"page_tag","embeddable":true,"href":"https:\/\/o-seznam.cz\/napoveda\/email\/wp-json\/wp\/v2\/page_tag?post=109"},{"taxonomy":"service_status_category","embeddable":true,"href":"https:\/\/o-seznam.cz\/napoveda\/email\/wp-json\/wp\/v2\/service_status_category?post=109"}],"curies":[{"name":"wp","href":"https:\/\/api.w.org\/{rel}","templated":true}]}}