{"id":1052,"date":"2024-12-11T12:43:25","date_gmt":"2024-12-11T11:43:25","guid":{"rendered":"https:\/\/o-seznam.cz\/napoveda\/email\/?page_id=1052"},"modified":"2026-04-23T16:13:53","modified_gmt":"2026-04-23T14:13:53","slug":"nastaveni-odesilatele","status":"publish","type":"page","link":"https:\/\/o-seznam.cz\/napoveda\/email\/moznosti-nastaveni\/nastaveni-odesilatele\/","title":{"rendered":"Nastaven\u00ed odes\u00edlatele"},"content":{"rendered":"\n<div class=\"wp-block-group is-layout-constrained wp-block-group-is-layout-constrained\">\n<p>Pro vstup do <strong>Nastaven\u00ed<\/strong> vyu\u017eijte ikonu ozuben\u00e9ho kola v lev\u00e9 doln\u00ed \u010d\u00e1sti obrazovky. V sekci <strong>Odes\u00edlatel<\/strong> m\u016f\u017eete nastavit informace, kter\u00e9 uvid\u00ed p\u0159\u00edjemci v\u00e1mi odeslan\u00fdch zpr\u00e1v.<\/p>\n\n\n\n<div class=\"wp-block-group is-layout-constrained wp-block-group-is-layout-constrained\">\n<h2 class=\"wp-block-heading\">Profilov\u00e9 foto<\/h2>\n\n\n\n<p>Profilov\u00fd obr\u00e1zek, jinak tak\u00e9 avatar, se nastavuje pro cel\u00fd Seznam \u00fa\u010det. Zobrazuje se v p\u0159ihla\u0161ovac\u00edm medailonku nap\u0159\u00ed\u010d slu\u017ebami, u va\u0161ich ve\u0159ejn\u00fdch p\u0159\u00edsp\u011bvk\u016f a p\u0159i interakc\u00edch s ostatn\u00edmi u\u017eivateli Seznamu. V r\u00e1mci e-mailov\u00e9 komunikace se v\u00e1\u0161 profilov\u00fd obr\u00e1zek zobraz\u00ed u v\u00e1mi odeslan\u00fdch zpr\u00e1v, uvid\u00ed ho ale pouze u\u017eivatel\u00e9 slu\u017eby Seznam Email. Pokud tedy ode\u0161lete ze sv\u00e9 schr\u00e1nky zpr\u00e1vu u\u017eivateli na jin\u00e9 e-mailov\u00e9 slu\u017eb\u011b, v\u00e1\u0161 nastaven\u00fd avatar u zpr\u00e1vy zobrazen nebude.<\/p>\n\n\n\n<p class=\"is-style-link-external\">Obr\u00e1zek m\u016f\u017ee b\u00fdt ve form\u00e1tu PNG, JPG&nbsp;nebo GIF. Nastavit si ho m\u016f\u017eete ve sv\u00e9m <a href=\"https:\/\/ucet.seznam.cz\/personal\" target=\"_blank\" rel=\"noreferrer noopener\">Seznam \u00da\u010dtu<\/a> v \u010d\u00e1sti <strong>Osobn\u00ed \u00fadaje<\/strong>.<\/p>\n\n\n\n<p class=\"is-style-link-external\">V p\u0159\u00edpad\u011b, \u017ee m\u00e1te pod stejnou e-mailovou adresou registrovanou slu\u017ebu <a href=\"https:\/\/gravatar.com\/\" target=\"_blank\" rel=\"noreferrer noopener\">Gravatar<\/a> a z\u00e1rove\u0148 nebudete m\u00edt nahranou profilovou fotografii ve sv\u00e9m Seznam \u00da\u010dtu, bude se zobrazovat fotografie z <strong>Gravatar.com<\/strong>.<\/p>\n<\/div>\n\n\n\n<div class=\"wp-block-group is-layout-constrained wp-block-group-is-layout-constrained\">\n<h2 class=\"wp-block-heading\">Osobn\u00ed \u00fadaje<\/h2>\n\n\n\n<p>Do pole <strong>Va\u0161e jm\u00e9no<\/strong> napi\u0161te sv\u00e9 jm\u00e9no a ulo\u017ete. Toto jm\u00e9no se bude zobrazovat u va\u0161ich zpr\u00e1v jako jm\u00e9no odes\u00edlatele. Pokud do pole \u017e\u00e1dn\u00e9 jm\u00e9no nezad\u00e1te a nech\u00e1te pole pr\u00e1zdn\u00e9, bude se jako odes\u00edlatel zobrazovat cel\u00e1 va\u0161e e-mailov\u00e1 adresa.<\/p>\n\n\n\n<p>Do pole <strong>Podpis<\/strong> zadejte informace, kter\u00e9 budete cht\u00edt, aby se zobrazovaly na konci v\u0161ech v\u00e1mi odeslan\u00fdch zpr\u00e1v. Obvykle jsou takov\u00fdmi informacemi va\u0161e jm\u00e9no, adresa a dal\u0161\u00ed kontaktn\u00ed informace.<\/p>\n\n\n\n<p>Zatrhnut\u00edm volby <strong>P\u0159id\u00e1vat podpis na konec e-mailu<\/strong> budou zadan\u00e9 informace p\u0159ipojeny ke v\u0161em odes\u00edlan\u00fdm zpr\u00e1v\u00e1m. Zru\u0161en\u00edm volby se podpis p\u0159ikl\u00e1dat p\u0159estane, jeho obsah se ale nesma\u017ee a v budoucnu jej tak m\u016f\u017eete pou\u017e\u00edt znovu, ani\u017e by bylo nutn\u00e9 jej znovu vytv\u00e1\u0159et. Z jednotliv\u00fdch zpr\u00e1v, ke kter\u00fdm sv\u016fj podpis p\u0159ipojovat nechcete, ho m\u016f\u017eete p\u0159ed odesl\u00e1n\u00edm jednodu\u0161e smazat.<\/p>\n\n\n\n<p>P\u0159ipojen\u00fd editor nab\u00edz\u00ed z\u00e1kladn\u00ed mo\u017enosti form\u00e1tov\u00e1n\u00ed, v podpisu je tedy mo\u017en\u00e9 zvolit si nap\u0159\u00edklad barvu a velikost p\u00edsma nebo do podpisu vlo\u017eit hypertextov\u00fd odkaz \u010di e-mailovou adresu.&nbsp;<\/p>\n\n\n\n<h2 class=\"wp-block-heading\">Obr\u00e1zek v podpisu<\/h2>\n\n\n\n<p>U b\u011b\u017en\u00fdch schr\u00e1nek nen\u00ed mo\u017en\u00e9 vkl\u00e1dat obr\u00e1zky do podpisu, pouze text.<\/p>\n\n\n\n<p>U schr\u00e1nek na Emailu Profi je mo\u017en\u00e9 pomoc\u00ed posledn\u00ed ikony napravo p\u0159ipojit k podpisu obr\u00e1zek. Ten se pak automaticky p\u0159ikl\u00e1d\u00e1 na konec ka\u017ed\u00e9 odeslan\u00e9 zpr\u00e1vy. Obr\u00e1zek mus\u00ed b\u00fdt ve form\u00e1tu .JPG nebo .PNG. Maxim\u00e1ln\u00ed povolen\u00e9 rozm\u011bry jsou 610 x 260 px, pokud n\u011bkter\u00fd rozm\u011br nahran\u00e9ho obr\u00e1zku p\u0159es\u00e1hne povolenou velikost, obr\u00e1zek se zmen\u0161\u00ed. T\u00edm m\u016f\u017ee doj\u00edt k jeho zdeformov\u00e1n\u00ed, doporu\u010dujeme proto po nastaven\u00ed podpis otestovat odesl\u00e1n\u00edm zpr\u00e1vy na vlastn\u00ed adresu. Obr\u00e1zek v podpisu je statick\u00fd prvek, nelze do n\u011bj p\u0159ipojovat odkazy.<\/p>\n\n\n\n<p>P\u0159i psan\u00ed zpr\u00e1vy se obr\u00e1zek z podpisu zobraz\u00ed v p\u0159\u00edloh\u00e1ch. Odebr\u00e1n\u00edm t\u00e9to p\u0159\u00edlohy se obr\u00e1zek v dan\u00e9 zpr\u00e1v\u011b z podpisu odebere a ode\u0161le se pouze zb\u00fdvaj\u00edc\u00ed \u010d\u00e1st podpisu. Na trval\u00e9 nastaven\u00ed tento krok nem\u00e1 vliv. <\/p>\n\n\n\n<p>Jestli\u017ee pos\u00edl\u00e1te zpr\u00e1vu p\u0159\u00edjemci se schr\u00e1nkou registrovanou u Seznam.cz, obr\u00e1zek se spole\u010dn\u011b s podpisem zobraz\u00ed p\u0159\u00edmo v t\u011ble zpr\u00e1vy. Aby se mohl obr\u00e1zek zobrazit, mus\u00ed zpr\u00e1va obsahovat i zdrojov\u00fd soubor. Ten se zobraz\u00ed v sekci tzv. P\u0159ipojen\u00e9ho obsahu, kter\u00e1 se zobrazuje pod p\u0159\u00edlohami. Zdrojov\u00fd soubor se zde zobraz\u00ed pod stejn\u00fdm n\u00e1zvem, pod kter\u00fdm byl nahr\u00e1n do nastaven\u00ed podpisu.<\/p>\n\n\n\n<p>Zobrazen\u00ed podpisu a obr\u00e1zku ve schr\u00e1nk\u00e1ch jin\u00fdch provozovatel\u016f a v po\u0161tovn\u00edch klientech se m\u016f\u017ee li\u0161it v z\u00e1vislosti na konkr\u00e9tn\u00edm programu \u010di poskytovateli.<\/p>\n\n\n\n<p>Pro trval\u00e9 odebr\u00e1n\u00ed obr\u00e1zku v podpisu otev\u0159ete <strong>Nastaven\u00ed odes\u00edlatele<\/strong>, obr\u00e1zek ozna\u010dte my\u0161\u00ed, na sv\u00e9 kl\u00e1vesnici stiskn\u011bte kl\u00e1vesu Delete nebo Backspace a klikn\u011bte na tla\u010d\u00edtko <strong>Ulo\u017eit zm\u011bny<\/strong>.<\/p>\n<\/div>\n\n\n\n<div class=\"wp-block-group is-layout-constrained wp-block-group-is-layout-constrained\">\n<h2 class=\"wp-block-heading\" id=\"alias\">Adresy, ze kter\u00fdch m\u016f\u017eete odes\u00edlat maily<\/h2>\n\n\n\n<p>Pokud pou\u017e\u00edv\u00e1te v\u00edce e-mailov\u00fdch adres, ze sv\u00e9 schr\u00e1nky m\u016f\u017eete odes\u00edlat zpr\u00e1vy pod kteroukoli z nich, pokud si ji nastav\u00edte jako tzv. alias. V jedn\u00e9 schr\u00e1nce m\u016f\u017eete m\u00edt nastaveno a\u017e deset alias\u016f a libovoln\u011b mezi nimi p\u0159ed odesl\u00e1n\u00edm ka\u017ed\u00e9 zpr\u00e1vy p\u0159ep\u00ednat. <br><br>Pro nastaven\u00ed aliasu zadejte e-mailovou adresu va\u0161\u00ed dal\u0161\u00ed schr\u00e1nky do pole <strong>Dal\u0161\u00ed e-mailov\u00e1 adresa<\/strong> a potvr\u010fte tla\u010d\u00edtkem <strong>P\u0159idat adresu<\/strong>. Na zadanou adresu v\u00e1m po\u0161leme zpr\u00e1vu s potvrzovac\u00edm odkazem, na kter\u00fd je pot\u0159eba kliknout. Po \u00fasp\u011b\u0161n\u00e9m ov\u011b\u0159en\u00ed se adresa p\u0159id\u00e1 do seznamu adres pro odes\u00edl\u00e1n\u00ed. <\/p>\n\n\n\n<p>V <strong>Nastaven\u00ed <\/strong>j\u00ed n\u00e1sledn\u011b m\u016f\u017eete doplnit i jm\u00e9no odes\u00edlatele. Pokud m\u00e1 b\u00fdt tato adresa pou\u017eita jako prim\u00e1rn\u00ed adresa p\u0159i psan\u00ed zpr\u00e1v, klikn\u011bte na kulat\u00e9 pole vedle n\u00ed. Prim\u00e1rn\u00ed adresa je ozna\u010den\u00e1 oran\u017eovou te\u010dkou. <br><br>Pokud se chcete p\u0159i psan\u00ed zpr\u00e1vy p\u0159epnout na jin\u00fd alias, v okn\u011b pro psan\u00ed zpr\u00e1vy klikn\u011bte na \u0161ipku vedle va\u0161\u00ed e-mailov\u00e9 adresy. Rozbal\u00ed se nab\u00eddka s ov\u011b\u0159en\u00fdmi adresami, ze kter\u00fdch m\u016f\u017eete odes\u00edlat zpr\u00e1vy. Jestli\u017ee vedle va\u0161\u00ed adresy \u017e\u00e1dn\u00e1 \u0161ipka nen\u00ed nebo se po\u017eadovan\u00e1 adresa nenach\u00e1z\u00ed ve v\u00fdb\u011bru, nedo\u0161lo ke spr\u00e1vn\u00e9mu ov\u011b\u0159en\u00ed a je pot\u0159eba ho prov\u00e9st v <strong>Nastaven\u00ed<\/strong>.<\/p>\n\n\n\n<p>Nastaven\u00ed jin\u00e9 e-mailov\u00e9 adresy jako aliasu nem\u00e1 vliv na doru\u010den\u00ed zpr\u00e1v poslan\u00fdch na danou adresu. Ty budu nad\u00e1le chodit do p\u016fvodn\u00ed schr\u00e1nky.<\/p>\n<\/div>\n\n\n\n<div class=\"wp-block-group is-layout-constrained wp-block-group-is-layout-constrained\">\n<h2 class=\"wp-block-heading\">Potvrzen\u00ed o p\u0159e\u010dten\u00ed<\/h2>\n\n\n\n<p>V p\u0159\u00edpad\u011b, \u017ee odes\u00edlatel po\u017eaduje u zpr\u00e1vy potvrzen\u00ed o jej\u00edm p\u0159e\u010dten\u00ed, zobraz\u00ed se v\u00e1m po\u017eadavek na automatick\u00e9 zasl\u00e1n\u00ed informace, \u017ee v\u00e1mi otev\u0159en\u00e1 zpr\u00e1va byla p\u0159e\u010dtena. Nastaven\u00ed umo\u017e\u0148uje zvolit t\u0159i zp\u016fsoby, jak chcete potvrzen\u00ed o p\u0159e\u010dten\u00ed zaslat:<\/p>\n\n\n\n<ul class=\"wp-block-list\">\n<li>A\u017e to potvrd\u00edm &#8211; po\u017eadavek na p\u0159e\u010dten\u00ed se v\u00e1m zobraz\u00ed v\u017edy u ka\u017ed\u00e9 zpr\u00e1vy, kter\u00e1 takov\u00fd po\u017eadavek obsahuje. Toto je v\u00fdchoz\u00ed nastaven\u00ed.<\/li>\n\n\n\n<li>Automaticky &#8211; potvrzen\u00ed o p\u0159e\u010dten\u00ed bude zasl\u00e1no automaticky p\u0159i otev\u0159en\u00ed zpr\u00e1vy, ani\u017e by se v\u00e1m informace o po\u017eadavku zobrazila.<\/li>\n\n\n\n<li>Nechci zaslat &#8211; po\u017eadavek na potvrzen\u00ed se v\u00e1m nezobraz\u00ed a bude v\u017edy automaticky ignorov\u00e1n. \u017d\u00e1dn\u00e9 potvrzen\u00ed tedy odes\u00edlateli zpr\u00e1vy nedoraz\u00ed.<\/li>\n<\/ul>\n<\/div>\n\n\n\n<h2 class=\"wp-block-heading\">Zru\u0161en\u00ed schr\u00e1nky<\/h2>\n\n\n\n<p>Samotnou e-mailovou schr\u00e1nku na slu\u017eb\u011b Email.cz nen\u00ed mo\u017en\u00e9 zru\u0161it. Nelze ani zm\u011bnit jej\u00ed adresu. Zru\u0161en\u00ed schr\u00e1nky lze doc\u00edlit pouze zru\u0161en\u00edm cel\u00e9ho u\u017eivatelsk\u00e9ho \u00fa\u010dtu a smaz\u00e1n\u00edm dat. N\u00e1sledn\u011b tedy nebude mo\u017en\u00e9 p\u0159ihl\u00e1sit se adresou zru\u0161en\u00e9 schr\u00e1nky do \u017e\u00e1dn\u00e9 dal\u0161\u00ed slu\u017eby. O zru\u0161en\u00ed \u00fa\u010dtu je mo\u017en\u00e9 za\u017e\u00e1dat na str\u00e1nce <a class=\"is-style-link-external\" href=\"https:\/\/ucet.seznam.cz\/\" target=\"_blank\" rel=\"noreferrer noopener\">\u00da\u010dtu<\/a> v \u010d\u00e1sti <strong>Ochrana osobn\u00edch \u00fadaj\u016f<\/strong>. Doba ru\u0161en\u00ed je 30 dn\u00ed od odesl\u00e1n\u00ed po\u017eadavku.<\/p>\n\n\n\n<p><\/p>\n<\/div>\n","protected":false},"excerpt":{"rendered":"<p>Pro vstup do Nastaven\u00ed vyu\u017eijte ikonu ozuben\u00e9ho kola v lev\u00e9 doln\u00ed \u010d\u00e1sti obrazovky. V sekci Odes\u00edlatel m\u016f\u017eete nastavit informace, kter\u00e9 uvid\u00ed p\u0159\u00edjemci v\u00e1mi odeslan\u00fdch zpr\u00e1v. Profilov\u00e9 foto Profilov\u00fd obr\u00e1zek, jinak tak\u00e9 avatar, se nastavuje pro cel\u00fd Seznam \u00fa\u010det. Zobrazuje se v p\u0159ihla\u0161ovac\u00edm medailonku nap\u0159\u00ed\u010d slu\u017ebami, u va\u0161ich ve\u0159ejn\u00fdch p\u0159\u00edsp\u011bvk\u016f a p\u0159i interakc\u00edch s ostatn\u00edmi u\u017eivateli [&hellip;]<\/p>\n","protected":false},"author":12,"featured_media":0,"parent":107,"menu_order":1,"comment_status":"closed","ping_status":"closed","template":"page-sidemenu","meta":{"_acf_changed":false,"_relevanssi_hide_post":"","_relevanssi_hide_content":"","_relevanssi_pin_for_all":"","_relevanssi_pin_keywords":"","_relevanssi_unpin_keywords":"","_relevanssi_related_keywords":"","_relevanssi_related_include_ids":"","_relevanssi_related_exclude_ids":"","_relevanssi_related_no_append":"","_relevanssi_related_not_related":"","_relevanssi_related_posts":"","_relevanssi_noindex_reason":"","footnotes":""},"page_category":[4],"page_tag":[],"service_status_category":[38],"class_list":["post-1052","page","type-page","status-publish","hentry"],"acf":[],"_links":{"self":[{"href":"https:\/\/o-seznam.cz\/napoveda\/email\/wp-json\/wp\/v2\/pages\/1052","targetHints":{"allow":["GET"]}}],"collection":[{"href":"https:\/\/o-seznam.cz\/napoveda\/email\/wp-json\/wp\/v2\/pages"}],"about":[{"href":"https:\/\/o-seznam.cz\/napoveda\/email\/wp-json\/wp\/v2\/types\/page"}],"author":[{"embeddable":true,"href":"https:\/\/o-seznam.cz\/napoveda\/email\/wp-json\/wp\/v2\/users\/12"}],"replies":[{"embeddable":true,"href":"https:\/\/o-seznam.cz\/napoveda\/email\/wp-json\/wp\/v2\/comments?post=1052"}],"version-history":[{"count":11,"href":"https:\/\/o-seznam.cz\/napoveda\/email\/wp-json\/wp\/v2\/pages\/1052\/revisions"}],"predecessor-version":[{"id":1801,"href":"https:\/\/o-seznam.cz\/napoveda\/email\/wp-json\/wp\/v2\/pages\/1052\/revisions\/1801"}],"up":[{"embeddable":true,"href":"https:\/\/o-seznam.cz\/napoveda\/email\/wp-json\/wp\/v2\/pages\/107"}],"wp:attachment":[{"href":"https:\/\/o-seznam.cz\/napoveda\/email\/wp-json\/wp\/v2\/media?parent=1052"}],"wp:term":[{"taxonomy":"page_category","embeddable":true,"href":"https:\/\/o-seznam.cz\/napoveda\/email\/wp-json\/wp\/v2\/page_category?post=1052"},{"taxonomy":"page_tag","embeddable":true,"href":"https:\/\/o-seznam.cz\/napoveda\/email\/wp-json\/wp\/v2\/page_tag?post=1052"},{"taxonomy":"service_status_category","embeddable":true,"href":"https:\/\/o-seznam.cz\/napoveda\/email\/wp-json\/wp\/v2\/service_status_category?post=1052"}],"curies":[{"name":"wp","href":"https:\/\/api.w.org\/{rel}","templated":true}]}}