{"id":1050,"date":"2024-12-11T12:43:35","date_gmt":"2024-12-11T11:43:35","guid":{"rendered":"https:\/\/o-seznam.cz\/napoveda\/email\/?page_id=1050"},"modified":"2024-12-13T22:33:21","modified_gmt":"2024-12-13T21:33:21","slug":"nastaveni-kose","status":"publish","type":"page","link":"https:\/\/o-seznam.cz\/napoveda\/email\/moznosti-nastaveni\/nastaveni-systemovych-slozek\/nastaveni-kose\/","title":{"rendered":"Nastaven\u00ed Ko\u0161e"},"content":{"rendered":"\n<div class=\"wp-block-group is-layout-constrained wp-block-group-is-layout-constrained\">\n<p>Zpr\u00e1vy p\u0159esunut\u00e9 do slo\u017eky <strong>Ko\u0161<\/strong> jsou automaticky maz\u00e1ny 30 dn\u00ed po p\u0159esunut\u00ed. V Nastaven\u00ed schr\u00e1nky m\u016f\u017eete vybrat z jin\u00fdch mo\u017enost\u00ed, kdy budou zpr\u00e1vy maz\u00e1ny:<\/p>\n\n\n\n<ul class=\"wp-block-list\">\n<li>V lev\u00e9m doln\u00edm rohu obrazovky klikn\u011bte na ikonu <strong>Nastaven\u00ed<\/strong> (ozuben\u00e9 kolo) a pot\u00e9 zvolte mo\u017enost <strong>Ko\u0161<\/strong>.<\/li>\n\n\n\n<li>Vyberte n\u011bkterou z nab\u00edzen\u00fdch mo\u017enost\u00ed:\n<ul class=\"wp-block-list\">\n<li><strong>jednou za 30 dn\u00ed<\/strong> &#8211; nejd\u0159\u00edve po uplynut\u00ed 30 dn\u00ed od p\u0159esunut\u00ed zpr\u00e1vy do Ko\u0161e\u00a0dojde k odstran\u011bn\u00ed zpr\u00e1vy ze slo\u017eky (<strong>*<\/strong>)<\/li>\n\n\n\n<li><strong>jednou t\u00fddn\u011b<\/strong> &#8211; nejd\u0159\u00edve po uplynut\u00ed 7 dn\u00ed od p\u0159esunut\u00ed zpr\u00e1vy do Ko\u0161e dojde k odstran\u011bn\u00ed zpr\u00e1vy ze slo\u017eky (<strong>*<\/strong>)<\/li>\n\n\n\n<li><strong>p\u0159i odhl\u00e1\u0161en\u00ed<\/strong> &#8211; p\u0159i ka\u017ed\u00e9m odhl\u00e1\u0161en\u00ed dojde automaticky k vysyp\u00e1n\u00ed zpr\u00e1v ze slo\u017eky Ko\u0161<\/li>\n<\/ul>\n<\/li>\n<\/ul>\n\n\n\n<p>(<strong>*<\/strong>)Term\u00edn automatick\u00e9ho maz\u00e1n\u00ed je dynamick\u00fd a odli\u0161n\u00fd u ka\u017ed\u00e9 e-mailov\u00e9 schr\u00e1nky.<br>Doba automatick\u00e9ho odmaz\u00e1n\u00ed zpr\u00e1v tak m\u016f\u017ee b\u00fdt i del\u0161\u00ed.<\/p>\n<\/div>\n","protected":false},"excerpt":{"rendered":"<p>Zpr\u00e1vy p\u0159esunut\u00e9 do slo\u017eky Ko\u0161 jsou automaticky maz\u00e1ny 30 dn\u00ed po p\u0159esunut\u00ed. V Nastaven\u00ed schr\u00e1nky m\u016f\u017eete vybrat z jin\u00fdch mo\u017enost\u00ed, kdy budou zpr\u00e1vy maz\u00e1ny: (*)Term\u00edn automatick\u00e9ho maz\u00e1n\u00ed je dynamick\u00fd a odli\u0161n\u00fd u ka\u017ed\u00e9 e-mailov\u00e9 schr\u00e1nky.Doba automatick\u00e9ho odmaz\u00e1n\u00ed zpr\u00e1v tak m\u016f\u017ee b\u00fdt i del\u0161\u00ed.<\/p>\n","protected":false},"author":12,"featured_media":0,"parent":555,"menu_order":0,"comment_status":"closed","ping_status":"closed","template":"page-sidemenu","meta":{"_acf_changed":false,"_relevanssi_hide_post":"","_relevanssi_hide_content":"","_relevanssi_pin_for_all":"","_relevanssi_pin_keywords":"","_relevanssi_unpin_keywords":"","_relevanssi_related_keywords":"","_relevanssi_related_include_ids":"","_relevanssi_related_exclude_ids":"","_relevanssi_related_no_append":"","_relevanssi_related_not_related":"","_relevanssi_related_posts":"","_relevanssi_noindex_reason":"","footnotes":""},"page_category":[4],"page_tag":[],"service_status_category":[],"class_list":["post-1050","page","type-page","status-publish","hentry"],"acf":[],"_links":{"self":[{"href":"https:\/\/o-seznam.cz\/napoveda\/email\/wp-json\/wp\/v2\/pages\/1050","targetHints":{"allow":["GET"]}}],"collection":[{"href":"https:\/\/o-seznam.cz\/napoveda\/email\/wp-json\/wp\/v2\/pages"}],"about":[{"href":"https:\/\/o-seznam.cz\/napoveda\/email\/wp-json\/wp\/v2\/types\/page"}],"author":[{"embeddable":true,"href":"https:\/\/o-seznam.cz\/napoveda\/email\/wp-json\/wp\/v2\/users\/12"}],"replies":[{"embeddable":true,"href":"https:\/\/o-seznam.cz\/napoveda\/email\/wp-json\/wp\/v2\/comments?post=1050"}],"version-history":[{"count":2,"href":"https:\/\/o-seznam.cz\/napoveda\/email\/wp-json\/wp\/v2\/pages\/1050\/revisions"}],"predecessor-version":[{"id":1160,"href":"https:\/\/o-seznam.cz\/napoveda\/email\/wp-json\/wp\/v2\/pages\/1050\/revisions\/1160"}],"up":[{"embeddable":true,"href":"https:\/\/o-seznam.cz\/napoveda\/email\/wp-json\/wp\/v2\/pages\/555"}],"wp:attachment":[{"href":"https:\/\/o-seznam.cz\/napoveda\/email\/wp-json\/wp\/v2\/media?parent=1050"}],"wp:term":[{"taxonomy":"page_category","embeddable":true,"href":"https:\/\/o-seznam.cz\/napoveda\/email\/wp-json\/wp\/v2\/page_category?post=1050"},{"taxonomy":"page_tag","embeddable":true,"href":"https:\/\/o-seznam.cz\/napoveda\/email\/wp-json\/wp\/v2\/page_tag?post=1050"},{"taxonomy":"service_status_category","embeddable":true,"href":"https:\/\/o-seznam.cz\/napoveda\/email\/wp-json\/wp\/v2\/service_status_category?post=1050"}],"curies":[{"name":"wp","href":"https:\/\/api.w.org\/{rel}","templated":true}]}}