{"id":1046,"date":"2024-12-11T12:44:04","date_gmt":"2024-12-11T11:44:04","guid":{"rendered":"https:\/\/o-seznam.cz\/napoveda\/email\/?page_id=1046"},"modified":"2024-12-13T20:44:33","modified_gmt":"2024-12-13T19:44:33","slug":"propojeni-schranek","status":"publish","type":"page","link":"https:\/\/o-seznam.cz\/napoveda\/email\/moznosti-nastaveni\/prace-s-vice-schrankami\/propojeni-schranek\/","title":{"rendered":"Propojen\u00ed schr\u00e1nek"},"content":{"rendered":"\n<div class=\"wp-block-group is-layout-constrained wp-block-group-is-layout-constrained\">\n<p>Propojen\u00ed schr\u00e1nek vyu\u017eijete, pokud\u00a0chcete do sv\u00e9 e-mailov\u00e9 schr\u00e1nky nechat kontinu\u00e1ln\u011b stahovat zpr\u00e1vy z jedn\u00e9 nebo v\u00edce dal\u0161\u00edch schr\u00e1nek. Nastav\u00edte-li vzd\u00e1len\u00e9 propojen\u00ed, jednou za \u010das se v\u00e1m do c\u00edlov\u00e9 schr\u00e1nky st\u00e1hnou v\u0161echny nov\u00e9 zpr\u00e1vy ze slo\u017eky <strong>Doru\u010den\u00e9<\/strong>. Interval stahov\u00e1n\u00ed se m\u016f\u017ee li\u0161it a u m\u00e1lo vyu\u017e\u00edvan\u00fdch schr\u00e1nek m\u016f\u017ee b\u00fdt doba mezi kontrolami i n\u011bkolik hodin.<\/p>\n\n\n\n<p>Propojen\u00ed funguje na principu POP3, proto neum\u00ed stahovat zpr\u00e1vy z jin\u00fdch slo\u017eek ne\u017e <strong>Doru\u010den\u00e9<\/strong>. Na rozd\u00edl od\u00a0jednor\u00e1zov\u00e9ho <a href=\"https:\/\/o-seznam.cz\/napoveda\/email\/moznosti-nastaveni\/prace-s-vice-schrankami\/import-e-mailu\/\">Importu e-mail\u016f<\/a> um\u00ed stahovat zpr\u00e1vy pr\u016fb\u011b\u017en\u011b a je aktivn\u00ed, dokud propojen\u00ed neodstran\u00edte.<\/p>\n<\/div>\n\n\n\n<div class=\"wp-block-group is-layout-constrained wp-block-group-is-layout-constrained\">\n<h2 class=\"wp-block-heading\">Jak nastavit propojen\u00ed schr\u00e1nek<\/h2>\n\n\n\n<ul class=\"wp-block-list\">\n<li>Klikn\u011bte na ikonu <strong>Nastaven\u00ed<\/strong> (ozuben\u00e9 kolo) v lev\u00e9 doln\u00ed \u010d\u00e1sti obrazovky.\u00a0<\/li>\n\n\n\n<li>V lev\u00e9m menu klikn\u011bte na z\u00e1lo\u017eku <strong>Import e-mail\u016f<\/strong> a v sekci <strong>Propojen\u00ed schr\u00e1nek<\/strong>\u00a0klikn\u011bte na tla\u010d\u00edtko <strong>P\u0159idat \u00fa\u010det<\/strong>.\u00a0\u00a0\u00a0<\/li>\n\n\n\n<li>Vpravo si zvolte, do jak\u00e9 slo\u017eky v c\u00edlov\u00e9 schr\u00e1nce se budou zpr\u00e1vy stahovat.<\/li>\n\n\n\n<li>Vlevo vyberte poskytovatele zdrojov\u00e9 schr\u00e1nky. U zn\u00e1m\u00fdch poskytovatel\u016f prob\u011bhne v\u011bt\u0161ina nastaven\u00ed automaticky. Pokud poskytovatel zdrojov\u00e9 schr\u00e1nky v seznamu nen\u00ed, zvolte mo\u017enost <strong>Jin\u00fd<\/strong>. V takov\u00e9m p\u0159\u00edpad\u011b bude pot\u0159eba vyplnit i adresu POP serveru a \u010d\u00edslo portu.<\/li>\n\n\n\n<li>Vypl\u0148te e-mailovou adresu a heslo zdrojov\u00e9 schr\u00e1nky, p\u0159\u00edpadn\u011b adresu POP serveru a \u010d\u00edslo portu.<\/li>\n\n\n\n<li>Volba <strong>Zachovat\u00a0i v p\u016fvodn\u00ed schr\u00e1nce kopii zpr\u00e1vy<\/strong> umo\u017en\u00ed nastavit, zda chcete zpr\u00e1vy p\u0159i stahov\u00e1n\u00ed na vzd\u00e1len\u00e9m \u00fa\u010dtu ponech\u00e1vat, \u010di zda se maj\u00ed po sta\u017een\u00ed ve zdrojov\u00e9 schr\u00e1nce smazat.<\/li>\n\n\n\n<li>Zatr\u017een\u00edm volby <strong>\u00da\u010det je aktivn\u00ed<\/strong> zapnete kontrolu vzd\u00e1len\u00e9ho \u00fa\u010dtu a stahov\u00e1n\u00ed zpr\u00e1v. Zru\u0161en\u00edm za\u0161krtnut\u00ed se p\u0159estane vzd\u00e1len\u00fd \u00fa\u010det kontrolovat a zpr\u00e1vy se z n\u011bj nebudou stahovat.<\/li>\n\n\n\n<li>Nastaven\u00ed potvr\u010fte kliknut\u00edm na tla\u010d\u00edtko <strong>Ulo\u017eit \u00fa\u010det<\/strong>.<\/li>\n\n\n\n<li>Po \u00fasp\u011b\u0161n\u00e9m ulo\u017een\u00ed se adresa zdrojov\u00e9 schr\u00e1nky zobraz\u00ed v <strong>Nastaven\u00ed <\/strong>v sekci <strong>Propojen\u00ed schr\u00e1nek<\/strong>. Volby propojen\u00e9ho \u00fa\u010dtu m\u016f\u017eete upravit kliknut\u00edm na jeho n\u00e1zev.<\/li>\n\n\n\n<li>Zru\u0161en\u00ed propojen\u00ed schr\u00e1nek provedete pomoc\u00ed tla\u010d\u00edtka <strong>Odstranit <\/strong>v <strong>Nastaven\u00ed <\/strong>v sekci <strong>Propojen\u00ed schr\u00e1nek<\/strong>.<\/li>\n\n\n\n<li>Pokud se nepoda\u0159\u00ed p\u0159ipojen\u00ed na vzd\u00e1len\u00fd server a sta\u017een\u00ed zpr\u00e1v, v nastaven\u00ed propojen\u00e9 schr\u00e1nky se zobraz\u00ed mal\u00fd \u010derven\u00fd vyk\u0159i\u010dn\u00edk. P\u0159esn\u00e9 zn\u011bn\u00ed chybov\u00e9ho hl\u00e1\u0161en\u00ed se zobraz\u00ed p\u0159i najet\u00ed kurzoru my\u0161i na vyk\u0159i\u010dn\u00edk. V takov\u00e9m p\u0159\u00edpad\u011b doporu\u010dujeme:\n<ul class=\"wp-block-list\">\n<li>p\u0159ekontrolovat nastaven\u00ed propojen\u00e9ho \u00fa\u010dtu, jeho adresu, heslo, POP server a port\u00a0<\/li>\n\n\n\n<li>v nastaven\u00ed propojen\u00e9 schr\u00e1nky ov\u011b\u0159it, zda m\u00e1te povolen\u00e9 POP3<\/li>\n<\/ul>\n<\/li>\n<\/ul>\n<\/div>\n","protected":false},"excerpt":{"rendered":"<p>Propojen\u00ed schr\u00e1nek vyu\u017eijete, pokud\u00a0chcete do sv\u00e9 e-mailov\u00e9 schr\u00e1nky nechat kontinu\u00e1ln\u011b stahovat zpr\u00e1vy z jedn\u00e9 nebo v\u00edce dal\u0161\u00edch schr\u00e1nek. Nastav\u00edte-li vzd\u00e1len\u00e9 propojen\u00ed, jednou za \u010das se v\u00e1m do c\u00edlov\u00e9 schr\u00e1nky st\u00e1hnou v\u0161echny nov\u00e9 zpr\u00e1vy ze slo\u017eky Doru\u010den\u00e9. Interval stahov\u00e1n\u00ed se m\u016f\u017ee li\u0161it a u m\u00e1lo vyu\u017e\u00edvan\u00fdch schr\u00e1nek m\u016f\u017ee b\u00fdt doba mezi kontrolami i n\u011bkolik hodin. Propojen\u00ed [&hellip;]<\/p>\n","protected":false},"author":12,"featured_media":0,"parent":552,"menu_order":0,"comment_status":"closed","ping_status":"closed","template":"page-sidemenu","meta":{"_acf_changed":false,"_relevanssi_hide_post":"","_relevanssi_hide_content":"","_relevanssi_pin_for_all":"","_relevanssi_pin_keywords":"","_relevanssi_unpin_keywords":"","_relevanssi_related_keywords":"","_relevanssi_related_include_ids":"","_relevanssi_related_exclude_ids":"","_relevanssi_related_no_append":"","_relevanssi_related_not_related":"","_relevanssi_related_posts":"","_relevanssi_noindex_reason":"","footnotes":""},"page_category":[4],"page_tag":[],"service_status_category":[],"class_list":["post-1046","page","type-page","status-publish","hentry"],"acf":[],"_links":{"self":[{"href":"https:\/\/o-seznam.cz\/napoveda\/email\/wp-json\/wp\/v2\/pages\/1046","targetHints":{"allow":["GET"]}}],"collection":[{"href":"https:\/\/o-seznam.cz\/napoveda\/email\/wp-json\/wp\/v2\/pages"}],"about":[{"href":"https:\/\/o-seznam.cz\/napoveda\/email\/wp-json\/wp\/v2\/types\/page"}],"author":[{"embeddable":true,"href":"https:\/\/o-seznam.cz\/napoveda\/email\/wp-json\/wp\/v2\/users\/12"}],"replies":[{"embeddable":true,"href":"https:\/\/o-seznam.cz\/napoveda\/email\/wp-json\/wp\/v2\/comments?post=1046"}],"version-history":[{"count":2,"href":"https:\/\/o-seznam.cz\/napoveda\/email\/wp-json\/wp\/v2\/pages\/1046\/revisions"}],"predecessor-version":[{"id":1145,"href":"https:\/\/o-seznam.cz\/napoveda\/email\/wp-json\/wp\/v2\/pages\/1046\/revisions\/1145"}],"up":[{"embeddable":true,"href":"https:\/\/o-seznam.cz\/napoveda\/email\/wp-json\/wp\/v2\/pages\/552"}],"wp:attachment":[{"href":"https:\/\/o-seznam.cz\/napoveda\/email\/wp-json\/wp\/v2\/media?parent=1046"}],"wp:term":[{"taxonomy":"page_category","embeddable":true,"href":"https:\/\/o-seznam.cz\/napoveda\/email\/wp-json\/wp\/v2\/page_category?post=1046"},{"taxonomy":"page_tag","embeddable":true,"href":"https:\/\/o-seznam.cz\/napoveda\/email\/wp-json\/wp\/v2\/page_tag?post=1046"},{"taxonomy":"service_status_category","embeddable":true,"href":"https:\/\/o-seznam.cz\/napoveda\/email\/wp-json\/wp\/v2\/service_status_category?post=1046"}],"curies":[{"name":"wp","href":"https:\/\/api.w.org\/{rel}","templated":true}]}}