{"id":1044,"date":"2024-12-11T12:44:04","date_gmt":"2024-12-11T11:44:04","guid":{"rendered":"https:\/\/o-seznam.cz\/napoveda\/email\/?page_id=1044"},"modified":"2025-01-15T12:10:07","modified_gmt":"2025-01-15T11:10:07","slug":"import-e-mailu","status":"publish","type":"page","link":"https:\/\/o-seznam.cz\/napoveda\/email\/moznosti-nastaveni\/prace-s-vice-schrankami\/import-e-mailu\/","title":{"rendered":"Import e-mail\u016f"},"content":{"rendered":"\n<div class=\"wp-block-group is-layout-constrained wp-block-group-is-layout-constrained\">\n<p>Import e-mail\u016f umo\u017e\u0148uje jednor\u00e1zov\u011b st\u00e1hnout&nbsp;zpr\u00e1vy ze v\u0161ech slo\u017eek ve zdrojov\u00e9 schr\u00e1nce a za\u0159adit je do stejn\u00fdch slo\u017eek v c\u00edlov\u00e9 schr\u00e1nce. Funguje na protokolu IMAP a st\u00e1hne nap\u0159\u00edklad i zpr\u00e1vy z Ko\u0161e nebo Spamu. Jakmile je import dokon\u010den, \u017e\u00e1dn\u00e1 dal\u0161\u00ed synchronizace mezi schr\u00e1nkami neprob\u00edh\u00e1.<\/p>\n\n\n\n<p class=\"is-style-link-external\">Ani tento import, stejn\u011b jako propojen\u00ed schr\u00e1nek, neum\u00ed pracovat se \u0161t\u00edtky, ty se z p\u016fvodn\u00ed schr\u00e1nky nest\u00e1hnou. <br><br>Funkci vyu\u017eijete nap\u0159\u00edklad kdy\u017e si vytvo\u0159\u00edte novou e-mailovou schr\u00e1nku a chcete do n\u00ed p\u0159esunout ve\u0161kerou po\u0161tu ze star\u00e9 schr\u00e1nky. Import se bude hodit i majitel\u016fm schr\u00e1nek na <a href=\"https:\/\/emailprofi.cz\" target=\"_blank\" rel=\"noreferrer noopener\">Email Profi<\/a>, kte\u0159\u00ed si p\u0159es n\u011bj mohou jednodu\u0161e do sv\u00e9 nov\u00e9 schr\u00e1nky na vlastn\u00ed dom\u00e9n\u011b p\u0159esunout po\u0161tu ze sv\u00e9 star\u00e9 schr\u00e1nky (nebo mohou po\u017e\u00e1dat o tot\u00e9\u017e sv\u00e9ho spr\u00e1vce, kter\u00fd m\u016f\u017ee prov\u00e9st\u00a0Import zpr\u00e1v v administraci Email Profi).\u00a0<\/p>\n<\/div>\n\n\n\n<div class=\"wp-block-group is-layout-constrained wp-block-group-is-layout-constrained\">\n<h2 class=\"wp-block-heading\">Jak prov\u00e9st import e-mail\u016f<\/h2>\n\n\n\n<ul class=\"wp-block-list\">\n<li>Klikn\u011bte na ikonu <strong>Nastaven\u00ed<\/strong> (ozuben\u00e9 kolo) v lev\u00e9 doln\u00ed \u010d\u00e1sti obrazovky.&nbsp;<\/li>\n\n\n\n<li>V lev\u00e9m menu klikn\u011bte na sekci <strong>Import e-mail\u016f<\/strong>.&nbsp;<\/li>\n\n\n\n<li>V \u010d\u00e1sti&nbsp;<strong>Import e-mail\u016f <\/strong>klikn\u011bte na tla\u010d\u00edtko <strong>Importovat e-maily do t\u00e9to schr\u00e1nk<\/strong>y&nbsp;<\/li>\n\n\n\n<li>V dal\u0161\u00edm kroku <strong>zadejte e-mailovou adresu schr\u00e1nky<\/strong>, ze kter\u00e9 chcete po\u0161tu importovat. Po zad\u00e1n\u00ed adresy se do&nbsp;dal\u0161\u00edho kroku dostanete tla\u010d\u00edtkem <strong>Pokra\u010dovat<\/strong>.\n<ul class=\"wp-block-list\">\n<li>Pokud je zdrojov\u00e1 schr\u00e1nka registrov\u00e1na na dom\u00e9n\u011b gmail.com, v\u011bnujte pozornost upozorn\u011bn\u00ed v horn\u00ed \u010d\u00e1sti str\u00e1nky.&nbsp;<\/li>\n<\/ul>\n<\/li>\n\n\n\n<li>Pro \u00fasp\u011b\u0161n\u00e9 proveden\u00ed importu je nutn\u00e9 zadat heslo ke schr\u00e1nce, ze kter\u00e9 chcete po\u0161tu st\u00e1hnout. Do nov\u00e9ho pole pod e-mailovou adresou zadejte heslo ke zdrojov\u00e9&nbsp;schr\u00e1nce.&nbsp;Je-li c\u00edlov\u00e1 schr\u00e1nka chr\u00e1n\u011bna pomoc\u00ed dvouf\u00e1zov\u00e9ho ov\u011b\u0159en\u00ed, je nutn\u00e9 do pole pro heslo zadat heslo pro p\u0159\u00edstup aplikac\u00ed.<\/li>\n\n\n\n<li>Pro nejb\u011b\u017en\u011bj\u0161\u00ed poskytovatele e-mailov\u00fdch slu\u017eeb (Seznam, Centrum, Atlas, Tiscali, Hotmail apod.) nejsou nutn\u00e1 \u017e\u00e1dn\u00e1 dal\u0161\u00ed nastaven\u00ed a import dokon\u010d\u00edte kliknut\u00edm na tla\u010d\u00edtko <strong>Pokra\u010dovat<\/strong>.&nbsp;<\/li>\n\n\n\n<li>Importujete-li po\u0161tu ze sv\u00e9 vlastn\u00ed dom\u00e9ny mimo Seznam nebo jin\u00e9ho nezn\u00e1m\u00e9ho poskytovatele, bude nutn\u00e9 zatrhnout volbu <strong>Pou\u017e\u00edt pokro\u010dil\u00e9 nastaven\u00ed p\u0159ipojen\u00ed<\/strong> a ru\u010dn\u011b vyplnit adresu IMAP serveru a port. Pot\u0159ebn\u00e9 informace z\u00edsk\u00e1te od poskytovatele e-mailov\u00e9 schr\u00e1nky.&nbsp;<\/li>\n\n\n\n<li>Pot\u00e9, co dokon\u010d\u00edte nastavov\u00e1n\u00ed&nbsp;importu, za\u010dne stahov\u00e1n\u00ed zpr\u00e1v. V <strong>Nastaven\u00ed<\/strong> v \u010d\u00e1sti <strong>Import e-mail\u016f<\/strong> uvid\u00edte informaci o pr\u00e1v\u011b prob\u00edhaj\u00edc\u00edm stahov\u00e1n\u00ed.&nbsp;<\/li>\n\n\n\n<li>Jakmile import zpr\u00e1v z c\u00edlov\u00e9 schr\u00e1nky&nbsp;dokon\u010d\u00edme, d\u00e1me v\u00e1m o tom v\u011bd\u011bt prost\u0159ednictv\u00edm e-mailu&nbsp;<strong>Informace o dokon\u010den\u00ed importu zpr\u00e1v<\/strong>. V tu chv\u00edli ji\u017e m\u00e1te ve sv\u00e9 aktu\u00e1ln\u00ed e-mailov\u00e9 schr\u00e1nce&nbsp;zpr\u00e1vy ze zdrojov\u00e9 schr\u00e1nky sta\u017een\u00e9 a rozt\u0159\u00edd\u011bn\u00e9 do slo\u017eek.<br>&nbsp;<\/li>\n<\/ul>\n<\/div>\n\n\n\n<p><\/p>\n","protected":false},"excerpt":{"rendered":"<p>Import e-mail\u016f umo\u017e\u0148uje jednor\u00e1zov\u011b st\u00e1hnout&nbsp;zpr\u00e1vy ze v\u0161ech slo\u017eek ve zdrojov\u00e9 schr\u00e1nce a za\u0159adit je do stejn\u00fdch slo\u017eek v c\u00edlov\u00e9 schr\u00e1nce. Funguje na protokolu IMAP a st\u00e1hne nap\u0159\u00edklad i zpr\u00e1vy z Ko\u0161e nebo Spamu. Jakmile je import dokon\u010den, \u017e\u00e1dn\u00e1 dal\u0161\u00ed synchronizace mezi schr\u00e1nkami neprob\u00edh\u00e1. Ani tento import, stejn\u011b jako propojen\u00ed schr\u00e1nek, neum\u00ed pracovat se \u0161t\u00edtky, ty [&hellip;]<\/p>\n","protected":false},"author":12,"featured_media":0,"parent":552,"menu_order":0,"comment_status":"closed","ping_status":"closed","template":"page-sidemenu","meta":{"_acf_changed":false,"_relevanssi_hide_post":"","_relevanssi_hide_content":"","_relevanssi_pin_for_all":"","_relevanssi_pin_keywords":"","_relevanssi_unpin_keywords":"","_relevanssi_related_keywords":"","_relevanssi_related_include_ids":"","_relevanssi_related_exclude_ids":"","_relevanssi_related_no_append":"","_relevanssi_related_not_related":"","_relevanssi_related_posts":"","_relevanssi_noindex_reason":"","footnotes":""},"page_category":[4],"page_tag":[],"service_status_category":[],"class_list":["post-1044","page","type-page","status-publish","hentry"],"acf":[],"_links":{"self":[{"href":"https:\/\/o-seznam.cz\/napoveda\/email\/wp-json\/wp\/v2\/pages\/1044","targetHints":{"allow":["GET"]}}],"collection":[{"href":"https:\/\/o-seznam.cz\/napoveda\/email\/wp-json\/wp\/v2\/pages"}],"about":[{"href":"https:\/\/o-seznam.cz\/napoveda\/email\/wp-json\/wp\/v2\/types\/page"}],"author":[{"embeddable":true,"href":"https:\/\/o-seznam.cz\/napoveda\/email\/wp-json\/wp\/v2\/users\/12"}],"replies":[{"embeddable":true,"href":"https:\/\/o-seznam.cz\/napoveda\/email\/wp-json\/wp\/v2\/comments?post=1044"}],"version-history":[{"count":7,"href":"https:\/\/o-seznam.cz\/napoveda\/email\/wp-json\/wp\/v2\/pages\/1044\/revisions"}],"predecessor-version":[{"id":1265,"href":"https:\/\/o-seznam.cz\/napoveda\/email\/wp-json\/wp\/v2\/pages\/1044\/revisions\/1265"}],"up":[{"embeddable":true,"href":"https:\/\/o-seznam.cz\/napoveda\/email\/wp-json\/wp\/v2\/pages\/552"}],"wp:attachment":[{"href":"https:\/\/o-seznam.cz\/napoveda\/email\/wp-json\/wp\/v2\/media?parent=1044"}],"wp:term":[{"taxonomy":"page_category","embeddable":true,"href":"https:\/\/o-seznam.cz\/napoveda\/email\/wp-json\/wp\/v2\/page_category?post=1044"},{"taxonomy":"page_tag","embeddable":true,"href":"https:\/\/o-seznam.cz\/napoveda\/email\/wp-json\/wp\/v2\/page_tag?post=1044"},{"taxonomy":"service_status_category","embeddable":true,"href":"https:\/\/o-seznam.cz\/napoveda\/email\/wp-json\/wp\/v2\/service_status_category?post=1044"}],"curies":[{"name":"wp","href":"https:\/\/api.w.org\/{rel}","templated":true}]}}