{"id":1021,"date":"2024-12-07T19:43:27","date_gmt":"2024-12-07T18:43:27","guid":{"rendered":"https:\/\/o-seznam.cz\/napoveda\/email\/?page_id=1021"},"modified":"2026-04-08T17:21:07","modified_gmt":"2026-04-08T15:21:07","slug":"novinky-ios","status":"publish","type":"page","link":"https:\/\/o-seznam.cz\/napoveda\/email\/aplikace\/novinky-v-aplikaci\/novinky-ios\/","title":{"rendered":"Zapojen\u00ed pro u\u017eivatele  syst\u00e9mu iOS"},"content":{"rendered":"\n<div class=\"wp-block-group is-layout-constrained wp-block-group-is-layout-constrained\">\n<p><\/p>\n<\/div>\n\n\n\n<div class=\"wp-block-group is-layout-constrained wp-block-group-is-layout-constrained\">\n<h2 class=\"wp-block-heading\">Jak nainstalovat beta&nbsp;verzi ?&nbsp;<\/h2>\n\n\n\n<p>Na iPhone a iPad prob\u00edh\u00e1 beta testov\u00e1n\u00ed pomoc\u00ed aplikace TestFlight.\u00a0<\/p>\n\n\n\n<ul class=\"wp-block-list\">\n<li>Na sv\u00e9m iPhonu otev\u0159ete tento odkaz:\u00a0<a href=\"https:\/\/testflight.apple.com\/join\/y9Anw4hu\" target=\"_blank\" rel=\"noreferrer noopener\">https:\/\/testflight.apple.com\/join\/y9Anw4hu<\/a>\u00a0<\/li>\n\n\n\n<li>Pokud je\u0161t\u011b nem\u00e1te aplikaci TestFlight, budete p\u0159esm\u011brov\u00e1ni do App Store, kde ji m\u016f\u017eete nainstalovat.&nbsp;<\/li>\n\n\n\n<li>Po otev\u0159en\u00ed odkazu v TestFlight klepn\u011bte na <strong>Accept \/ P\u0159ijmout<\/strong>.\u00a0<\/li>\n\n\n\n<li>N\u00e1sledn\u011b klepn\u011bte na <strong>Install \/ Instalovat<\/strong>.\u00a0<\/li>\n<\/ul>\n\n\n\n<p>Na za\u0159\u00edzen\u00ed se n\u00e1sledn\u011b nainstaluje beta verze aplikace Email.cz a jej\u00ed budouc\u00ed aktualizace budete dost\u00e1vat p\u0159\u00edmo p\u0159es aplikaci TestFlight.<\/p>\n<\/div>\n\n\n\n<div class=\"wp-block-group is-layout-constrained wp-block-group-is-layout-constrained\">\n<h2 class=\"wp-block-heading\">Jak beta verzi opustit?&nbsp;<\/h2>\n\n\n\n<p>Pokud se kdykoliv rozhodnete vr\u00e1tit zp\u011bt ke stabiln\u00ed verzi:&nbsp;<\/p>\n\n\n\n<ul class=\"wp-block-list\">\n<li>Otev\u0159ete aplikaci TestFlight.&nbsp;<\/li>\n\n\n\n<li>Vyberte aplikaci Email.cz<\/li>\n\n\n\n<li>Klepn\u011bte na <strong>Stop Testing \/ Ukon\u010dit testov\u00e1n\u00ed<\/strong>.\u00a0<\/li>\n\n\n\n<li>Pot\u00e9 si m\u016f\u017eete aplikaci znovu nainstalovat z App Store jako b\u011b\u017enou stabiln\u00ed verzi.\u00a0<\/li>\n<\/ul>\n<\/div>\n\n\n\n<div class=\"wp-block-group is-layout-constrained wp-block-group-is-layout-constrained\">\n<div class=\"wp-block-group is-layout-constrained wp-block-group-is-layout-constrained\">\n<h2 class=\"wp-block-heading\">Pocit bezpe\u010d\u00ed&nbsp;<\/h2>\n\n\n\n<p>Beta testov\u00e1n\u00ed je zcela dobrovoln\u00e9 a bezpe\u010dn\u00e9.&nbsp;<\/p>\n\n\n\n<p>Va\u0161e e-maily, kontakty i nastaven\u00ed z\u016fst\u00e1vaj\u00ed zachovan\u00e9. Data jsou ulo\u017eena ve va\u0161em \u00fa\u010dtu, nikoli pouze v aplikaci. Kdykoliv se m\u016f\u017eete vr\u00e1tit ke stabiln\u00ed verzi aplikace.\u00a0<\/p>\n<\/div>\n\n\n\n<p><\/p>\n<\/div>\n","protected":false},"excerpt":{"rendered":"<p>Jak nainstalovat beta&nbsp;verzi ?&nbsp; Na iPhone a iPad prob\u00edh\u00e1 beta testov\u00e1n\u00ed pomoc\u00ed aplikace TestFlight.\u00a0 Na za\u0159\u00edzen\u00ed se n\u00e1sledn\u011b nainstaluje beta verze aplikace Email.cz a jej\u00ed budouc\u00ed aktualizace budete dost\u00e1vat p\u0159\u00edmo p\u0159es aplikaci TestFlight. Jak beta verzi opustit?&nbsp; Pokud se kdykoliv rozhodnete vr\u00e1tit zp\u011bt ke stabiln\u00ed verzi:&nbsp; Pocit bezpe\u010d\u00ed&nbsp; Beta testov\u00e1n\u00ed je zcela dobrovoln\u00e9 a bezpe\u010dn\u00e9.&nbsp; [&hellip;]<\/p>\n","protected":false},"author":12,"featured_media":0,"parent":169,"menu_order":0,"comment_status":"closed","ping_status":"closed","template":"page-sidemenu","meta":{"_acf_changed":false,"_relevanssi_hide_post":"","_relevanssi_hide_content":"","_relevanssi_pin_for_all":"","_relevanssi_pin_keywords":"","_relevanssi_unpin_keywords":"","_relevanssi_related_keywords":"","_relevanssi_related_include_ids":"","_relevanssi_related_exclude_ids":"","_relevanssi_related_no_append":"","_relevanssi_related_not_related":"","_relevanssi_related_posts":"","_relevanssi_noindex_reason":"","footnotes":""},"page_category":[5],"page_tag":[],"service_status_category":[],"class_list":["post-1021","page","type-page","status-publish","hentry"],"acf":[],"_links":{"self":[{"href":"https:\/\/o-seznam.cz\/napoveda\/email\/wp-json\/wp\/v2\/pages\/1021","targetHints":{"allow":["GET"]}}],"collection":[{"href":"https:\/\/o-seznam.cz\/napoveda\/email\/wp-json\/wp\/v2\/pages"}],"about":[{"href":"https:\/\/o-seznam.cz\/napoveda\/email\/wp-json\/wp\/v2\/types\/page"}],"author":[{"embeddable":true,"href":"https:\/\/o-seznam.cz\/napoveda\/email\/wp-json\/wp\/v2\/users\/12"}],"replies":[{"embeddable":true,"href":"https:\/\/o-seznam.cz\/napoveda\/email\/wp-json\/wp\/v2\/comments?post=1021"}],"version-history":[{"count":12,"href":"https:\/\/o-seznam.cz\/napoveda\/email\/wp-json\/wp\/v2\/pages\/1021\/revisions"}],"predecessor-version":[{"id":1776,"href":"https:\/\/o-seznam.cz\/napoveda\/email\/wp-json\/wp\/v2\/pages\/1021\/revisions\/1776"}],"up":[{"embeddable":true,"href":"https:\/\/o-seznam.cz\/napoveda\/email\/wp-json\/wp\/v2\/pages\/169"}],"wp:attachment":[{"href":"https:\/\/o-seznam.cz\/napoveda\/email\/wp-json\/wp\/v2\/media?parent=1021"}],"wp:term":[{"taxonomy":"page_category","embeddable":true,"href":"https:\/\/o-seznam.cz\/napoveda\/email\/wp-json\/wp\/v2\/page_category?post=1021"},{"taxonomy":"page_tag","embeddable":true,"href":"https:\/\/o-seznam.cz\/napoveda\/email\/wp-json\/wp\/v2\/page_tag?post=1021"},{"taxonomy":"service_status_category","embeddable":true,"href":"https:\/\/o-seznam.cz\/napoveda\/email\/wp-json\/wp\/v2\/service_status_category?post=1021"}],"curies":[{"name":"wp","href":"https:\/\/api.w.org\/{rel}","templated":true}]}}