{"id":28,"date":"2024-10-24T12:10:09","date_gmt":"2024-10-24T10:10:09","guid":{"rendered":"https:\/\/o-seznam.cz\/napoveda\/diskuze\/?page_id=28"},"modified":"2024-11-22T10:19:08","modified_gmt":"2024-11-22T09:19:08","slug":"seznam-uzivatelu","status":"publish","type":"page","link":"https:\/\/o-seznam.cz\/napoveda\/diskuze\/seznam-uzivatelu\/","title":{"rendered":"Seznam u\u017eivatel\u016f"},"content":{"rendered":"\n<p>Pokud chcete v diskuz\u00edch vid\u011bt kompletn\u00ed seznam u\u017eivatel\u016f, kte\u0159\u00ed va\u0161emu koment\u00e1\u0159i dali p\u0159\u00edslu\u0161nou emoji, tak je nutn\u00e9 se ov\u011b\u0159it prost\u0159ednictv\u00edm BankID nebo MojeID.<\/p>\n\n\n\n<figure class=\"wp-block-image size-full\"><img loading=\"lazy\" decoding=\"async\" width=\"443\" height=\"340\" src=\"https:\/\/o-seznam.cz\/napoveda\/diskuze\/wp-content\/uploads\/sites\/20\/2024\/11\/overeni.png\" alt=\"\" class=\"wp-image-43\" srcset=\"https:\/\/o-seznam.cz\/napoveda\/diskuze\/wp-content\/uploads\/sites\/20\/2024\/11\/overeni.png 443w, https:\/\/o-seznam.cz\/napoveda\/diskuze\/wp-content\/uploads\/sites\/20\/2024\/11\/overeni-320x246.png 320w\" sizes=\"auto, (max-width: 443px) 100vw, 443px\" \/><\/figure>\n","protected":false},"excerpt":{"rendered":"<p>Pokud chcete v diskuz\u00edch vid\u011bt kompletn\u00ed seznam u\u017eivatel\u016f, kte\u0159\u00ed va\u0161emu koment\u00e1\u0159i dali p\u0159\u00edslu\u0161nou emoji, tak je nutn\u00e9 se ov\u011b\u0159it prost\u0159ednictv\u00edm BankID nebo MojeID.<\/p>\n","protected":false},"author":12,"featured_media":0,"parent":0,"menu_order":70,"comment_status":"closed","ping_status":"closed","template":"page-sidemenu","meta":{"_acf_changed":false,"_relevanssi_hide_post":"","_relevanssi_hide_content":"","_relevanssi_pin_for_all":"","_relevanssi_pin_keywords":"","_relevanssi_unpin_keywords":"","_relevanssi_related_keywords":"","_relevanssi_related_include_ids":"","_relevanssi_related_exclude_ids":"","_relevanssi_related_no_append":"","_relevanssi_related_not_related":"","_relevanssi_related_posts":"","_relevanssi_noindex_reason":"","footnotes":""},"page_category":[3],"page_tag":[],"service_status_category":[],"class_list":["post-28","page","type-page","status-publish","hentry"],"acf":[],"_links":{"self":[{"href":"https:\/\/o-seznam.cz\/napoveda\/diskuze\/wp-json\/wp\/v2\/pages\/28","targetHints":{"allow":["GET"]}}],"collection":[{"href":"https:\/\/o-seznam.cz\/napoveda\/diskuze\/wp-json\/wp\/v2\/pages"}],"about":[{"href":"https:\/\/o-seznam.cz\/napoveda\/diskuze\/wp-json\/wp\/v2\/types\/page"}],"author":[{"embeddable":true,"href":"https:\/\/o-seznam.cz\/napoveda\/diskuze\/wp-json\/wp\/v2\/users\/12"}],"replies":[{"embeddable":true,"href":"https:\/\/o-seznam.cz\/napoveda\/diskuze\/wp-json\/wp\/v2\/comments?post=28"}],"version-history":[{"count":2,"href":"https:\/\/o-seznam.cz\/napoveda\/diskuze\/wp-json\/wp\/v2\/pages\/28\/revisions"}],"predecessor-version":[{"id":44,"href":"https:\/\/o-seznam.cz\/napoveda\/diskuze\/wp-json\/wp\/v2\/pages\/28\/revisions\/44"}],"wp:attachment":[{"href":"https:\/\/o-seznam.cz\/napoveda\/diskuze\/wp-json\/wp\/v2\/media?parent=28"}],"wp:term":[{"taxonomy":"page_category","embeddable":true,"href":"https:\/\/o-seznam.cz\/napoveda\/diskuze\/wp-json\/wp\/v2\/page_category?post=28"},{"taxonomy":"page_tag","embeddable":true,"href":"https:\/\/o-seznam.cz\/napoveda\/diskuze\/wp-json\/wp\/v2\/page_tag?post=28"},{"taxonomy":"service_status_category","embeddable":true,"href":"https:\/\/o-seznam.cz\/napoveda\/diskuze\/wp-json\/wp\/v2\/service_status_category?post=28"}],"curies":[{"name":"wp","href":"https:\/\/api.w.org\/{rel}","templated":true}]}}