{"id":22,"date":"2024-10-24T11:53:53","date_gmt":"2024-10-24T09:53:53","guid":{"rendered":"https:\/\/o-seznam.cz\/napoveda\/diskuze\/?page_id=22"},"modified":"2024-12-03T15:35:19","modified_gmt":"2024-12-03T14:35:19","slug":"banovani","status":"publish","type":"page","link":"https:\/\/o-seznam.cz\/napoveda\/diskuze\/banovani\/","title":{"rendered":"Banov\u00e1n\u00ed"},"content":{"rendered":"\n<p>U\u017eivatel\u00e9, kte\u0159\u00ed budou poru\u0161ovat <a class=\"is-style-link-external\" href=\"https:\/\/napoveda.seznam.cz\/cz\/smluvni-podminky\/seznam-diskuze\/\" target=\"_blank\" rel=\"noreferrer noopener\">smluvn\u00ed podm\u00ednky<\/a> slu\u017eby Seznam Diskuze, dostanou tzv. ban. Tj. bude jim na ur\u010ditou dobu (v n\u011bkter\u00fdch p\u0159\u00edpadech i nav\u017edy) znemo\u017en\u011bn vstup do diskuz\u00ed na slu\u017eb\u00e1ch Seznamu. Povinnost\u00ed spr\u00e1vc\u016f Seznamu je tak\u00e9 mazat p\u0159\u00edsp\u011bvky, kter\u00e9 odporuj\u00ed <a class=\"is-style-link-external\" href=\"https:\/\/napoveda.seznam.cz\/cz\/smluvni-podminky\/seznam-diskuze\/\" target=\"_blank\" rel=\"noreferrer noopener\">smluvn\u00edm podm\u00ednk\u00e1m<\/a>.<br>Prov\u00e1d\u00edme banov\u00e1n\u00ed skrze telefonn\u00ed \u010d\u00edslo. Pokud m\u00e1te tedy jedno \u010d\u00edslo zadan\u00e9 u v\u00edce \u00fa\u010dt\u016f, nebude v\u00e1m umo\u017en\u011bn vstup do diskuze se \u017e\u00e1dn\u00fdm z t\u011bchto \u00fa\u010dt\u016f.<br>Pokud si budete jm\u00e9no a p\u0159\u00edjmen\u00ed opakovan\u011b m\u011bnit, syst\u00e9m to zaznamen\u00e1 a m\u016f\u017ee v\u00e1m b\u00fdt znemo\u017en\u011bn vstup do diskuze (ban), a to z d\u016fvodu evidentn\u00edho nepravdiv\u00e9ho jm\u00e9na a p\u0159\u00edjmen\u00ed, kter\u00e9 je nutnou podm\u00ednkou vystupov\u00e1n\u00ed v diskuz\u00edch &#8211; viz <a class=\"is-style-link-external\" href=\"https:\/\/napoveda.seznam.cz\/cz\/smluvni-podminky\/seznam-diskuze\/\" target=\"_blank\" rel=\"noreferrer noopener\">smluvn\u00ed podm\u00ednky<\/a>.<\/p>\n\n\n\n<p>Na v\u00e1\u0161 e-mail dorazila ze slu\u017eby Diskuze zpr\u00e1va s d\u016fvody blokace a n\u00e1vrhy mo\u017en\u00fdch \u0159e\u0161en\u00ed. Pros\u00edme, postupujte nejprve dle doporu\u010den\u00fdch krok\u016f, p\u0159\u00edpadn\u011b odpov\u011bzte na doru\u010denou zpr\u00e1vu nebo n\u00e1sledn\u011b kontaktujte spr\u00e1vce Diskuz\u00ed na adrese diskuze@firma.seznam.cz. U\u017eivatelsk\u00e1 podpora nem\u00e1 mo\u017enosti prov\u011b\u0159ovat stavy blokac\u00ed ani obsahy p\u0159\u00edsp\u011bvk\u016f na slu\u017eb\u011b Diskuze. Tyto mo\u017enosti p\u0159\u00edslu\u0161\u00ed pouze spr\u00e1vc\u016fm Diskuz\u00ed.<\/p>\n\n\n\n<p><\/p>\n","protected":false},"excerpt":{"rendered":"<p>U\u017eivatel\u00e9, kte\u0159\u00ed budou poru\u0161ovat smluvn\u00ed podm\u00ednky slu\u017eby Seznam Diskuze, dostanou tzv. ban. Tj. bude jim na ur\u010ditou dobu (v n\u011bkter\u00fdch p\u0159\u00edpadech i nav\u017edy) znemo\u017en\u011bn vstup do diskuz\u00ed na slu\u017eb\u00e1ch Seznamu. Povinnost\u00ed spr\u00e1vc\u016f Seznamu je tak\u00e9 mazat p\u0159\u00edsp\u011bvky, kter\u00e9 odporuj\u00ed smluvn\u00edm podm\u00ednk\u00e1m.Prov\u00e1d\u00edme banov\u00e1n\u00ed skrze telefonn\u00ed \u010d\u00edslo. Pokud m\u00e1te tedy jedno \u010d\u00edslo zadan\u00e9 u v\u00edce \u00fa\u010dt\u016f, nebude [&hellip;]<\/p>\n","protected":false},"author":12,"featured_media":0,"parent":0,"menu_order":40,"comment_status":"closed","ping_status":"closed","template":"page-sidemenu","meta":{"_acf_changed":false,"_relevanssi_hide_post":"","_relevanssi_hide_content":"","_relevanssi_pin_for_all":"","_relevanssi_pin_keywords":"","_relevanssi_unpin_keywords":"","_relevanssi_related_keywords":"","_relevanssi_related_include_ids":"","_relevanssi_related_exclude_ids":"","_relevanssi_related_no_append":"","_relevanssi_related_not_related":"","_relevanssi_related_posts":"","_relevanssi_noindex_reason":"","footnotes":""},"page_category":[3],"page_tag":[],"service_status_category":[],"class_list":["post-22","page","type-page","status-publish","hentry"],"acf":[],"_links":{"self":[{"href":"https:\/\/o-seznam.cz\/napoveda\/diskuze\/wp-json\/wp\/v2\/pages\/22","targetHints":{"allow":["GET"]}}],"collection":[{"href":"https:\/\/o-seznam.cz\/napoveda\/diskuze\/wp-json\/wp\/v2\/pages"}],"about":[{"href":"https:\/\/o-seznam.cz\/napoveda\/diskuze\/wp-json\/wp\/v2\/types\/page"}],"author":[{"embeddable":true,"href":"https:\/\/o-seznam.cz\/napoveda\/diskuze\/wp-json\/wp\/v2\/users\/12"}],"replies":[{"embeddable":true,"href":"https:\/\/o-seznam.cz\/napoveda\/diskuze\/wp-json\/wp\/v2\/comments?post=22"}],"version-history":[{"count":2,"href":"https:\/\/o-seznam.cz\/napoveda\/diskuze\/wp-json\/wp\/v2\/pages\/22\/revisions"}],"predecessor-version":[{"id":52,"href":"https:\/\/o-seznam.cz\/napoveda\/diskuze\/wp-json\/wp\/v2\/pages\/22\/revisions\/52"}],"wp:attachment":[{"href":"https:\/\/o-seznam.cz\/napoveda\/diskuze\/wp-json\/wp\/v2\/media?parent=22"}],"wp:term":[{"taxonomy":"page_category","embeddable":true,"href":"https:\/\/o-seznam.cz\/napoveda\/diskuze\/wp-json\/wp\/v2\/page_category?post=22"},{"taxonomy":"page_tag","embeddable":true,"href":"https:\/\/o-seznam.cz\/napoveda\/diskuze\/wp-json\/wp\/v2\/page_tag?post=22"},{"taxonomy":"service_status_category","embeddable":true,"href":"https:\/\/o-seznam.cz\/napoveda\/diskuze\/wp-json\/wp\/v2\/service_status_category?post=22"}],"curies":[{"name":"wp","href":"https:\/\/api.w.org\/{rel}","templated":true}]}}