{"id":121,"date":"2025-11-03T09:00:57","date_gmt":"2025-11-03T08:00:57","guid":{"rendered":"https:\/\/o-seznam.cz\/napoveda\/diskuze\/?page_id=121"},"modified":"2025-11-03T09:00:57","modified_gmt":"2025-11-03T08:00:57","slug":"hlavni-parametry-doporucovacich-systemu-na-sluzbe-lide-cz","status":"publish","type":"page","link":"https:\/\/o-seznam.cz\/napoveda\/diskuze\/hlavni-parametry-doporucovacich-systemu-na-sluzbe-lide-cz\/","title":{"rendered":"Hlavn\u00ed parametry doporu\u010dovac\u00edch syst\u00e9m\u016f na slu\u017eb\u011b Lid\u00e9.cz"},"content":{"rendered":"\n<div class=\"wp-block-group is-layout-constrained wp-block-group-is-layout-constrained\">\n<p>Doporu\u010dovac\u00ed syst\u00e9my jsou na slu\u017eb\u011b Lid\u00e9.cz (d\u00e1le jen \u201eSlu\u017eba\u201c) u\u017e\u00edv\u00e1ny v n\u00e1sleduj\u00edc\u00edch sekc\u00edch, aby n\u00e1v\u0161t\u011bvn\u00edk\u016fm pomohly naj\u00edt zaj\u00edmav\u00fd obsah a u\u017eivatele:&nbsp;<\/p>\n\n\n\n<ul class=\"wp-block-list\">\n<li>\u201c\u00davodn\u00ed str\u00e1nka\u201d, timeline \u201cPro v\u00e1s\u201d a \u201cSleduji\u201d&nbsp;<\/li>\n\n\n\n<li>\u201cKoho mo\u017en\u00e1 zn\u00e1te\u201d samostatn\u00e1 sekce + box kdekoli na str\u00e1nce&nbsp;<\/li>\n\n\n\n<li>Carousel s doporu\u010dovan\u00fdmi lidmi kdekoli na str\u00e1nce&nbsp;<\/li>\n\n\n\n<li>Timeline pod filtry s hlavn\u00edmi t\u00e9maty dne&nbsp;<\/li>\n<\/ul>\n<\/div>\n\n\n\n<div class=\"wp-block-group is-layout-constrained wp-block-group-is-layout-constrained\">\n<p><strong>Hlavn\u00ed parametry doporu\u010dovac\u00edch syst\u00e9m\u016f jsou:<\/strong>&nbsp;<\/p>\n\n\n\n<ul class=\"wp-block-list\">\n<li>Personalizace (souhlas u\u017eivatele s personalizac\u00ed obsahu), chov\u00e1n\u00ed jednotliv\u00e9ho u\u017eivatele a chov\u00e1n\u00ed ostatn\u00edch u\u017eivatel\u016f. Vazby mezi u\u017eivateli (koho u\u017eivatel sledujete a kdo u\u017eivatele sleduje) a koment\u00e1\u0159i.&nbsp;<\/li>\n<\/ul>\n<\/div>\n\n\n\n<div class=\"wp-block-group is-layout-constrained wp-block-group-is-layout-constrained\">\n<p><strong>Vedlej\u0161\u00ed parametry:<\/strong>\u00a0<\/p>\n\n\n\n<p>Charakteristika u\u017eivatele, charakteristika p\u0159\u00edsp\u011bvku (typicky kategorizace a kvalita p\u0159\u00edsp\u011bvku), \u010das (jak dlouho je p\u0159\u00edsp\u011bvek zve\u0159ejn\u011bn\u00fd), \u010detnost zhl\u00e9dnut\u00ed p\u0159\u00edsp\u011bvku, \u010detnost reakc\u00ed na p\u0159\u00edsp\u011bvek formou textov\u00fdch odpov\u011bd\u00ed a emotikon.\u00a0<br><br>Relativn\u00ed d\u016fle\u017eitost vedlej\u0161\u00edch parametr\u016f se projevuje za \u00fa\u010delem zv\u00fd\u0161en\u00ed \u010dtenosti p\u0159\u00edsp\u011bvk\u016f a zlep\u0161en\u00ed (zv\u00fd\u0161en\u00ed) kvalitativn\u00ed metriky.\u00a0<br><br>U\u017eivatel je opr\u00e1vn\u011bn souhlas s personalizac\u00ed obsahu zm\u011bnit ve sv\u00e9m u\u017eivatelsk\u00e9m \u00fa\u010dtu nebo prost\u0159ednictv\u00edm odkazu \u201eNastaven\u00ed personalizace\u201c, kter\u00fd je um\u00edst\u011bn v pati\u010dce Slu\u017eby, pokud to u\u010din\u00ed, zm\u011bn\u00ed t\u00edm hlavn\u00ed parametr.\u00a0<\/p>\n<\/div>\n\n\n\n<div class=\"wp-block-group is-layout-constrained wp-block-group-is-layout-constrained\">\n<p><strong>V p\u0159\u00edpad\u011b, \u017ee u\u017eivatel neposkytl souhlas s personalizac\u00ed obsahu jsou parametry n\u00e1sleduj\u00edc\u00ed:\u00a0<\/strong><\/p>\n\n\n\n<ul class=\"wp-block-list\">\n<li>\u010detnost zhl\u00e9dnut\u00ed \u010dl\u00e1nk\u016f, reakc\u00ed formou odpov\u011bd\u00ed a emojis (popularita), kter\u00e9 jsou diverzifikovan\u00e9 (ve smyslu \u0161irok\u00e9ho spektra t\u00e9mat p\u0159\u00edsp\u011bvk\u016f)&nbsp;<\/li>\n\n\n\n<li>\u010das (jak dlouho je p\u0159\u00edsp\u011bvek zve\u0159ejn\u011bn\u00fd)&nbsp;<\/li>\n\n\n\n<li>n\u00e1hodn\u00fd v\u00fdb\u011br dle klasifikace kvality p\u0159\u00edsp\u011bvku&nbsp;<\/li>\n<\/ul>\n<\/div>\n","protected":false},"excerpt":{"rendered":"<p>Doporu\u010dovac\u00ed syst\u00e9my jsou na slu\u017eb\u011b Lid\u00e9.cz (d\u00e1le jen \u201eSlu\u017eba\u201c) u\u017e\u00edv\u00e1ny v n\u00e1sleduj\u00edc\u00edch sekc\u00edch, aby n\u00e1v\u0161t\u011bvn\u00edk\u016fm pomohly naj\u00edt zaj\u00edmav\u00fd obsah a u\u017eivatele:&nbsp; Hlavn\u00ed parametry doporu\u010dovac\u00edch syst\u00e9m\u016f jsou:&nbsp; Vedlej\u0161\u00ed parametry:\u00a0 Charakteristika u\u017eivatele, charakteristika p\u0159\u00edsp\u011bvku (typicky kategorizace a kvalita p\u0159\u00edsp\u011bvku), \u010das (jak dlouho je p\u0159\u00edsp\u011bvek zve\u0159ejn\u011bn\u00fd), \u010detnost zhl\u00e9dnut\u00ed p\u0159\u00edsp\u011bvku, \u010detnost reakc\u00ed na p\u0159\u00edsp\u011bvek formou textov\u00fdch odpov\u011bd\u00ed a emotikon.\u00a0 [&hellip;]<\/p>\n","protected":false},"author":71,"featured_media":0,"parent":0,"menu_order":0,"comment_status":"closed","ping_status":"closed","template":"page-sidemenu","meta":{"_acf_changed":false,"_relevanssi_hide_post":"","_relevanssi_hide_content":"","_relevanssi_pin_for_all":"","_relevanssi_pin_keywords":"","_relevanssi_unpin_keywords":"","_relevanssi_related_keywords":"","_relevanssi_related_include_ids":"","_relevanssi_related_exclude_ids":"","_relevanssi_related_no_append":"","_relevanssi_related_not_related":"","_relevanssi_related_posts":"","_relevanssi_noindex_reason":"","footnotes":""},"page_category":[],"page_tag":[],"service_status_category":[],"class_list":["post-121","page","type-page","status-publish","hentry"],"acf":[],"_links":{"self":[{"href":"https:\/\/o-seznam.cz\/napoveda\/diskuze\/wp-json\/wp\/v2\/pages\/121","targetHints":{"allow":["GET"]}}],"collection":[{"href":"https:\/\/o-seznam.cz\/napoveda\/diskuze\/wp-json\/wp\/v2\/pages"}],"about":[{"href":"https:\/\/o-seznam.cz\/napoveda\/diskuze\/wp-json\/wp\/v2\/types\/page"}],"author":[{"embeddable":true,"href":"https:\/\/o-seznam.cz\/napoveda\/diskuze\/wp-json\/wp\/v2\/users\/71"}],"replies":[{"embeddable":true,"href":"https:\/\/o-seznam.cz\/napoveda\/diskuze\/wp-json\/wp\/v2\/comments?post=121"}],"version-history":[{"count":7,"href":"https:\/\/o-seznam.cz\/napoveda\/diskuze\/wp-json\/wp\/v2\/pages\/121\/revisions"}],"predecessor-version":[{"id":176,"href":"https:\/\/o-seznam.cz\/napoveda\/diskuze\/wp-json\/wp\/v2\/pages\/121\/revisions\/176"}],"wp:attachment":[{"href":"https:\/\/o-seznam.cz\/napoveda\/diskuze\/wp-json\/wp\/v2\/media?parent=121"}],"wp:term":[{"taxonomy":"page_category","embeddable":true,"href":"https:\/\/o-seznam.cz\/napoveda\/diskuze\/wp-json\/wp\/v2\/page_category?post=121"},{"taxonomy":"page_tag","embeddable":true,"href":"https:\/\/o-seznam.cz\/napoveda\/diskuze\/wp-json\/wp\/v2\/page_tag?post=121"},{"taxonomy":"service_status_category","embeddable":true,"href":"https:\/\/o-seznam.cz\/napoveda\/diskuze\/wp-json\/wp\/v2\/service_status_category?post=121"}],"curies":[{"name":"wp","href":"https:\/\/api.w.org\/{rel}","templated":true}]}}