{"id":109,"date":"2025-11-03T09:01:20","date_gmt":"2025-11-03T08:01:20","guid":{"rendered":"https:\/\/o-seznam.cz\/napoveda\/diskuze\/?page_id=109"},"modified":"2025-11-11T17:48:36","modified_gmt":"2025-11-11T16:48:36","slug":"diskuze-na-lide-cz","status":"publish","type":"page","link":"https:\/\/o-seznam.cz\/napoveda\/diskuze\/diskuze-na-lide-cz\/","title":{"rendered":"Diskuze nov\u011b na Lid\u00e9.cz"},"content":{"rendered":"\n<div class=\"wp-block-group is-layout-constrained wp-block-group-is-layout-constrained\">\n<p><strong>Seznam p\u0159ich\u00e1z\u00ed s novou soci\u00e1ln\u00ed s\u00edt\u00ed, kter\u00e1 m\u00e1 ambici st\u00e1t se m\u00edstem pro kultivovan\u00e9 debaty a bezpe\u010dn\u00fdm online prost\u0159ed\u00edm. U\u017e letos v listopadu na ni p\u0159esune tak\u00e9 diskuzn\u00ed p\u0159\u00edsp\u011bvky a u\u017eivatelsk\u00e9 profily.<\/strong>&nbsp;<\/p>\n\n\n\n<p>V\u202fprvn\u00ed p\u016flce listopadu se pod hlavi\u010dkou Seznamu otev\u0159ela nov\u00e1 soci\u00e1ln\u00ed s\u00ed\u0165 Lid\u00e9.cz. Postupn\u011b se na ni z\u00e1rove\u0148 automaticky p\u0159esouvaj\u00ed v\u0161echny diskuze k \u010dl\u00e1nk\u016fm z obsahov\u00fdch slu\u017eeb Seznamu, v\u010detn\u011b u\u017eivatelsk\u00fdch profil\u016f. U\u017eivatel\u00e9 se nemus\u00ed b\u00e1t, o nic nep\u0159ijdou \u2013 p\u0159evod prob\u011bhne automaticky, bezpe\u010dn\u011b a bez jejich zapojen\u00ed.\u00a0<\/p>\n\n\n\n<p>C\u00edlem Lid\u00e9.cz je vytvo\u0159it komunitu, jej\u00ed\u017e \u010dlenov\u00e9 se cht\u011bj\u00ed propojovat, sd\u00edlet sv\u00e9 n\u00e1zory a \u00fa\u010dastnit se diskuz\u00ed. Platforma bude st\u00e1t na ov\u011b\u0159en\u00fdch u\u017eivatel\u00edch a povede je k smyslupln\u00fdm a kvalitn\u00edm konverzac\u00edm.&nbsp;<\/p>\n\n\n\n<p>Hlavn\u00edm z\u00e1m\u011brem je nab\u00eddnout prost\u0159ed\u00ed, kde m\u00e1 sv\u00e9 m\u00edsto kultivovan\u00e1 debata, d\u016fv\u011bryhodn\u00fd obsah a bezpe\u010dn\u00e1 interakce. U\u017eivatel\u00e9 budou moci bez obav ps\u00e1t vlastn\u00ed p\u0159\u00edsp\u011bvky, komentovat \u010dl\u00e1nky nebo reagovat na n\u00e1zory ostatn\u00edch. Lid\u00e9.cz p\u0159itom navazuj\u00ed na diskuzn\u00ed p\u0159\u00edsp\u011bvky z obsahov\u00fdch web\u016f Seznamu i extern\u00edch partner\u016f a ka\u017ed\u00e1 konverzace odk\u00e1\u017ee na p\u016fvodn\u00ed \u010dl\u00e1nek \u010di video, aby byl v\u017edy po ruce zdroj informace.<br><br>Slu\u017ebu jsme spustili v z\u00e1kladn\u00ed verzi a bude se d\u00e1l intenzivn\u011b rozv\u00edjet. U\u017eivatel\u00e9 nyn\u00ed mohou zve\u0159ej\u0148ovat vlastn\u00ed p\u0159\u00edsp\u011bvky o d\u00e9lce a\u017e 1 600 znak\u016f, p\u0159id\u00e1vat k nim fotografie nebo odkazy a sledovat zaj\u00edmav\u00e9 lidi a jejich obsah. Pro v\u011bt\u0161\u00ed p\u0159ehled o aktu\u00e1ln\u00edch a zaj\u00edmav\u00fdch t\u00e9matech v samostatn\u00e9m boxu nab\u00eddneme v\u00fdb\u011br nejdiskutovan\u011bj\u0161\u00edch t\u00e9mat, generovan\u00fd s pomoc\u00ed AI. Z\u00e1rove\u0148 budou k dispozici p\u0159ehledy nejkomentovan\u011bj\u0161\u00edch \u010dl\u00e1nk\u016f z obsahov\u00fdch slu\u017eeb Seznamu i partnersk\u00fdch web\u016f vyu\u017e\u00edvaj\u00edc\u00edch jeho diskuzn\u00ed modul. D\u00edky tomu mohou u\u017eivatel\u00e9 snadno sledovat, o \u010dem se pr\u00e1v\u011b nejv\u00edc mluv\u00ed, a rychle se zapojit do debat, kter\u00e9 h\u00fdbou internetem.<\/p>\n\n\n\n<p>Postupn\u011b budou p\u0159ib\u00fdvat dal\u0161\u00ed funkce b\u011b\u017en\u00e9 na soci\u00e1ln\u00edch s\u00edt\u00edch \u2013 roz\u0161\u00ed\u0159en\u00e9 vyhled\u00e1v\u00e1n\u00ed, ozna\u010dov\u00e1n\u00ed lid\u00ed v p\u0159\u00edsp\u011bvc\u00edch, mo\u017enost sd\u00edlet videa, komunikovat s ostatn\u00edmi u\u017eivateli prost\u0159ednictv\u00edm messengeru nebo tak\u00e9 zakl\u00e1d\u00e1n\u00ed skupin.<\/p>\n<\/div>\n","protected":false},"excerpt":{"rendered":"<p>Seznam p\u0159ich\u00e1z\u00ed s novou soci\u00e1ln\u00ed s\u00edt\u00ed, kter\u00e1 m\u00e1 ambici st\u00e1t se m\u00edstem pro kultivovan\u00e9 debaty a bezpe\u010dn\u00fdm online prost\u0159ed\u00edm. U\u017e letos v listopadu na ni p\u0159esune tak\u00e9 diskuzn\u00ed p\u0159\u00edsp\u011bvky a u\u017eivatelsk\u00e9 profily.&nbsp; V\u202fprvn\u00ed p\u016flce listopadu se pod hlavi\u010dkou Seznamu otev\u0159ela nov\u00e1 soci\u00e1ln\u00ed s\u00ed\u0165 Lid\u00e9.cz. Postupn\u011b se na ni z\u00e1rove\u0148 automaticky p\u0159esouvaj\u00ed v\u0161echny diskuze k \u010dl\u00e1nk\u016fm [&hellip;]<\/p>\n","protected":false},"author":71,"featured_media":0,"parent":0,"menu_order":100,"comment_status":"closed","ping_status":"closed","template":"page-sidemenu","meta":{"_acf_changed":false,"_relevanssi_hide_post":"","_relevanssi_hide_content":"","_relevanssi_pin_for_all":"","_relevanssi_pin_keywords":"","_relevanssi_unpin_keywords":"","_relevanssi_related_keywords":"","_relevanssi_related_include_ids":"","_relevanssi_related_exclude_ids":"","_relevanssi_related_no_append":"","_relevanssi_related_not_related":"","_relevanssi_related_posts":"","_relevanssi_noindex_reason":"","footnotes":""},"page_category":[3],"page_tag":[],"service_status_category":[],"class_list":["post-109","page","type-page","status-publish","hentry"],"acf":[],"_links":{"self":[{"href":"https:\/\/o-seznam.cz\/napoveda\/diskuze\/wp-json\/wp\/v2\/pages\/109","targetHints":{"allow":["GET"]}}],"collection":[{"href":"https:\/\/o-seznam.cz\/napoveda\/diskuze\/wp-json\/wp\/v2\/pages"}],"about":[{"href":"https:\/\/o-seznam.cz\/napoveda\/diskuze\/wp-json\/wp\/v2\/types\/page"}],"author":[{"embeddable":true,"href":"https:\/\/o-seznam.cz\/napoveda\/diskuze\/wp-json\/wp\/v2\/users\/71"}],"replies":[{"embeddable":true,"href":"https:\/\/o-seznam.cz\/napoveda\/diskuze\/wp-json\/wp\/v2\/comments?post=109"}],"version-history":[{"count":12,"href":"https:\/\/o-seznam.cz\/napoveda\/diskuze\/wp-json\/wp\/v2\/pages\/109\/revisions"}],"predecessor-version":[{"id":188,"href":"https:\/\/o-seznam.cz\/napoveda\/diskuze\/wp-json\/wp\/v2\/pages\/109\/revisions\/188"}],"wp:attachment":[{"href":"https:\/\/o-seznam.cz\/napoveda\/diskuze\/wp-json\/wp\/v2\/media?parent=109"}],"wp:term":[{"taxonomy":"page_category","embeddable":true,"href":"https:\/\/o-seznam.cz\/napoveda\/diskuze\/wp-json\/wp\/v2\/page_category?post=109"},{"taxonomy":"page_tag","embeddable":true,"href":"https:\/\/o-seznam.cz\/napoveda\/diskuze\/wp-json\/wp\/v2\/page_tag?post=109"},{"taxonomy":"service_status_category","embeddable":true,"href":"https:\/\/o-seznam.cz\/napoveda\/diskuze\/wp-json\/wp\/v2\/service_status_category?post=109"}],"curies":[{"name":"wp","href":"https:\/\/api.w.org\/{rel}","templated":true}]}}