{"id":80,"date":"2025-05-05T09:19:08","date_gmt":"2025-05-05T07:19:08","guid":{"rendered":"https:\/\/o-seznam.cz\/napoveda\/asistent\/?page_id=80"},"modified":"2025-06-21T20:58:57","modified_gmt":"2025-06-21T18:58:57","slug":"tarify-a-limity","status":"publish","type":"page","link":"https:\/\/o-seznam.cz\/napoveda\/asistent\/tarify-a-limity\/","title":{"rendered":"Limity pro konverzace"},"content":{"rendered":"\n<p>Abychom v\u00e1m pomohli naplno vyu\u017e\u00edt s\u00edlu Asistenta a z\u00e1rove\u0148 udr\u017eeli slu\u017ebu rychlou a spolehlivou pro v\u0161echny, ka\u017ed\u00fd \u00fa\u010det m\u00e1 p\u0159id\u011blenou ur\u010ditou denn\u00ed a m\u011bsi\u010dn\u00ed kapacitu<strong> <\/strong>dotaz\u016f. Limity se automaticky obnovuj\u00ed (denn\u00ed o p\u016flnoci, t\u00fdden o p\u016flnoci z ned\u011ble na pond\u011bl\u00ed)<\/p>\n\n\n\n<h2 class=\"wp-block-heading\">Jak to v praxi funguje?<\/h2>\n\n\n\n<figure class=\"wp-block-table\"><table class=\"has-fixed-layout\"><thead><tr><th>Typ \u00fa\u010dtu<\/th><th>Denn\u00ed limit dotaz\u016f<\/th><th>T\u00fddenn\u00ed limit dotaz\u016f<\/th><\/tr><\/thead><tbody><tr><td>Standardn\u00ed \u00fa\u010det<\/td><td>40 dotaz\u016f<\/td><td>100<strong> <\/strong>dotaz\u016f <\/td><\/tr><tr><td><a href=\"https:\/\/ucet.seznam.cz\/bezreklam\/\">Seznam bez reklam<\/a><\/td><td>400 dotaz\u016f<\/td><td>400<em> dotaz\u016f <\/em><\/td><\/tr><\/tbody><\/table><\/figure>\n\n\n\n<div class=\"wp-block-group is-vertical is-layout-flex wp-container-core-group-is-layout-fe9cc265 wp-block-group-is-layout-flex\">\n<p><strong>Standardn\u00ed \u00fa\u010det<\/strong><\/p>\n\n\n\n<p>Ka\u017ed\u00fd den m\u016f\u017eete polo\u017eit a\u017e 40 ot\u00e1zek. Sou\u010det v\u0161ech va\u0161ich dotaz\u016f od pond\u011bl\u00ed do ned\u011ble ale nesm\u00ed p\u0159es\u00e1hnout 100.<\/p>\n<\/div>\n\n\n\n<div class=\"wp-block-group is-vertical is-layout-flex wp-container-core-group-is-layout-fe9cc265 wp-block-group-is-layout-flex\">\n<p><strong><a href=\"https:\/\/ucet.seznam.cz\/bezreklam\/\">Seznam bez reklam<\/a><\/strong><\/p>\n\n\n\n<p>M\u00e1te k dispozici jeden velk\u00fd bal\u00edk 400 dotaz\u016f na cel\u00fd t\u00fdden. Je jen na v\u00e1s, jestli je \u201esp\u00e1l\u00edte\u201c v jeden den, nebo si je rozlo\u017e\u00edte.<\/p>\n\n\n\n<h3 class=\"wp-block-heading\">Existuje limit na konverzaci?<\/h3>\n\n\n\n<p>V aktu\u00e1ln\u00ed beta verzi je mo\u017en\u00e9 polo\u017eit <strong>maxim\u00e1ln\u011b 10 dotaz\u016f<\/strong> v\u202fjedn\u00e9 konverzaci. Po vy\u010derp\u00e1n\u00ed limitu je pot\u0159eba za\u010d\u00edt novou konverzaci, aby byla zachov\u00e1na co nejvy\u0161\u0161\u00ed kvalita odpov\u011bd\u00ed. Tento limit pl\u00e1nujeme postupn\u011b navy\u0161ovat.<\/p>\n<\/div>\n\n\n\n<p><strong>Konverzace<\/strong>\u202f= souvisl\u00fd \u201evl\u00e1knov\u00fd\u201c dialog, ve\u202fkter\u00e9m na sebe ot\u00e1zky a\u202fodpov\u011bdi logicky navazuj\u00ed a\u202fAsistent udr\u017euje kontext.<\/p>\n\n\n\n<p><strong>Dotaz<\/strong>\u202f= jedna samostatn\u00e1 zpr\u00e1va\/ot\u00e1zka, kterou v\u202ftomto dialogu ode\u0161lete.<\/p>\n","protected":false},"excerpt":{"rendered":"<p>Abychom v\u00e1m pomohli naplno vyu\u017e\u00edt s\u00edlu Asistenta a z\u00e1rove\u0148 udr\u017eeli slu\u017ebu rychlou a spolehlivou pro v\u0161echny, ka\u017ed\u00fd \u00fa\u010det m\u00e1 p\u0159id\u011blenou ur\u010ditou denn\u00ed a m\u011bsi\u010dn\u00ed kapacitu dotaz\u016f. Limity se automaticky obnovuj\u00ed (denn\u00ed o p\u016flnoci, t\u00fdden o p\u016flnoci z ned\u011ble na pond\u011bl\u00ed) Jak to v praxi funguje? Typ \u00fa\u010dtu Denn\u00ed limit dotaz\u016f T\u00fddenn\u00ed limit dotaz\u016f Standardn\u00ed \u00fa\u010det [&hellip;]<\/p>\n","protected":false},"author":63,"featured_media":0,"parent":0,"menu_order":0,"comment_status":"closed","ping_status":"closed","template":"page-sidemenu","meta":{"_acf_changed":false,"_relevanssi_hide_post":"","_relevanssi_hide_content":"","_relevanssi_pin_for_all":"","_relevanssi_pin_keywords":"","_relevanssi_unpin_keywords":"","_relevanssi_related_keywords":"","_relevanssi_related_include_ids":"","_relevanssi_related_exclude_ids":"","_relevanssi_related_no_append":"","_relevanssi_related_not_related":"","_relevanssi_related_posts":"","_relevanssi_noindex_reason":"","footnotes":""},"page_category":[31],"page_tag":[],"service_status_category":[],"class_list":["post-80","page","type-page","status-publish","hentry"],"acf":[],"_links":{"self":[{"href":"https:\/\/o-seznam.cz\/napoveda\/asistent\/wp-json\/wp\/v2\/pages\/80","targetHints":{"allow":["GET"]}}],"collection":[{"href":"https:\/\/o-seznam.cz\/napoveda\/asistent\/wp-json\/wp\/v2\/pages"}],"about":[{"href":"https:\/\/o-seznam.cz\/napoveda\/asistent\/wp-json\/wp\/v2\/types\/page"}],"author":[{"embeddable":true,"href":"https:\/\/o-seznam.cz\/napoveda\/asistent\/wp-json\/wp\/v2\/users\/63"}],"replies":[{"embeddable":true,"href":"https:\/\/o-seznam.cz\/napoveda\/asistent\/wp-json\/wp\/v2\/comments?post=80"}],"version-history":[{"count":12,"href":"https:\/\/o-seznam.cz\/napoveda\/asistent\/wp-json\/wp\/v2\/pages\/80\/revisions"}],"predecessor-version":[{"id":447,"href":"https:\/\/o-seznam.cz\/napoveda\/asistent\/wp-json\/wp\/v2\/pages\/80\/revisions\/447"}],"wp:attachment":[{"href":"https:\/\/o-seznam.cz\/napoveda\/asistent\/wp-json\/wp\/v2\/media?parent=80"}],"wp:term":[{"taxonomy":"page_category","embeddable":true,"href":"https:\/\/o-seznam.cz\/napoveda\/asistent\/wp-json\/wp\/v2\/page_category?post=80"},{"taxonomy":"page_tag","embeddable":true,"href":"https:\/\/o-seznam.cz\/napoveda\/asistent\/wp-json\/wp\/v2\/page_tag?post=80"},{"taxonomy":"service_status_category","embeddable":true,"href":"https:\/\/o-seznam.cz\/napoveda\/asistent\/wp-json\/wp\/v2\/service_status_category?post=80"}],"curies":[{"name":"wp","href":"https:\/\/api.w.org\/{rel}","templated":true}]}}