
{"id":18088,"date":"2024-12-02T17:48:08","date_gmt":"2024-12-02T16:48:08","guid":{"rendered":"https:\/\/o-seznam.cz\/kariera\/?page_id=18088"},"modified":"2025-11-03T17:57:37","modified_gmt":"2025-11-03T16:57:37","slug":"vstupni-lekarska-prohlidka","status":"publish","type":"page","link":"https:\/\/o-seznam.cz\/kariera\/nejcastejsi-dotazy\/vstupni-lekarska-prohlidka\/","title":{"rendered":"Vstupn\u00ed l\u00e9ka\u0159sk\u00e1 prohl\u00eddka"},"content":{"rendered":"\n<div class=\"wp-block-group is-layout-constrained wp-block-group-is-layout-constrained\">\n<p>\u00da\u010delem ka\u017ed\u00e9 vstupn\u00ed l\u00e9ka\u0159sky prohl\u00eddky do zam\u011bstn\u00e1n\u00ed je zjistit, zda je uchaze\u010d o zam\u011bstn\u00e1n\u00ed zdravotn\u011b zp\u016fsobil\u00fd pro v\u00fdkon konkr\u00e9tn\u00ed pr\u00e1ce a vylou\u010dit nemoci \u010di stavy, kter\u00e9 omezuj\u00ed nebo znemo\u017e\u0148uj\u00ed jeho zdravotn\u00ed zp\u016fsobilost k dan\u00e9 pr\u00e1ci.<\/p>\n\n\n\n<p>Dle novely z\u00e1kona 373\/2011 o specifick\u00fdch zdravotn\u00edch slu\u017eb\u00e1ch nen\u00ed povinn\u00e1 vstupn\u00ed l\u00e9ka\u0159sk\u00e1 prohl\u00eddka do nov\u00e9ho zam\u011bstn\u00e1n\u00ed od 1. 6. 2025 pro profese v 1. kategorii.&nbsp;V\u011bt\u0161ina pracovn\u00edch pozic v Seznamu pat\u0159\u00ed do 1. kategorie, tak\u017ee po v\u00e1s nebudeme vy\u017eadovat vstupn\u00ed l\u00e9ka\u0159skou prohl\u00eddku.<\/p>\n\n\n\n<p>To neznamen\u00e1, \u017ee zam\u011bstnavatel nebude&nbsp;moct prohl\u00eddky pro tuto kategorii vy\u017eadovat d\u00e1l \u2013 p\u0159estane to ale b\u00fdt z\u00e1konnou povinnost\u00ed a jejich prov\u00e1d\u011bn\u00ed u t\u011bchto nerizikov\u00fdch profes\u00ed bude pouze na zam\u011bstnavateli.&nbsp;Zam\u011bstnavatel v\u00e1s m\u016f\u017ee vyslat k va\u0161emu praktick\u00e9mu l\u00e9ka\u0159i, p\u0159\u00edpadn\u011b m\u016f\u017ee m\u00edt sv\u00e9ho firemn\u00edho \u010di z\u00e1vodn\u00edho l\u00e9ka\u0159e, m\u00e1 tedy smlouvu s konkr\u00e9tn\u00edm poskytovatelem pracovn\u011bl\u00e9ka\u0159sk\u00fdch slu\u017eeb.<\/p>\n\n\n\n<p>U firem s v\u011bt\u0161\u00edm po\u010dtem zam\u011bstnanc\u016f je obvyklej\u0161\u00ed firemn\u00ed l\u00e9ka\u0159. M\u00e1me to tak i v Seznamu. Pokud se spolu domluv\u00edme na spolupr\u00e1ci, tak budouc\u00ed nov\u00e1\u010dky vy\u0161leme na vstupn\u00ed prohl\u00eddku k na\u0161emu smluvn\u00edmu l\u00e9ka\u0159i. Je mo\u017en\u00e9 vyu\u017e\u00edt \u0161irok\u00e9 s\u00edt\u011b pobo\u010dek, tak\u017ee nemus\u00edte m\u00edt obavu, \u017ee budete kv\u016fli prohl\u00eddce cestovat t\u0159eba z Ostravy do Prahy.<\/p>\n\n\n<nav class=\"menu-anchors\">\n<ul>\n\t<li><a href=\"#vstupni-vysetreni\">Jak prob\u00edh\u00e1 vstupn\u00ed vy\u0161et\u0159en\u00ed?<\/a><\/li>\n<li><a href=\"#kolik-stoji\">Kolik preventivn\u00ed prohl\u00eddka stoj\u00ed?<\/a><\/li>\n<li><a href=\"#dokumenty\">Jak\u00e9 jsou pot\u0159eba dokumenty?<\/a><\/li>\n<li><a href=\"#musim-absolvovat\">Mus\u00edm absolvovat vstupn\u00ed vy\u0161et\u0159en\u00ed p\u0159i ka\u017ed\u00e9m n\u00e1stupu do nov\u00e9 pr\u00e1ce?<\/a><\/li>\n<li><a href=\"#nemusim-absolvovat\">Kdy vstupn\u00ed l\u00e9ka\u0159skou prohl\u00eddku absolvovat nemus\u00edm?<\/a><\/li>\n<\/ul>\n\n<\/nav>\n<\/div>\n\n\n\n<div class=\"wp-block-group is-layout-constrained wp-block-group-is-layout-constrained\">\n<h2 class=\"wp-block-heading\" id=\"vstupni-vysetreni\">Jak prob\u00edh\u00e1 vstupn\u00ed vy\u0161et\u0159en\u00ed?<\/h2>\n\n\n\n<p>P\u0159i objedn\u00e1v\u00e1n\u00ed v\u00e1m sestra \u010d\u00ed l\u00e9ka\u0159 p\u0159edem sd\u011bl\u00ed, co s sebou pot\u0159ebujete, odb\u011br krve obvykl\u00fd nen\u00ed. Pacienta pak \u010dek\u00e1 fyzik\u00e1ln\u00ed vy\u0161et\u0159en\u00ed, co\u017e v\u011bt\u0161inou znamen\u00e1, \u017ee v\u00e1m poklepem a poslechem vy\u0161et\u0159\u00ed srdce a pl\u00edce, pohmatem \u0161t\u00edtnou \u017el\u00e1zu, zm\u011b\u0159\u00ed krevn\u00ed tlak a zjist\u00ed index t\u011blesn\u00e9 hmotnosti (BMI). M\u016f\u017ee tak\u00e9 orienta\u010dn\u011b vy\u0161et\u0159it zrak a sluch a zkontrolovat o\u010dkov\u00e1n\u00ed, ale opravdu se nen\u00ed \u010deho b\u00e1t, vstupn\u00ed prohl\u00eddka se nijak neli\u0161\u00ed od klasick\u00fdch preventivn\u00edch prohl\u00eddek, kter\u00e9 bychom jednou za \u010das m\u011bli podstoupit v\u0161ichni. <\/p>\n<\/div>\n\n\n\n<div class=\"wp-block-group is-layout-constrained wp-block-group-is-layout-constrained\">\n<h2 class=\"wp-block-heading\" id=\"kolik-stoji\">Kolik preventivn\u00ed prohl\u00eddka stoj\u00ed?<\/h2>\n\n\n\n<p>Cena vstupn\u00ed prohl\u00eddky se pohybuje v rozp\u011bt\u00ed 300 \u2013 700 K\u010d. Nej\u010dast\u011bji je to kolem p\u011btistovky. N\u00e1klady na prohl\u00eddku by m\u011bl hradil zam\u011bstnavatel. Pokud prohl\u00eddku hrad\u00edte u l\u00e9ka\u0159e, dostanete \u00fa\u010dtenku, kterou v\u00e1m pak zam\u011bstnavatel po n\u00e1stupu proplat\u00ed.<\/p>\n<\/div>\n\n\n\n<div class=\"wp-block-group is-layout-constrained wp-block-group-is-layout-constrained\">\n<h2 class=\"wp-block-heading\" id=\"dokumenty\">Jak\u00e9 jsou pot\u0159eba dokumenty?<\/h2>\n\n\n\n<p>Ke vstupn\u00ed l\u00e9ka\u0159sk\u00e9 prohl\u00eddce pot\u0159ebujete v\u017edy formul\u00e1\u0159 s \u017e\u00e1dost\u00ed o proveden\u00ed vstupn\u00ed l\u00e9ka\u0159sk\u00e9 prohl\u00eddky. Formul\u00e1\u0159 by v\u00e1m m\u011bl poskytnout budouc\u00ed zam\u011bstnavatel. Pokud absolvujete prohl\u00eddku u smluvn\u00edho l\u00e9ka\u0159e a nikoliv u sv\u00e9ho praktika, pak budete pot\u0159ebovat je\u0161t\u011b v\u00fdpis ze sv\u00e9 zdravotn\u00ed dokumentace. Nen\u00ed to ov\u0161em nic slo\u017eit\u00e9ho. Sta\u010d\u00ed o n\u011bj po\u017e\u00e1dat sv\u00e9ho praktick\u00e9ho l\u00e9ka\u0159e. Ve v\u011bt\u0161in\u011b p\u0159\u00edpad\u016f je pot\u0159eba po\u010d\u00edtat s men\u0161\u00edm administrativn\u00edm poplatkem. Ov\u0161em je d\u016fle\u017eit\u00e9 pamatovat na to, \u017ee mus\u00edte v\u0161e stihnout p\u0159ed n\u00e1stupem do nov\u00e9ho zam\u011bstn\u00e1n\u00ed.<\/p>\n<\/div>\n\n\n\n<div class=\"wp-block-group is-layout-constrained wp-block-group-is-layout-constrained\">\n<h2 class=\"wp-block-heading\" id=\"musim-absolvovat\">Mus\u00edm absolvovat vstupn\u00ed vy\u0161et\u0159en\u00ed p\u0159i ka\u017ed\u00e9m n\u00e1stupu do nov\u00e9 pr\u00e1ce?<\/h2>\n\n\n\n<p>Od 1. 6. 2025 nen\u00ed povinn\u00e1 vstupn\u00ed l\u00e9ka\u0159sk\u00e1 prohl\u00eddka pro profese v 1. kategorii.&nbsp;Pro profese v&nbsp;ostatn\u00edch kategori\u00edch se nic nem\u011bn\u00ed&nbsp;a vstupn\u00ed i periodick\u00e9 prohl\u00eddky z\u016fst\u00e1vaj\u00ed povinn\u00e9. Vstupn\u00ed l\u00e9ka\u0159skou prohl\u00eddku mus\u00ed nov\u011b absolvovat osoby mlad\u0161\u00ed 18 let, a to bez ohledu na charakter zam\u011bstn\u00e1n\u00ed a formu pr\u00e1vn\u00edho vztahu. Tato povinnost plat\u00ed i p\u0159i brig\u00e1d\u00e1ch mladistv\u00fdch konan\u00fdch na z\u00e1klad\u011b dohod (DP\u010c \u010di DPP).<\/p>\n\n\n\n<p>Pokud je va\u0161e profese v ostatn\u00ed kategorii (2., 3. a 4.), vstupn\u00ed l\u00e9ka\u0159skou prohl\u00eddku byste m\u011bli absolvovat v\u017edy p\u0159ed n\u00e1stupem do nov\u00e9 pr\u00e1ce, tedy p\u0159ed vznikem pracovn\u00edho pom\u011bru. Nov\u00fd pracovn\u00ed pom\u011br vznik\u00e1 datem n\u00e1stupu do zam\u011bstn\u00e1n\u00ed (nen\u00ed to tedy t\u0159eba datum podpisu smlouvy). Bez n\u00ed v\u00e1s zam\u011bstnavatel nem\u016f\u017ee zam\u011bstnat, proto\u017ee jinak mu hroz\u00ed vysok\u00fd finan\u010dn\u00ed postih. Bez prohl\u00eddky toti\u017e nem\u016f\u017eete spr\u00e1vn\u011b pr\u00e1ci vykon\u00e1vat. I v Seznamu toto proto striktn\u011b dodr\u017eujeme a nov\u00e1\u010dek bez l\u00e9ka\u0159sk\u00e9 prohl\u00eddky nastoupit nem\u016f\u017ee.<\/p>\n\n\n\n<p>Zam\u011bstnavatel m\u00e1 za povinnost prohl\u00eddku na\u0159\u00eddit a zam\u011bstnanec m\u00e1 povinnost ji absolvovat. Nem\u016f\u017eete ji tedy odm\u00edtnout. Pokud byste ji neabsolvovali \u010di odm\u00edtli, zam\u011bstnavatel v\u00e1s pak patrn\u011b nezam\u011bstn\u00e1. Pokud by ale zam\u011bstnavatel po\u017eadoval odborn\u00e1 vy\u0161et\u0159en\u00ed, kter\u00e9 by v\u0161ak nenavrhl posuzuj\u00edc\u00ed l\u00e9ka\u0159, nem\u00e1te povinnost takov\u00e1 vy\u0161et\u0159en\u00ed absolvovat. Vstupn\u00ed prohl\u00eddka je v\u017edy platn\u00e1 pro konkr\u00e9tn\u00ed pozici u konkr\u00e9tn\u00edho zam\u011bstnavatele. Pokud byste pr\u00e1ci m\u011bnili, by\u0165 t\u0159eba v kr\u00e1tk\u00e9m \u010dasov\u00e9m horizontu, mus\u00edte na prohl\u00eddku znovu.<\/p>\n<\/div>\n\n\n\n<div class=\"wp-block-group is-layout-constrained wp-block-group-is-layout-constrained\">\n<h2 class=\"wp-block-heading\" id=\"nemusim-absolvovat\">Kdy vstupn\u00ed l\u00e9ka\u0159skou prohl\u00eddku absolvovat nemus\u00edm?<\/h2>\n\n\n\n<p>Vstupn\u00ed l\u00e9ka\u0159skou prohl\u00eddku nemus\u00edte absolvovat, pokud se jedn\u00e1 o profesi v 1. kategorii nebo&nbsp;pokud spolupr\u00e1ce prob\u00edh\u00e1 formou Dohody o proveden\u00ed pr\u00e1ce \u010di Dohodou o pracovn\u00ed \u010dinnosti (v\u00fdjimkou je rizikov\u00e1 pr\u00e1ce nebo pr\u00e1ce, kde je tato prohl\u00eddka po\u017eadov\u00e1na na z\u00e1klad\u011b jin\u00e9ho pr\u00e1vn\u00edho p\u0159edpisu).<\/p>\n<\/div>\n\n\n\n<div class=\"wp-block-group is-layout-constrained wp-block-group-is-layout-constrained\">\n<h2 class=\"wp-block-heading\">Nejnov\u011bj\u0161\u00ed nab\u00eddky<\/h2>\n\n\n<div class=\"wp-block-seznam-list-jobs\"><div class=\"wp-block-seznam-tiles has-columns-2\" style=\"--seznam-tiles--columns:2\"><div class=\"inner-blocks\"><div class=\"block-boxlink\"><a class=\"boxlink boxlink--icon-arrow boxlink--align-y-center px-f8 py-f4\" href=\"https:\/\/o-seznam.cz\/kariera\/488089-konzultant-rtb\/\"><div class=\"inner-blocks\">\n\n<p class=\"font-bold\">Konzultant RTB<\/p>\n<p class=\"mt-1 text-sm text-neutral-60\">\n\t\t\t<span class=\"text-complement\">Praha<\/span>\n\t\t<span class=\"text-neutral-20 mx-1\">\u2022<\/span>\n\t\tPro mu\u017ee i \u017eeny<\/p>\n\n<\/div><\/a><\/div><div class=\"block-boxlink\"><a class=\"boxlink boxlink--icon-arrow boxlink--align-y-center px-f8 py-f4\" href=\"https:\/\/o-seznam.cz\/kariera\/488070-produktovy-manager-pro-llm\/\"><div class=\"inner-blocks\">\n\n<p class=\"font-bold\">Produktov\u00fd manager pro LLM\u00a0<\/p>\n<p class=\"mt-1 text-sm text-neutral-60\">\n\t\t\t<span class=\"text-complement\">Brno, Praha<\/span>\n\t\t<span class=\"text-neutral-20 mx-1\">\u2022<\/span>\n\t\tPro mu\u017ee i \u017eeny<\/p>\n\n<\/div><\/a><\/div><div class=\"block-boxlink\"><a class=\"boxlink boxlink--icon-arrow boxlink--align-y-center px-f8 py-f4\" href=\"https:\/\/o-seznam.cz\/kariera\/487828-senior-python-backend-developer-pro-obsahove-platformy-seznamu\/\"><div class=\"inner-blocks\">\n\n<p class=\"font-bold\">Senior Python Backend Developer pro obsahov\u00e9 platformy Seznamu<\/p>\n<p class=\"mt-1 text-sm text-neutral-60\">\n\t\t\t<span class=\"text-complement\">Brno<\/span>\n\t\t<span class=\"text-neutral-20 mx-1\">\u2022<\/span>\n\t\tPro mu\u017ee i \u017eeny<\/p>\n\n<\/div><\/a><\/div><div class=\"block-boxlink\"><a class=\"boxlink boxlink--icon-arrow boxlink--align-y-center px-f8 py-f4\" href=\"https:\/\/o-seznam.cz\/kariera\/487797-event-operations-specialist\/\"><div class=\"inner-blocks\">\n\n<p class=\"font-bold\">Event &amp; Operations Specialist<\/p>\n<p class=\"mt-1 text-sm text-neutral-60\">\n\t\t\t<span class=\"text-complement\">Praha<\/span>\n\t\t<span class=\"text-neutral-20 mx-1\">\u2022<\/span>\n\t\tPro mu\u017ee i \u017eeny<\/p>\n\n<\/div><\/a><\/div><div class=\"block-boxlink\"><a class=\"boxlink boxlink--icon-arrow boxlink--align-y-center px-f8 py-f4\" href=\"https:\/\/o-seznam.cz\/kariera\/487587-obchodnik-pro-liberec\/\"><div class=\"inner-blocks\">\n\n<p class=\"font-bold\">Obchodn\u00edk pro Liberec<\/p>\n<p class=\"mt-1 text-sm text-neutral-60\">\n\t\t\t<span class=\"text-complement\">Liberec<\/span>\n\t\t<span class=\"text-neutral-20 mx-1\">\u2022<\/span>\n\t\tPro mu\u017ee i \u017eeny<\/p>\n\n<\/div><\/a><\/div><div class=\"block-boxlink\"><a class=\"boxlink boxlink--icon-arrow boxlink--align-y-center px-f8 py-f4\" href=\"https:\/\/o-seznam.cz\/kariera\/487453-obchodnik-pro-severovychodni-kralovehradecko\/\"><div class=\"inner-blocks\">\n\n<p class=\"font-bold\">Obchodn\u00edk pro severov\u00fdchodn\u00ed Kr\u00e1lov\u00e9hradecko<\/p>\n<p class=\"mt-1 text-sm text-neutral-60\">\n\t\t\t<span class=\"text-complement\">Hradec Kr\u00e1lov\u00e9<\/span>\n\t\t<span class=\"text-neutral-20 mx-1\">\u2022<\/span>\n\t\tPro mu\u017ee i \u017eeny<\/p>\n\n<\/div><\/a><\/div><\/div><\/div><\/div>\n\n\n\n<div class=\"wp-block-buttons is-content-justification-center is-layout-flex wp-container-core-buttons-is-layout-a89b3969 wp-block-buttons-is-layout-flex\">\n<div class=\"wp-block-button\"><a class=\"wp-block-button__link wp-element-button\" href=\"https:\/\/o-seznam.cz\/kariera\/volne-pozice\/\">Uk\u00e1zat v\u0161echny pozice<\/a><\/div>\n<\/div>\n<\/div>\n","protected":false},"excerpt":{"rendered":"<p>\u00da\u010delem ka\u017ed\u00e9 vstupn\u00ed l\u00e9ka\u0159sky prohl\u00eddky do zam\u011bstn\u00e1n\u00ed je zjistit, zda je uchaze\u010d o zam\u011bstn\u00e1n\u00ed zdravotn\u011b zp\u016fsobil\u00fd pro v\u00fdkon konkr\u00e9tn\u00ed pr\u00e1ce a vylou\u010dit nemoci \u010di stavy, kter\u00e9 omezuj\u00ed nebo znemo\u017e\u0148uj\u00ed jeho zdravotn\u00ed zp\u016fsobilost k dan\u00e9 pr\u00e1ci. Dle novely z\u00e1kona 373\/2011 o specifick\u00fdch zdravotn\u00edch slu\u017eb\u00e1ch nen\u00ed povinn\u00e1 vstupn\u00ed l\u00e9ka\u0159sk\u00e1 prohl\u00eddka do nov\u00e9ho zam\u011bstn\u00e1n\u00ed od 1. 6. 2025 [&hellip;]<\/p>\n","protected":false},"author":2,"featured_media":0,"parent":13801,"menu_order":0,"comment_status":"closed","ping_status":"closed","template":"page-sidemenu","meta":{"_acf_changed":false,"_relevanssi_hide_post":"","_relevanssi_hide_content":"","_relevanssi_pin_for_all":"","_relevanssi_pin_keywords":"","_relevanssi_unpin_keywords":"","_relevanssi_related_keywords":"","_relevanssi_related_include_ids":"","_relevanssi_related_exclude_ids":"","_relevanssi_related_no_append":"","_relevanssi_related_not_related":"","_relevanssi_related_posts":"","_relevanssi_noindex_reason":"","footnotes":""},"page_category":[238],"page_tag":[],"class_list":["post-18088","page","type-page","status-publish","hentry"],"acf":[],"_links":{"self":[{"href":"https:\/\/o-seznam.cz\/kariera\/wp-json\/wp\/v2\/pages\/18088","targetHints":{"allow":["GET"]}}],"collection":[{"href":"https:\/\/o-seznam.cz\/kariera\/wp-json\/wp\/v2\/pages"}],"about":[{"href":"https:\/\/o-seznam.cz\/kariera\/wp-json\/wp\/v2\/types\/page"}],"author":[{"embeddable":true,"href":"https:\/\/o-seznam.cz\/kariera\/wp-json\/wp\/v2\/users\/2"}],"replies":[{"embeddable":true,"href":"https:\/\/o-seznam.cz\/kariera\/wp-json\/wp\/v2\/comments?post=18088"}],"version-history":[{"count":11,"href":"https:\/\/o-seznam.cz\/kariera\/wp-json\/wp\/v2\/pages\/18088\/revisions"}],"predecessor-version":[{"id":20067,"href":"https:\/\/o-seznam.cz\/kariera\/wp-json\/wp\/v2\/pages\/18088\/revisions\/20067"}],"up":[{"embeddable":true,"href":"https:\/\/o-seznam.cz\/kariera\/wp-json\/wp\/v2\/pages\/13801"}],"wp:attachment":[{"href":"https:\/\/o-seznam.cz\/kariera\/wp-json\/wp\/v2\/media?parent=18088"}],"wp:term":[{"taxonomy":"page_category","embeddable":true,"href":"https:\/\/o-seznam.cz\/kariera\/wp-json\/wp\/v2\/page_category?post=18088"},{"taxonomy":"page_tag","embeddable":true,"href":"https:\/\/o-seznam.cz\/kariera\/wp-json\/wp\/v2\/page_tag?post=18088"}],"curies":[{"name":"wp","href":"https:\/\/api.w.org\/{rel}","templated":true}]}}